{"id":691,"date":"2021-04-24T14:19:48","date_gmt":"2021-04-24T14:19:48","guid":{"rendered":"http:\/\/kodlyoko.pl\/?page_id=691"},"modified":"2021-04-24T14:20:15","modified_gmt":"2021-04-24T14:20:15","slug":"sektor-gorski","status":"publish","type":"page","link":"https:\/\/kodlyoko.pl\/index.php\/kod-lyoko\/lyoko\/sektor-gorski\/","title":{"rendered":"Sektor G\u00f3rski"},"content":{"rendered":"\n<p><strong><strong>Opis :<\/strong><\/strong><\/p>\n\n\n\n<div style=\"height:10px\" aria-hidden=\"true\" class=\"wp-block-spacer\"><\/div>\n\n\n\n<p>Ten sektor charakteryzuje si\u0119 kolorem fioletowym. Wyst\u0119puj\u0105 tu wszystkie ska\u0142y tego koloru. W kilku miejscach rosn\u0105 drzewa. S\u0105 tu tunele, mn\u00f3stwo \u015bcie\u017cek. W pierwsze serii wyst\u0119puje ca\u0142y czas mg\u0142a poni\u017cej platform, lecz od 2 serii mg\u0142a jest ju\u017c wywo\u0142ywana jako atak Xany.<\/p>\n\n\n\n<div style=\"height:10px\" aria-hidden=\"true\" class=\"wp-block-spacer\"><\/div>\n\n\n\n<p><strong><strong>Odcinki, w kt\u00f3rych pojawi\u0142 si\u0119 sektor g\u00f3rski<\/strong><\/strong><\/p>\n\n\n\n<div style=\"height:10px\" aria-hidden=\"true\" class=\"wp-block-spacer\"><\/div>\n\n\n\n<p><strong><strong>Prequele :<\/strong><\/strong><\/p>\n\n\n\n<div style=\"height:10px\" aria-hidden=\"true\" class=\"wp-block-spacer\"><\/div>\n\n\n\n<p>Xana si\u0119 budzi &#8211; cz\u0119\u015b\u0107 1<br>Xana si\u0119 budzi &#8211; cz\u0119\u015b\u0107 2<\/p>\n\n\n\n<div style=\"height:10px\" aria-hidden=\"true\" class=\"wp-block-spacer\"><\/div>\n\n\n\n<p><strong><strong>Seria 1 :<\/strong><\/strong><\/p>\n\n\n\n<p>10. Dziewczyna z marze\u0144<br>15. Atak \u015bmiechu<br>16. Klaustrofobia<br>18. Mordercza muzyka<br>19. k\u0142amstwa<br>20. Roboty<br>21. Zero grawitacji<br>23. Impreza<br>24. R\u00f3wnoleg\u0142a rzeczywisto\u015b\u0107<\/p>\n\n\n\n<div style=\"height:10px\" aria-hidden=\"true\" class=\"wp-block-spacer\"><\/div>\n\n\n\n<p><strong><strong>Seria 2 :<\/strong><\/strong><\/p>\n\n\n\n<p>30. Wspania\u0142y dzie\u0144<br>38. Pokusa<br>39. Z\u0142e zagranie<br>45. Zimna wojna<br>47. Deja vu<br>51. Odkrycie<br>52. Klucze<\/p>\n\n\n\n<div style=\"height:10px\" aria-hidden=\"true\" class=\"wp-block-spacer\"><\/div>\n\n\n\n<p><strong><strong>Seria 3 :<\/strong><\/strong><\/p>\n\n\n\n<p>55. Fala przyp\u0142ywu<br>56. Fa\u0142szywy trop<br>57. Aelita<br>61. Sabota\u017c<br>62. Bezcielesno\u015b\u0107<br>63. Potr\u00f3jny k\u0142opot<br>64. Podw\u00f3jny k\u0142opot<\/p>\n\n\n\n<div style=\"height:10px\" aria-hidden=\"true\" class=\"wp-block-spacer\"><\/div>\n\n\n\n<p><strong><strong>Seria 4 :<\/strong><\/strong><\/p>\n\n\n\n<p>72. Kurs komputerowy<br>80. Pieskie popo\u0142udnie<br>85. Fatalne zauroczenie<br>89. Muzyka \u0142agodzi obyczaje<br>91. Dziwne po\u0142\u0105czenia<br>94. Walka a\u017c do ko\u0144ca<\/p>\n\n\n\n<div style=\"height:10px\" aria-hidden=\"true\" class=\"wp-block-spacer\"><\/div>\n\n\n\n<p><strong><strong>Ewolucja<\/strong><\/strong><\/p>\n\n\n\n<p>5. Rywalizacja<br>11. Spotkanie<br>12. Chaos w Kadic<br>15. Bez kod\u00f3w<\/p>\n\n\n\n<div style=\"height:10px\" aria-hidden=\"true\" class=\"wp-block-spacer\"><\/div>\n\n\n\n<p><strong><strong>Wa\u017cne wydarzenia zwi\u0105zane z sektorem g\u00f3rskim<\/strong><\/strong><\/p>\n\n\n\n<div style=\"height:10px\" aria-hidden=\"true\" class=\"wp-block-spacer\"><\/div>\n\n\n\n<ul class=\"wp-block-list\"><li>Jeremie po raz pierwszy aktywowa\u0142 swoj\u0105 wie\u017c\u0119.<\/li><li>Zosta\u0142 odkodowany Pami\u0119tnik Franza Hoppera.<\/li><li>Xana zala\u0142 sektor cyfrowym morzem.<\/li><li>Odd po raz pierwszy i ostatni u\u017cy\u0142 mocy teleportacji.<\/li><\/ul>\n\n\n\n<div style=\"height:10px\" aria-hidden=\"true\" class=\"wp-block-spacer\"><\/div>\n\n\n\n<p><strong><strong>Informacje i zdj\u0119cia pochodz\u0105 ze strony codelyoko.fr<\/strong><\/strong><\/p>\n\n\n\n<div style=\"height:10px\" aria-hidden=\"true\" class=\"wp-block-spacer\"><\/div>\n\n\n\n<div class=\"wp-block-image\"><figure class=\"alignleft size-large\"><img decoding=\"async\" src=\"http:\/\/img.codelyoko.fr\/upload\/files\/1236548986_127.jpg\" alt=\"\"\/><\/figure><\/div>\n\n\n\n<div class=\"wp-block-image\"><figure class=\"alignleft size-large\"><img decoding=\"async\" src=\"http:\/\/img.codelyoko.fr\/lieux\/montagne_A.jpg\" alt=\"\"\/><\/figure><\/div>\n\n\n\n<div class=\"wp-block-image\"><figure class=\"alignleft size-large\"><img decoding=\"async\" src=\"http:\/\/img.codelyoko.fr\/lieux\/montagne_D.jpg\" alt=\"\"\/><\/figure><\/div>\n\n\n\n<div class=\"wp-block-image\"><figure class=\"alignleft size-large\"><img decoding=\"async\" src=\"http:\/\/img.codelyoko.fr\/lieux\/montagne_ext_terr.jpg\" alt=\"\"\/><\/figure><\/div>\n","protected":false},"excerpt":{"rendered":"<p>Opis : Ten sektor charakteryzuje si\u0119 kolorem fioletowym. Wyst\u0119puj\u0105 tu wszystkie ska\u0142y tego koloru. W kilku miejscach rosn\u0105 drzewa. S\u0105 tu tunele, mn\u00f3stwo \u015bcie\u017cek. W pierwsze serii wyst\u0119puje ca\u0142y czas mg\u0142a poni\u017cej platform, lecz od 2 serii mg\u0142a jest ju\u017c wywo\u0142ywana jako atak Xany. Odcinki, w kt\u00f3rych pojawi\u0142 si\u0119 sektor g\u00f3rski Prequele : Xana si\u0119 &hellip;<br \/><a href=\"https:\/\/kodlyoko.pl\/index.php\/kod-lyoko\/lyoko\/sektor-gorski\/\" class=\"more-link pen_button pen_element_default pen_icon_arrow_double\">Read more<\/a><\/p>\n","protected":false},"author":5,"featured_media":0,"parent":673,"menu_order":0,"comment_status":"open","ping_status":"closed","template":"","meta":{"footnotes":""},"categories":[23],"tags":[],"class_list":["post-691","page","type-page","status-publish","hentry","category-menu-kod-lyoko"],"_links":{"self":[{"href":"https:\/\/kodlyoko.pl\/index.php\/wp-json\/wp\/v2\/pages\/691","targetHints":{"allow":["GET"]}}],"collection":[{"href":"https:\/\/kodlyoko.pl\/index.php\/wp-json\/wp\/v2\/pages"}],"about":[{"href":"https:\/\/kodlyoko.pl\/index.php\/wp-json\/wp\/v2\/types\/page"}],"author":[{"embeddable":true,"href":"https:\/\/kodlyoko.pl\/index.php\/wp-json\/wp\/v2\/users\/5"}],"replies":[{"embeddable":true,"href":"https:\/\/kodlyoko.pl\/index.php\/wp-json\/wp\/v2\/comments?post=691"}],"version-history":[{"count":1,"href":"https:\/\/kodlyoko.pl\/index.php\/wp-json\/wp\/v2\/pages\/691\/revisions"}],"predecessor-version":[{"id":706,"href":"https:\/\/kodlyoko.pl\/index.php\/wp-json\/wp\/v2\/pages\/691\/revisions\/706"}],"up":[{"embeddable":true,"href":"https:\/\/kodlyoko.pl\/index.php\/wp-json\/wp\/v2\/pages\/673"}],"wp:attachment":[{"href":"https:\/\/kodlyoko.pl\/index.php\/wp-json\/wp\/v2\/media?parent=691"}],"wp:term":[{"taxonomy":"category","embeddable":true,"href":"https:\/\/kodlyoko.pl\/index.php\/wp-json\/wp\/v2\/categories?post=691"},{"taxonomy":"post_tag","embeddable":true,"href":"https:\/\/kodlyoko.pl\/index.php\/wp-json\/wp\/v2\/tags?post=691"}],"curies":[{"name":"wp","href":"https:\/\/api.w.org\/{rel}","templated":true}]}}