{"id":555,"date":"2021-04-19T21:19:28","date_gmt":"2021-04-19T19:19:28","guid":{"rendered":"http:\/\/kodlyoko.pl\/?page_id=555"},"modified":"2021-05-03T20:51:04","modified_gmt":"2021-05-03T18:51:04","slug":"1-jeremie-nigdy-nie-odkrywa-superkomputera","status":"publish","type":"page","link":"https:\/\/kodlyoko.pl\/index.php\/artykuly\/tworczosc-niekonwencjonalna\/rownolegle-rzeczywistosci\/1-jeremie-nigdy-nie-odkrywa-superkomputera\/","title":{"rendered":"1. Jeremie nigdy nie odkrywa Superkomputera"},"content":{"rendered":"\n<p class=\"has-drop-cap\">Jeremie odnajduje Superkomputer ju\u017c na samym pocz\u0105tku prequela Kodu Lyoko. To w\u0142a\u015bnie to zdarzenie by\u0142o pocz\u0105tkiem \u0142a\u0144cucha, kt\u00f3ry doprowadzi\u0142 do powstania paczki w znanym nam sk\u0142adzie; pora\u017cony pr\u0105dem Jeremie wyjawi\u0142 tajemnic\u0119 Ulrichowi, kt\u00f3ry p\u00f3\u017aniej przypadkowo wci\u0105gn\u0105\u0142 w spraw\u0119 r\u00f3wnie\u017c Odda i Yumi. Ale czy zastanawiali\u015bcie si\u0119 kiedy\u015b, co by by\u0142o, gdyby Einstein nigdy nie dosta\u0142 si\u0119 do ni\u017cszych poziom\u00f3w Fabryki i nie odkry\u0142by dzie\u0142a Franza Hoppera? Jak w takim wypadku potoczy\u0142yby si\u0119 losy poszczeg\u00f3lnych Wojownik\u00f3w?<\/p>\n\n\n\n<p>Nasze rozwa\u017cania zacznijmy w\u0142a\u015bnie od m\u0142odego geniusza, gdy\u017c jego los jest naj\u0142atwiejszy do przewidzenia. Jeremie nigdy nie zaprzyja\u017ani\u0142by si\u0119 z reszt\u0105 bohater\u00f3w; przed rozpocz\u0119ciem przygody z Lyoko by\u0142 przecie\u017c samotnikiem, wi\u0119c bez odpowiedniego impulsu nic w tej sprawie by si\u0119 nie zmieni\u0142o. Przez par\u0119 pierwszych miesi\u0119cy \u00f3smej klasy pozosta\u0142by w Kadic, gdzie wci\u0105\u017c by\u0142by najzdolniejszym uczniem, jednak nie zabawi\u0142by tam zbyt d\u0142ugo. Pewnego dnia, tak jak w oryginalnej wersji historii (odcinek 11 \u201ePlaga\u201d), na polecenie dyrektora Delmasa zosta\u0142by poddany testom na inteligencj\u0119. Wyniki jednoznacznie wskaza\u0142yby, \u017ce ch\u0142opak ca\u0142kowicie spe\u0142nia wymagania szko\u0142y dla wybitnie uzdolnionych. Poniewa\u017c nie by\u0142oby niczego, co specjalnie trzyma\u0142oby go w Kadic, Jeremie zaakceptowa\u0142by ofert\u0119 i opu\u015bci\u0142by Pary\u017c. Nie spos\u00f3b jednak przewidzie\u0107, co dok\u0142adnie sta\u0142oby si\u0119 z nim dalej, cho\u0107 jestem przekonany, \u017ce nawet bez dost\u0119pu do komputera kwantowego m\u00f3g\u0142by dokona\u0107 wielkich rzeczy.<\/p>\n\n\n\n<p>Aelita mia\u0142aby znacznie mniej szcz\u0119\u015bcia; Superkomputer prawdopodobnie jeszcze przez d\u0142ugi czas pozostawa\u0142by nieodnaleziony. Pokusi\u0142bym si\u0119 nawet o stwierdzenie, \u017ce zosta\u0142by odkryty dopiero podczas rozbi\u00f3rki Fabryki (o ile w og\u00f3le kto\u015b by go odnalaz\u0142), do kt\u00f3rej pr\u0119dzej czy p\u00f3\u017aniej musia\u0142o przecie\u017c doj\u015b\u0107. Przy takim biegu wydarze\u0144 dzie\u0142o Franza Hoppera najprawdopodobniej trafi\u0142oby w r\u0119ce w\u0142adz i zosta\u0142o poddane dok\u0142adnej analizie. Pr\u0119dzej czy p\u00f3\u017aniej naukowcy (kto wie, mo\u017ce w\u015br\u00f3d nich by\u0142by r\u00f3wnie\u017c doros\u0142y ju\u017c Jeremie?) zdecydowaliby si\u0119 na uruchomienie maszyny i odkryliby obecno\u015b\u0107 zar\u00f3wno Aelity, jak i Xany. Uczeni w tym momencie mieliby przed sob\u0105 bardzo trudn\u0105 decyzj\u0119 do podj\u0119cia \u2013 z jednej strony nie chcieliby ryzykowa\u0107 bezpiecze\u0144stwa \u015bwiata i rozwa\u017caliby wy\u0142\u0105czenie Superkomputera, ale z drugiej mo\u017cliwo\u015b\u0107 odkrywania tajemnic dzia\u0142ania komputera kwantowego, niezwykle zaawansowanej sztucznej inteligencji oraz procesu wirtualizacji by\u0142aby dla nich niesamowicie kusz\u0105c\u0105 perspektyw\u0105. Osobi\u015bcie uwa\u017cam, \u017ce pokusa okaza\u0142aby si\u0119 zbyt wielka i badania by\u0142yby kontynuowane, cho\u0107 nie potrafi\u0119 przewidzie\u0107, co dok\u0142adnie sta\u0142oby si\u0119 z r\u00f3\u017cowow\u0142os\u0105. Je\u017celi wirusowi nie uda\u0142oby si\u0119 przechytrzy\u0107 badaczy, to Francja na wiele lat sta\u0142aby si\u0119 \u015bwiatowym supermocarstwem, kt\u00f3re prawdopodobnie by\u0142oby w stanie bez trudu podbi\u0107 ca\u0142\u0105 ziemi\u0119.<\/p>\n\n\n\n<p>Odd i Ulrich, b\u0119d\u0105cy wsp\u00f3\u0142lokatorami, zostaliby dobrymi kumplami i sp\u0119dzaliby ze sob\u0105 sporo czasu. Uzupe\u0142nieniem tej ma\u0142ej grupy, przynajmniej na pocz\u0105tku, by\u0142by nie kto inny, ni\u017c Elisabeth \u201eSissi\u201d Delmas. Mo\u017ce si\u0119 to dla Was wyda\u0107 nieprawdopodobne, dlatego \u015bpiesz\u0119 z wyja\u015bnieniami: w oryginalnej wersji wydarze\u0144 c\u00f3rka dyrektora sta\u0142a si\u0119 wrogiem Wojownik\u00f3w, gdy\u017c wyjawi\u0142a tajemnic\u0119 Superkomputerze swojemu ojcu; wcze\u015bniej jednak zar\u00f3wno W\u0142och, jak i Niemiec akceptowali jej obecno\u015b\u0107, nawet je\u015bli \u017caden z nich szczeg\u00f3lnie za ni\u0105 nie przepada\u0142. Mo\u017cemy zatem \u015bmia\u0142o za\u0142o\u017cy\u0107, \u017ce r\u00f3wnie\u017c i w tej linii czasowej \u017caden z nich nie sp\u0142awi\u0142by jej bez \u017cadnego konkretnego powodu. Taki stan rzeczy nie potrwa\u0142by jednak za d\u0142ugo, a wszystkiemu winna by\u0142aby chorobliwa zazdro\u015b\u0107 dziewczyny o m\u0142odego Sterna.<\/p>\n\n\n\n<p>Yumi i Ulrich bowiem nadal ucz\u0119szczaliby na wsp\u00f3lne treningi pod okiem Jima i podczas tych spotka\u0144 poznaliby si\u0119 lepiej, a z czasem zbli\u017cyliby si\u0119 do siebie. Chocia\u017c nie widywaliby si\u0119 tak cz\u0119sto, jak mia\u0142o to miejsce w kresk\u00f3wce, mog\u0142oby im to wyj\u015b\u0107 na dobre \u2013 Niemiec nigdy nie my\u015bla\u0142by o Japonce jak o przyjaci\u00f3\u0142ce, wi\u0119c zaproszenie jej na randk\u0119 nie by\u0142oby dla niego a\u017c tak bardzo k\u0142opotliwe. Impulsem do takiego przejawu odwagi sta\u0142oby si\u0119 zachowanie c\u00f3rki dyrektora, kt\u00f3ra robi\u0142aby absolutnie wszystko, by odwie\u015b\u0107 jego uwag\u0119 od Japonki i za kt\u00f3rym\u015b razem po prostu by przesadzi\u0142a. Kto wie, by\u0107 mo\u017ce pewn\u0105 rol\u0119 odegra\u0142by w tym pewien pami\u0119tnik? Po wyrzuceniu z paczki Sissi jeszcze przez jaki\u015b czas pr\u00f3bowa\u0142aby do niej wr\u00f3ci\u0107, ale zrezygnowa\u0142aby po ujrzeniu, \u017ce Ulrich i Yumi zostali par\u0105. Koniec ko\u0144c\u00f3w, nowym towarzyszem dziewczyny sta\u0142by si\u0119 Theo Gauthier.<\/p>\n\n\n\n<p>Zaraz, zaraz. Z Theo? A co z Herve\u2019m i Nicolasem? No c\u00f3\u017c, m\u0142ody Pichon oczywi\u015bcie z pocz\u0105tku by\u0142by zauroczony pann\u0105 Delmas i pr\u00f3bowa\u0142by wkupi\u0107 si\u0119 w jej \u0142aski, ale bez powodzenia; Sissi w tym czasie by\u0142aby jeszcze cz\u0119\u015bci\u0105 grupy naszych protagonist\u00f3w, dlatego nie by\u0142aby zainteresowana towarzystwem obu ch\u0142opak\u00f3w i nie raz sp\u0142awia\u0142aby ich w niezbyt mi\u0142y spos\u00f3b. Co prawda nie zniech\u0119ca\u0142oby to Herve\u2019a, ale Nicolas nie by\u0142by zachwycony takim traktowaniem i naciska\u0142by na przyjaciela, by zaprzesta\u0142 swoich stara\u0144; ten ostatecznie uleg\u0142by jego namowom i przesta\u0142by ubiega\u0107 si\u0119 o wzgl\u0119dy c\u00f3rki dyrektora.<\/p>\n\n\n\n<p>Na koniec warto jeszcze zastanowi\u0107 si\u0119, co sta\u0142oby si\u0119 z Williamem. W tym przypadku du\u017co zale\u017ca\u0142oby od tego, czy zwi\u0105zek Ulricha i Yumi wytrzyma\u0142by pr\u00f3b\u0119 czasu. Je\u017celi tak, to Dunbar najpewniej nie ingerowa\u0142by w ich sprawy i po jakim\u015b czasie odnalaz\u0142by jaki\u015b inny obiekt westchnie\u0144. Gdyby jednak okaza\u0142o si\u0119, \u017ce Japonka z jakiego\u015b powodu zerwa\u0142a ze swoim ch\u0142opakiem, prawdopodobnie uda\u0142oby mu si\u0119 przekona\u0107 dziewczyn\u0119, by ta da\u0142a mu szans\u0119. Czy uda\u0142oby mu si\u0119 j\u0105 wykorzysta\u0107 pozostawi\u0119 ju\u017c Waszej ocenie.<\/p>\n\n\n\n<p>Mam nadziej\u0119, \u017ce spodoba\u0142y Wam si\u0119 moje rozwa\u017cania. Oczywi\u015bcie wszystkie te dywagacje s\u0105 jedynie moj\u0105 subiektywn\u0105 opini\u0105 &#8211; je\u017celi uwa\u017cacie, \u017ce nie mam racji i losy bohater\u00f3w potoczy\u0142yby si\u0119 zupe\u0142nie inaczej, to z ch\u0119ci\u0105 wys\u0142ucham waszego zdania (temat do dyskusji znajdziecie tutaj:&nbsp;<a href=\"http:\/\/stolowkakadic.cal24.pl\/forum\/index.php\" target=\"_blank\" rel=\"noreferrer noopener\">http:\/\/stolowkakadic.cal24.pl\/forum\/index.php<\/a>). Czekam r\u00f3wnie\u017c na wszelkie rady, kt\u00f3re pomog\u0142yby ulepszy\u0107 t\u0119 seri\u0119. Je\u017celi przychodz\u0105 wam do g\u0142owy jakie\u015b scenariusze, kt\u00f3re warto by\u0142oby om\u00f3wi\u0107, to nie omieszkajcie zamie\u015bci\u0107 ich w komentarzach; o najciekawszych z nich postaram si\u0119 napisa\u0107 osobne artyku\u0142y.<\/p>\n\n\n\n<p class=\"has-text-align-right\"><em>Autor: Mayakovsky<\/em><\/p>\n","protected":false},"excerpt":{"rendered":"<p>Jeremie odnajduje Superkomputer ju\u017c na samym pocz\u0105tku prequela Kodu Lyoko. To w\u0142a\u015bnie to zdarzenie by\u0142o pocz\u0105tkiem \u0142a\u0144cucha, kt\u00f3ry doprowadzi\u0142 do powstania paczki w znanym nam sk\u0142adzie; pora\u017cony pr\u0105dem Jeremie wyjawi\u0142 tajemnic\u0119 Ulrichowi, kt\u00f3ry p\u00f3\u017aniej przypadkowo wci\u0105gn\u0105\u0142 w spraw\u0119 r\u00f3wnie\u017c Odda i Yumi. Ale czy zastanawiali\u015bcie si\u0119 kiedy\u015b, co by by\u0142o, gdyby Einstein nigdy nie dosta\u0142 &hellip;<br \/><a href=\"https:\/\/kodlyoko.pl\/index.php\/artykuly\/tworczosc-niekonwencjonalna\/rownolegle-rzeczywistosci\/1-jeremie-nigdy-nie-odkrywa-superkomputera\/\" class=\"more-link pen_button pen_element_default pen_icon_arrow_double\">Read more<\/a><\/p>\n","protected":false},"author":2,"featured_media":0,"parent":553,"menu_order":0,"comment_status":"open","ping_status":"closed","template":"","meta":{"footnotes":""},"categories":[38],"tags":[],"class_list":["post-555","page","type-page","status-publish","hentry","category-artykuly-rownolegle-rzeczywistosci"],"_links":{"self":[{"href":"https:\/\/kodlyoko.pl\/index.php\/wp-json\/wp\/v2\/pages\/555","targetHints":{"allow":["GET"]}}],"collection":[{"href":"https:\/\/kodlyoko.pl\/index.php\/wp-json\/wp\/v2\/pages"}],"about":[{"href":"https:\/\/kodlyoko.pl\/index.php\/wp-json\/wp\/v2\/types\/page"}],"author":[{"embeddable":true,"href":"https:\/\/kodlyoko.pl\/index.php\/wp-json\/wp\/v2\/users\/2"}],"replies":[{"embeddable":true,"href":"https:\/\/kodlyoko.pl\/index.php\/wp-json\/wp\/v2\/comments?post=555"}],"version-history":[{"count":1,"href":"https:\/\/kodlyoko.pl\/index.php\/wp-json\/wp\/v2\/pages\/555\/revisions"}],"predecessor-version":[{"id":556,"href":"https:\/\/kodlyoko.pl\/index.php\/wp-json\/wp\/v2\/pages\/555\/revisions\/556"}],"up":[{"embeddable":true,"href":"https:\/\/kodlyoko.pl\/index.php\/wp-json\/wp\/v2\/pages\/553"}],"wp:attachment":[{"href":"https:\/\/kodlyoko.pl\/index.php\/wp-json\/wp\/v2\/media?parent=555"}],"wp:term":[{"taxonomy":"category","embeddable":true,"href":"https:\/\/kodlyoko.pl\/index.php\/wp-json\/wp\/v2\/categories?post=555"},{"taxonomy":"post_tag","embeddable":true,"href":"https:\/\/kodlyoko.pl\/index.php\/wp-json\/wp\/v2\/tags?post=555"}],"curies":[{"name":"wp","href":"https:\/\/api.w.org\/{rel}","templated":true}]}}