{"id":502,"date":"2021-04-18T15:18:18","date_gmt":"2021-04-18T15:18:18","guid":{"rendered":"http:\/\/kodlyoko.pl\/?page_id=502"},"modified":"2021-04-18T15:18:19","modified_gmt":"2021-04-18T15:18:19","slug":"rozdzial-1","status":"publish","type":"page","link":"https:\/\/kodlyoko.pl\/index.php\/artykuly\/tworczosc-niekonwencjonalna\/arena\/opowiadania-arenowe\/uniwersum-aren-poszukiwanie\/rozdzial-1\/","title":{"rendered":"Rozdzia\u0142 1"},"content":{"rendered":"\n<p class=\"has-drop-cap\">Jacht ko\u0142ysa\u0142 si\u0119 prawie niewyczuwalnie na cyfrowych falach. Sklepienie, imituj\u0105ce nocne niebo znad Australii, \u015bwieci\u0142o miliardem gwiazd, zabarwione na tysi\u0105ce kolor\u00f3w. Nadwodne szlaki cyfrowego morza by\u0142y zazwyczaj opustosza\u0142e, jednak na horyzoncie majaczy\u0142 si\u0119 inny okr\u0119t, p\u0142yn\u0105cy w przeciwnym kierunku. Pozorny spok\u00f3j. Jednak w cyfrowym powietrzu da\u0142o si\u0119 wyczu\u0107 co\u015b. Napi\u0119cie. Jacht p\u0142yn\u0105\u0142 szybko. W nieosi\u0105galnym w realnym \u015bwiecie tempie.<br>Seriz westchn\u0105\u0142, zeskakuj\u0105c z platformy widokowej i wy\u0142\u0105czy\u0142 wgrany w awatara filtr \u015bwiate\u0142. Lampy jachtu b\u0142ysn\u0119\u0142y mu po oczach i potrzebowa\u0142 chwili, \u017ceby si\u0119 przyzwyczai\u0107. Zosta\u0142 zaproszony wielk\u0105 kwot\u0105 pieni\u0119dzy, bez \u017cadnych wyja\u015bnie\u0144. Nie do ko\u0144ca wiedzia\u0142, czego mo\u017ce si\u0119 spodziewa\u0107. Po kilku godzinach bez wyja\u015bnie\u0144 uzna\u0142, \u017ce powinien sam p\u00f3j\u015b\u0107 do w\u0142a\u015bciciela jachtu, Ilgarda Willsona i poprosi\u0107 o wyja\u015bnienia. Znali si\u0119 niegdy\u015b wi\u0119c liczy\u0142, \u017ce jest to co\u015b godnego uwagi.<br>&nbsp;Zszed\u0142 pod pok\u0142ad, kieruj\u0105c si\u0119 w stron\u0119 kwater w\u0142a\u015bciciela. Id\u0105c sterylnie pustymi korytarzami, nuci\u0142 co\u015b pod nosem. Nie musia\u0142 d\u0142ugo szuka\u0107. Zgodnie z podejrzeniem, Willsona zasta\u0142 w jacuzzi, w wielkim, bia\u0142ym pomieszczeniu na ty\u0142ach statku. M\u0119\u017cczyzna, widz\u0105c Seriza, kaza\u0142 pracownikom odej\u015b\u0107.<br>\u2013 Nie musia\u0142e\u015b \u2013 prychn\u0105\u0142 ch\u0142opak, gdy zostali sami. W\u0142a\u015bciciel u\u015bmiechn\u0105\u0142 si\u0119.<br>\u2013 Wol\u0119 rozmawia\u0107 bez \u015bwiadk\u00f3w. Sam wiesz, \u017ce zag\u0142uszenia nie dzia\u0142aj\u0105 bez zarzutu. Wydaje mi si\u0119, \u017ce sam jeste\u015b w stanie je obej\u015b\u0107.<br>\u2013 S\u0105 do tego programy \u2013 Seriz wzruszy\u0142 ramionami i usiad\u0142 na pod\u0142odze na przeciwko. \u2013 Czy dowiem si\u0119 w ko\u0144cu, jaki jest cel mojej wizyty?<br>\u2013 Oczywi\u015bcie.<br>W\u0142a\u015bciciel machn\u0105\u0142 r\u0119k\u0105. Cho\u0107 w realnym \u015bwiecie by\u0142 to raczej gest zbywania rozm\u00f3wcy, w tej samej chwili Seriz otrzyma\u0142 wiadomo\u015b\u0107. Nie drgn\u0105\u0142 nawet.<br>\u2013 Nie przeczytasz?<br>\u2013 Ju\u017c przeczyta\u0142em \u2013 odpar\u0142 ch\u0142opak. Nie by\u0142a to do ko\u0144ca prawda. Przeczyta\u0107 mia\u0142 Tes, dopiero p\u00f3\u017aniej informacja mia\u0142a wp\u0142yn\u0105\u0107 do pami\u0119ci Seriza. W ludzkim mniemaniu&#8230; W\u0142a\u015bciwie wymawiaj\u0105c te s\u0142owa, ju\u017c wiedzia\u0142, o czym jest wiadomo\u015b\u0107.<br>Nie otrzyma\u0142 \u017cadnych informacji, dok\u0105d zmierzaj\u0105, ani co maj\u0105 robi\u0107. Powstrzyma\u0142 si\u0119 przed u\u015bmiechem, przyjmuj\u0105c do wiadomo\u015bci, \u017ce je\u015bli wyprawa, jakkolwiek mia\u0142a przebiec, si\u0119 sko\u0144czy &#8211; dostanie dodatkow\u0105 kwot\u0119 i informacje, o kt\u00f3re poprosi. Najwyra\u017aniej Willson wiedzia\u0142, \u017ce to ich Seriz teraz poszukuje. Informacji o Xanie i pierwszych wirtualnych \u015bwiatach. O oryginalnym Lyoko, Korze&#8230; I mo\u017ce nawet prawdziwej Kartaginie?<br>Ale czemu wci\u0105\u017c nie pisa\u0142 o zadaniu?<br>\u2013 A wi\u0119c to prawda, \u017ce nie jeste\u015b cz\u0142owiekiem? \u2013 zgad\u0142 w\u0142a\u015bciciel z u\u015bmiechem. S\u0142ysza\u0142, \u017ce Seriz &#8211; ten, kt\u00f3rego zna\u0142, znikn\u0105\u0142 podobno ze \u015bwiata i zast\u0105pi\u0142 go program.<br>Nietrafna informacja, ale otwieraj\u0105ca ciekawe furtki. Seriz nigdy by nie pomy\u015bla\u0142, \u017ce przez dwa miesi\u0105ce pozna takie zak\u0105tki cyfro\u015bwiata, o jakich nawet mu si\u0119 nie \u015bni\u0142o.<br>\u2013 Ma to znaczenie? \u2013 zapyta\u0142 tylko. Oczywi\u015bcie, \u017ce mia\u0142o. Budowa\u0142o jego legend\u0119 o wiele szybciej, ni\u017c dawne aktywno\u015bci.<br>\u2013 Nie, sk\u0105d \u2013 m\u0119\u017cczyzna pokr\u0119ci\u0142 g\u0142ow\u0105.<br>\u2013 Do rzeczy. O co chodzi?<br>W\u0142a\u015bciciel westchn\u0105\u0142. Powoli wyszed\u0142 z wody, gestem zmieniaj\u0105c str\u00f3j na bardziej formalny. Klikn\u0105\u0142 co\u015b jeszcze i, po chwili, w miejscu wanny stan\u0119\u0142y dwa fotele.<br>\u2013 Prosz\u0119.<br>Usiedli. Najpierw on, leniwie, uk\u0142adaj\u0105c si\u0119 przez moment w fotelu. P\u00f3\u017aniej Seriz, lekko, na skraju, nawet nie zwracaj\u0105c na to uwagi. Zwr\u00f3ci\u0142 za to uwag\u0119 na kolorystyk\u0119. Dwa u\u017cyte tu kolory nie istnia\u0142y w realnym \u015bwiecie. A przynajmniej nie by\u0142y zauwa\u017calne dla ludzkiego oka. Tes pr\u00f3bowa\u0142 podpowiedzie\u0107 ich nazwy, jednak Seriz odrzuci\u0142 t\u0105 my\u015bl, chc\u0105c skupi\u0107 si\u0119 na rozmowie.<br>\u2013 Na pocz\u0105tek zapytam \u2013 odezwa\u0142 si\u0119 w\u0142a\u015bciciel, wirtualizuj\u0105c przy fotelach stoliki i kieliszki nape\u0142nione szampanem \u2013 masz jakie\u015b podejrzenia?<br>Seriz u\u015bmiechn\u0105\u0142 si\u0119 nieznacznie.<br>\u2013 Kwota by\u0142a wysoka. Du\u017ce ryzyko lub d\u0142ugi czas wykonania. Zaproszenie na jacht, fakt, \u017ce nie p\u0142yniemy przez cyfrowe morze, tylko po nim. Bardzo szybko \u2013 podkre\u015bli\u0142. \u2013 Polujemy na kogo\u015b lub na co\u015b. Jeszcze miesi\u0105c temu od razu obstawi\u0142bym jeden z legendarnych sektor\u00f3w. Xan Guldur, czy inne takie. Ale nie zmieniamy kursu. Cel albo p\u0142ynie przed nami, tym samym szlakiem, albo znajduje si\u0119 w odleg\u0142ym miejscu, do kt\u00f3rego dostaniemy si\u0119 tylko w ten spos\u00f3b. Szuka pan Atlantydy, panie Willson? \u2013 zakpi\u0142.<br>\u2013 C\u00f3\u017c, zale\u017cy, co okre\u015blamy mianem Atlantydy. \u2013 odpar\u0142 w\u0142a\u015bciciel, popijaj\u0105c szampana. \u2013 W pewnym sensie zgad\u0142e\u015b, wspominaj\u0105c o legendarnych sektorach. W pewnych&#8230; kr\u0119gach kr\u0105\u017cy ostatnio plotka, \u017ce na morzu cyfrowym pojawi\u0142 si\u0119 w\u0142a\u015bnie taki sektor. Nie jest wpisany w \u017cadnym rejestrze. Nie przypomina nic, co do tej pory zosta\u0142o opisane. Chocia\u017c nie. Mo\u017ce wyra\u017c\u0119 si\u0119 inaczej. Facet, kt\u00f3ry to widzia\u0142&#8230; Okre\u015bli\u0142 to mianem Podniebnego Zamku. To jest film&#8230;<br>\u2013 Z lat &#8217;80. Znam go. Kto\u015b pokusi\u0142 si\u0119 o rekreacj\u0119 zamku w wirtualnym \u015bwiecie. S\u0105 prywatne sektory z ca\u0142ymi \u015bwiatami. Nie widz\u0119 w tym nic dziwnego. Poza tym, o ile to oczywi\u015bcie prawda, \u017ce nie jest zarejestrowany&#8230; \u2013 ch\u0142opak zastanowi\u0142 si\u0119 przez chwil\u0119. \u2013 Sektor si\u0119 nie porusza?<br>\u2013 Och, oczywi\u015bcie, \u017ce si\u0119 porusza. W tym tkwi ca\u0142y problem. Jak na razie pod\u0105\u017camy za wskaz\u00f3wkami, \u017ce tak to nazw\u0119, z materia\u0142u \u017ar\u00f3d\u0142owego. Poza tym- nie mamy nic.<br>\u2013 A koordynaty tego, kt\u00f3ry to widzia\u0142?<br>\u2013 Dop\u0142yniemy tam za kilka godzin. Ale by\u0142y ju\u017c kilkakrotnie sprawdzane. Nikt nic nie znalaz\u0142.<br>\u2013 Mo\u017ce \u0142atwiej b\u0119dzie znale\u017a\u0107 naszyjnik wskazuj\u0105cy drog\u0119 \u2013 rzuci\u0142 bez entuzjazmu Seriz.<br>\u2013 S\u0142ucham? \u2013 zdziwi\u0142 si\u0119 Willson. \u2013 A tak. Z filmu. C\u00f3\u017c, to by by\u0142o wielce pomocne, lecz my\u015bl\u0119, \u017ce taki gad\u017cet ma jedynie w\u0142a\u015bciciel. Wi\u0119c tu przydasz si\u0119 ty.<br>\u2013 Jako&#8230;?<br>\u2013 Jako tropiciel, nie-cz\u0142owiek i go\u015b\u0107 Xan Guldur.<br>\u2013 Sk\u0105d taka informacja? \u2013 Seriz przechyli\u0142 lekko g\u0142ow\u0119. Nie chwali\u0142 si\u0119 nikomu swoim pobytem w zamku R\u00f3\u017cana. Wola\u0142by na razie nawet go nie wspomina\u0107.<br>\u2013 Nie s\u0105dzi\u0142em, \u017ce zaprzeczysz \u2013 przyzna\u0142 si\u0119 Willson. \u2013 Mniejsza. By\u0142by\u015b w stanie wytropi\u0107 ten sektor?<br>Seriz nie odpowiedzia\u0142 od razu.<br>\u2013 To zale\u017cy. Po pierwsze &#8211; kiedy si\u0119 pojawi\u0142. Po drugie &#8211; ile os\u00f3b przep\u0142ywa\u0142o tamt\u0119dy od tamtego czasu. Po trzecie &#8211; czy ktokolwiek by\u0142 wtedy w sektorze&#8230; Po czwarte &#8211; czy to w og\u00f3le jest sektor.<br>\u2013 Co masz na my\u015bli?<br>\u2013 Ogromny statek powietrzny. Przez tyle lat nie s\u0142ysza\u0142o si\u0119 o wielu. Ale przecie\u017c statki podwodne wylatuj\u0105 z hangar\u00f3w i do nich wracaj\u0105. Mniejsze pojazdy unosz\u0105 si\u0119 nad ziemi\u0105. Wi\u0119c jest to mo\u017cliwe. Pytanie tylko, czy na tak\u0105 skal\u0119.<br>\u2013 Za\u0142\u00f3\u017cmy, \u017ce by\u0142by to statek. I co wtedy?<br>\u2013 Normalnie do superkomputer\u00f3w da si\u0119 wej\u015b\u0107, znaj\u0105c klucz. Klucz jest powi\u0105zany z adresem. Je\u015bli znasz klucz, znajdziesz miejsce, do kt\u00f3rego przynale\u017cy. Zwykle, stawiaj\u0105c nowe sektory, ludzie nie zdaj\u0105 sobie sprawy z klucza, przez co nie blokuj\u0105 do siebie dost\u0119pu. Je\u015bli zdajesz sobie z niego spraw\u0119, mo\u017cesz go zmieni\u0107. To powoduje przemieszczanie si\u0119 sektora. Losowo lub wed\u0142ug konkretnego systemu. Taki klucz te\u017c mo\u017cna wy\u015bledzi\u0107. Gdyby\u015b mia\u0142 podstawowy klucz do Xan Guldur, by\u0142by\u015b w stanie znale\u017a\u0107 fortec\u0119 bez \u017cadnych problem\u00f3w. Tak samo, je\u015bli pozyskaliby\u015bmy klucz Podniebnego Zamku- a tak mo\u017ce si\u0119 sta\u0107, je\u015bli dotrzemy w odpowiednie miejsce; znajdziemy go.<br>\u2013 Sugerujesz, \u017ce by\u0142by\u015b w stanie namierzy\u0107 Xan&#8230; \u2013 wy\u0142apa\u0142 Willson, lecz Seriz mu przerwa\u0142.<br>\u2013 Nie. Bo nie mam podstawowego klucza. Nie s\u0105dz\u0119, by ktokolwiek go mia\u0142. Ale sugeruj\u0119, \u017ce je\u015bli Podniebny Zamek jest sektorem i, mo\u017ce, jego w\u0142a\u015bciciel nie zdaje sobie sprawy z istnienia klucza, b\u0119dziemy w stanie go wy\u015bledzi\u0107 \u2013 tu na chwil\u0119 przerwa\u0142. \u2013 Dochodzimy jednak do pytania: co je\u015bli Zamek jest statkiem? Wtedy \u015bmiem w\u0105tpi\u0107, \u017ce wy\u015bledzenie go jest mo\u017cliwe.<br>\u2013 Dwa pytania \u2013 Willson pokaza\u0142 dwa palce. \u2013 Po pierwsze- skoro zmiana miejsca jest zale\u017cna od klucza, jak w\u0142a\u015bciciel zmieniaj\u0105cy miejsce mo\u017ce nie by\u0107 go \u015bwiadom? Po drugie- jaki jest zatem zwi\u0105zek z twoimi trzema pierwszymi &#8221; zale\u017cy&#8221;?<br>\u2013 Zaczn\u0119 od ko\u0144ca. Ka\u017cda drobinka cyfrowego \u015bwiata, to multum informacji. Milimetr sze\u015bcienny tego pokoju zaj\u0105\u0142by jak\u0105\u015b&#8230; sze\u015b\u0107set stronicow\u0105 ksi\u0119g\u0119. Nie by\u0142oby \u017ale, gdyby to by\u0142 obiekt nieruchomy. Jednak si\u0119 rusza i te sze\u015b\u0107set stron jest ca\u0142y czas nadpisywane. Pierwsza rzecz: kiedy? Im dawniej, tym wi\u0119cej danych jest do przeanalizowania, zanim trafi si\u0119 na te w\u0142a\u015bciwe. Druga: ile os\u00f3b? Je\u015bli od pojawienia si\u0119 Zamku przep\u0142yn\u0119\u0142o tamt\u0119dy&#8230; Dajmy na to dziesi\u0119\u0107 statk\u00f3w, b\u0119dziemy musieli sprawdzi\u0107 ka\u017cdy z nich. Tak na prawd\u0119, powiedzia\u0142e\u015b mi ju\u017c, \u017ce by\u0142o tam kilka ekspedycji. Poza tym musimy doda\u0107 przynajmniej kilkoro nie\u015bwiadomych podr\u00f3\u017cnik\u00f3w. To mo\u017ce nam da\u0107 setki ludzi i przynajmniej kilkana\u015bcie statk\u00f3w. Trzecia rzecz- czy kto\u015b by\u0142 w Zamku, gdy si\u0119 pojawi\u0142. To akurat mo\u017ce nam u\u0142atwi\u0107 zadanie. Je\u015bli na tamtym skrawku terenu, w tamtej chwili, znajdowa\u0142y si\u0119 dwie osoby &#8211; mamy od razu informatora i w\u0142a\u015bciciela. Gorzej, je\u015bli jedna- wtedy znaczy\u0142oby, \u017ce Zamek by\u0142 pusty, lub to informator jest jego w\u0142a\u015bcicielem. Je\u015bli trzy lub wi\u0119cej&#8230; By\u0142oby trzeba je wszystkie sprawdzi\u0107. To kolejna przeszkoda.<br>Teraz w sprawie klucza. Jego zmiana przemieszcza sektor. Ale przemieszczenie sektora nie zmienia klucza. Jest kilka sposob\u00f3w na przemieszczenie sektora. Przemieszczenie superkomputera, na kt\u00f3rym jest postawiony, jest najprostszym przyk\u0142adem. Ale czy nie s\u0142ysza\u0142e\u015b nigdy o Edgre? P\u0142ywaj\u0105cej wyspie morza cyfrowego? Przemieszcza si\u0119, cho\u0107 jej klucz jest niezmienny od lat. Do tego s\u0142u\u017c\u0105 wie\u017ce, lub odpowiednio zaprogramowana struktura sektora. Gdyby przyjrze\u0107 si\u0119 ruchowi Edgre, p\u0142ywa ona po torze z liter- imienia fundatora. Tutaj mo\u017ce by\u0107 podobnie&#8230; mam nadziej\u0119, \u017ce jest podobnie, bo to by nam bardzo u\u0142atwi\u0142o \u017cycie.<br>\u2013 Dobrze. A \u015bledzenie statku?<br>\u2013 Statek&#8230; Ach. Tak. Tutaj podobna kwestia. Czas i ile innych statk\u00f3w tamt\u0119dy przep\u0142yn\u0119\u0142o. Poza tym, w\u0105tpi\u0119, \u017ceby\u015b nie s\u0142ysza\u0142 o programach ukrywaj\u0105cych. Nie zdziwi\u0119 si\u0119, je\u015bli twojego jachtu te\u017c nie da\u0142oby si\u0119 namierzy\u0107. Poza tym- inna rzecz- gdyby da\u0142o si\u0119 namierzy\u0107 Zamek, ju\u017c kto\u015b by to zrobi\u0142.<br>\u2013 Racja. A przynajmniej p\u0142yn\u0105\u0142by jego \u015bladem.<br>\u2013 Tak. Wydaje mi si\u0119, \u017ce brak Zamku w rejestrze mo\u017cna by wyt\u0142umaczy\u0107 w\u0142a\u015bnie tym, \u017ce jest statkiem. Pytanie tylko, czy statek o rozmiarach sektora&#8230; Du\u017cego sektora&#8230; Jest w stanie utrzyma\u0107 si\u0119 w powietrzu? Jak traktuje go fizyka wirtualnego \u015bwiata? Kolejna rzecz, jak o tym my\u015bl\u0119&#8230; Jak to mo\u017cliwe, \u017ce nikt tego wcze\u015bniej nie zauwa\u017cy\u0142? Chocia\u017cby podczas tworzenia&#8230; Jeste\u015bcie pewni, \u017ce informator nie zmy\u015bli\u0142 ca\u0142ej historii?<br>\u2013 Wydaje si\u0119, \u017ce wszystko jest prawdziwe. Ale tak na prawd\u0119 dowiemy si\u0119 dopiero, gdy co\u015b znajdziemy.<br>\u2013 Je\u015bli co\u015b znajdziemy.<br>\u2013 Racja. Mo\u017ce jednak przejdziemy do najwa\u017cniejszego pytania \u2013 westchn\u0105\u0142 Willson.<br>\u2013 S\u0142ucham.<br>\u2013 Zgodzisz si\u0119 na to zlecenie?<br>\u2013 C\u00f3\u017c, zwa\u017cywszy na to, \u017ce wszystkie pieni\u0105dze przepi\u0142em ju\u017c w barze&#8230; Chyba nie mam wyj\u015bcia.<br>W\u0142a\u015bciciel za\u015bmia\u0142 si\u0119.<br>\u2013 T\u0119skni\u0142em za twoim poczuciem humoru \u2013 przyzna\u0142. \u2013 Mo\u017ce mimo wszystko brak mi gildii? \u2013 zapyta\u0142 sam siebie.<br>\u2013 Ray przyjmie ci\u0119 z otwartymi ramionami.<br>Willson skrzywi\u0142 si\u0119.<br>\u2013 Obawiam si\u0119, \u017ce zepsu\u0142oby to moj\u0105 reputacj\u0119. Mniejsza. Prze\u015bpij si\u0119 bezoki, bo jutro czeka nas du\u017co pracy.<br>Seriz skrzywi\u0142 si\u0119. Bezoki. Kolejna rzecz, kt\u00f3ra budowa\u0142a jego legend\u0119 od dw\u00f3ch miesi\u0119cy. Za ka\u017cdym razem, gdy s\u0142ysza\u0142 to przezwisko, zastanawia\u0142 si\u0119 \u2013 znale\u017a\u0107 Aiyan\u0119 i spra\u0107 j\u0105 wszystkimi swoimi umiej\u0119tno\u015bciami, czy mo\u017ce dzi\u0119kowa\u0107 jej, podobnie jak Tesowi dzi\u0119kowa\u0142 za otworzenie nowych furtek.<br><em>~ My\u015blisz, \u017ce chodzi mu tylko o ten sektor?<\/em> ~ na skraju \u015bwiadomo\u015bci Seriza pojawi\u0142 si\u0119 cichy g\u0142osik Tesa.<br>~ Dowiemy si\u0119.<\/p>\n\n\n\n<p><em>Autorka: Ananasims<\/em><\/p>\n","protected":false},"excerpt":{"rendered":"<p>Jacht ko\u0142ysa\u0142 si\u0119 prawie niewyczuwalnie na cyfrowych falach. Sklepienie, imituj\u0105ce nocne niebo znad Australii, \u015bwieci\u0142o miliardem gwiazd, zabarwione na tysi\u0105ce kolor\u00f3w. Nadwodne szlaki cyfrowego morza by\u0142y zazwyczaj opustosza\u0142e, jednak na horyzoncie majaczy\u0142 si\u0119 inny okr\u0119t, p\u0142yn\u0105cy w przeciwnym kierunku. Pozorny spok\u00f3j. Jednak w cyfrowym powietrzu da\u0142o si\u0119 wyczu\u0107 co\u015b. Napi\u0119cie. Jacht p\u0142yn\u0105\u0142 szybko. W nieosi\u0105galnym &hellip;<br \/><a href=\"https:\/\/kodlyoko.pl\/index.php\/artykuly\/tworczosc-niekonwencjonalna\/arena\/opowiadania-arenowe\/uniwersum-aren-poszukiwanie\/rozdzial-1\/\" class=\"more-link pen_button pen_element_default pen_icon_arrow_double\">Read more<\/a><\/p>\n","protected":false},"author":5,"featured_media":0,"parent":500,"menu_order":0,"comment_status":"open","ping_status":"closed","template":"","meta":{"footnotes":""},"categories":[32],"tags":[],"class_list":["post-502","page","type-page","status-publish","hentry","category-artykuly-uniwersum-aren-poszukiwanie"],"_links":{"self":[{"href":"https:\/\/kodlyoko.pl\/index.php\/wp-json\/wp\/v2\/pages\/502","targetHints":{"allow":["GET"]}}],"collection":[{"href":"https:\/\/kodlyoko.pl\/index.php\/wp-json\/wp\/v2\/pages"}],"about":[{"href":"https:\/\/kodlyoko.pl\/index.php\/wp-json\/wp\/v2\/types\/page"}],"author":[{"embeddable":true,"href":"https:\/\/kodlyoko.pl\/index.php\/wp-json\/wp\/v2\/users\/5"}],"replies":[{"embeddable":true,"href":"https:\/\/kodlyoko.pl\/index.php\/wp-json\/wp\/v2\/comments?post=502"}],"version-history":[{"count":1,"href":"https:\/\/kodlyoko.pl\/index.php\/wp-json\/wp\/v2\/pages\/502\/revisions"}],"predecessor-version":[{"id":503,"href":"https:\/\/kodlyoko.pl\/index.php\/wp-json\/wp\/v2\/pages\/502\/revisions\/503"}],"up":[{"embeddable":true,"href":"https:\/\/kodlyoko.pl\/index.php\/wp-json\/wp\/v2\/pages\/500"}],"wp:attachment":[{"href":"https:\/\/kodlyoko.pl\/index.php\/wp-json\/wp\/v2\/media?parent=502"}],"wp:term":[{"taxonomy":"category","embeddable":true,"href":"https:\/\/kodlyoko.pl\/index.php\/wp-json\/wp\/v2\/categories?post=502"},{"taxonomy":"post_tag","embeddable":true,"href":"https:\/\/kodlyoko.pl\/index.php\/wp-json\/wp\/v2\/tags?post=502"}],"curies":[{"name":"wp","href":"https:\/\/api.w.org\/{rel}","templated":true}]}}