{"id":4305,"date":"2025-09-19T13:08:08","date_gmt":"2025-09-19T12:08:08","guid":{"rendered":"https:\/\/kodlyoko.pl\/?page_id=4305"},"modified":"2025-11-09T02:53:39","modified_gmt":"2025-11-09T01:53:39","slug":"rozdzial-54","status":"publish","type":"page","link":"https:\/\/kodlyoko.pl\/index.php\/artykuly\/opowiadania\/serie\/bez-lyoko-czyli-zycie-tylko-w-realu\/rozdzial-54\/","title":{"rendered":"Rozdzia\u0142 54"},"content":{"rendered":"\n<p>Jeremie by\u0142 bardzo zaskoczony propozycj\u0105 swojej dziewczyny. Mia\u0142 co prawda \u015bwiadomo\u015b\u0107, \u017ce mo\u017ce kiedy\u015b, w jakiej\u015b odleg\u0142ej przysz\u0142o\u015bci, mo\u017ce si\u0119 to wydarzy\u0107, o ile Aelita nie spotka kogo\u015b, kto by\u0142by od niego lepszy. Ale nie spodziewa\u0142 si\u0119, \u017ce r\u00f3\u017cowow\u0142osa b\u0119dzie o tym m\u00f3wi\u0107 jeszcze przed zako\u0144czeniem nauki w Kadic. Ba, formalnie to nawet prawnie by\u0142oby ci\u0119\u017ckie, bo tylko on oraz reszta paczki, mo\u017ce poza Williamem, wiedz\u0105, \u017ce Aelita powinna mie\u0107 teraz ju\u017c 25 lat. A dok\u0142adniej mia\u0142aby, gdyby nie ca\u0142a historia z Lyoko, KGB, Projektem Kartagina, superkomputerem i porwaniem matki.<\/p>\n\n\n\n<p>&#8211; Wiesz, Aelita\u2026 rzadko mi si\u0119 to zdarza, ale nie wiem, co ci powiedzie\u0107\u2026<\/p>\n\n\n\n<p>&#8211; A\u017c tak ci\u0119 zaskoczy\u0142am?<\/p>\n\n\n\n<p>&#8211; Tak, w ko\u0144cu nie zawsze s\u0142yszy si\u0119 takie propozycje w tak m\u0142odym wieku.<\/p>\n\n\n\n<p>Dziewczyna zacz\u0119\u0142a si\u0119 \u015bmia\u0107.<\/p>\n\n\n\n<p>&#8211; Jeremie, my\u015bla\u0142e\u015b, \u017ce chcia\u0142abym ju\u017c to teraz zrobi\u0107? Przecie\u017c oboje wiemy, \u017ce teraz nikt nam by \u015blubu nie udzieli\u0142, nawet przed s\u0105dem. Chocia\u017c gdyby to by\u0142o mo\u017cliwe, to\u2026 no, wiesz\u2026 jeste\u015b tak wyj\u0105tkowym ch\u0142opakiem, \u017ce zrobi\u0142abym to bez wahania.<\/p>\n\n\n\n<p>&#8211; A gdyby\u015b znalaz\u0142a kogo\u015b innego?<\/p>\n\n\n\n<p>&#8211; Niby kogo? Drugiego ch\u0142opaka, kt\u00f3ry by tyle dla mnie zrobi\u0142, co ty, ju\u017c nigdy nie znajd\u0119. Nie potrzebuj\u0119 go nawet szuka\u0107. A po\u015blubi\u0107 mo\u017cemy si\u0119 nawet bez urz\u0119dnik\u00f3w.<\/p>\n\n\n\n<p>Okularnik by\u0142 teraz jeszcze bardziej zdziwiony.<\/p>\n\n\n\n<p>&#8211; Bez urz\u0119dnik\u00f3w? Co masz na my\u015bli\u2026?<\/p>\n\n\n\n<p>&#8211; Wiesz, tak naprawd\u0119 to to jest tylko kwestia papierka, a i tak to my sami mo\u017cemy zrobi\u0107, w takim sensie\u2026 jakby ci to powiedzie\u0107\u2026 symbolicznym i bezpo\u015brednim.<\/p>\n\n\n\n<p>&#8211; Symbolicznym i bezpo\u015brednim?<\/p>\n\n\n\n<p>&#8211; Tak, w ko\u0144cu przecie\u017c nie zamierzam ci\u0119 porzuca\u0107, niezale\u017cnie od tego, czy ten taki oficjalny \u015blub zrobimy po maturze, czy po studiach.<\/p>\n\n\n\n<p>&#8211; To ju\u017c tak daleko wyskakujesz w przysz\u0142o\u015b\u0107? Z jednej strony jaki\u015b to sens ma, ale z drugiej\u2026 co je\u015bli wybuchnie wojna? Widzisz, co Putin robi, wysy\u0142a drony ju\u017c na Polsk\u0119. A to od Francji ju\u017c niedaleko.<\/p>\n\n\n\n<p>&#8211; Spokojnie, Jeremie, mo\u017ce za jaki\u015b czas tego dyktatora szlag trafi. A z tym naszym symbolicznym \u015blubem to wiesz jak zrobimy? Mo\u017ce jak si\u0119 strajk sko\u0144czy, albo cho\u0107by sytuacja w szkole nieco uspokoi. Mam zreszt\u0105 pewien plan.<\/p>\n\n\n\n<p>&#8211; Jaki? &#8211; zainteresowa\u0142 si\u0119 ch\u0142opak.<\/p>\n\n\n\n<p>&#8211; To jak na razie niech zostanie moj\u0105 s\u0142odk\u0105 tajemnic\u0105\u2026<\/p>\n\n\n\n<p>Aelita przybli\u017cy\u0142a si\u0119 do Jeremiego i zacz\u0119\u0142a d\u0142ugo i czule ca\u0142owa\u0107. Ch\u0142opak nie mia\u0142 wyj\u015bcia, zreszt\u0105 nawet nie my\u015bla\u0142 o tym, \u017ceby jako\u015b tego unikn\u0105\u0107 i obj\u0105\u0142 swoj\u0105 dziewczyn\u0119.<\/p>\n\n\n\n<p>W \u015bwietlicy trwa\u0142y prace nad postulatami. Uczestnicy strajku postarali si\u0119 i zasypali Yumi mn\u00f3stwem kartek z pomys\u0142ami. Teraz Japonka siedzia\u0142a przed sto\u0142em i zastanawia\u0142a si\u0119, jak to wszystko ogarn\u0105\u0107. Na szcz\u0119\u015bcie mia\u0142a ju\u017c plan, o kt\u00f3rym powiadomi\u0142a Ulricha, Odda i Williama. Jeremie i Aelita mieli przyj\u015b\u0107 p\u00f3\u017aniej, gdy nadejdzie ich czas na to, by pody\u017curowa\u0107 w centrum strajku.<\/p>\n\n\n\n<p>&#8211; Podzielimy to sobie na kilka cz\u0119\u015bci \u2013 powiedzia\u0142a Yumi. &#8211; Na jednej kartce zapiszemy te postulaty, kt\u00f3re bezsprzecznie musz\u0105 wej\u015b\u0107 do naszego pakietu. Na drugiej b\u0119dziemy zapisywa\u0107 to, co chcemy jeszcze przedyskutowa\u0107 ze wszystkimi strajkuj\u0105cymi. A na trzeciej b\u0119d\u0105 totalne g\u0142upoty i nierealne pomys\u0142y, kt\u00f3rych nikt nigdy nie wprowadzi.<\/p>\n\n\n\n<p>&#8211; Ale tak w sumie to po co te nierealne selekcjonowa\u0107? &#8211; spyta\u0142 William.<\/p>\n\n\n\n<p>&#8211; \u017beby\u015bmy wiedzieli, co odrzucamy, poza tym i tak to wszystko skserujemy i kopie damy wszystkim. Jak transparentno\u015b\u0107, to transparentno\u015b\u0107.<\/p>\n\n\n\n<p>Odd wzi\u0105\u0142 pierwsz\u0105 z brzegu kartk\u0119.<\/p>\n\n\n\n<p>&#8211; Tu chyba b\u0119dzie sensowny pomys\u0142. \u201eDarmowe kanapki dla ka\u017cdego ucznia, do wyboru z szynk\u0105 lub serem.\u201d<\/p>\n\n\n\n<p>&#8211; A ty jak zwykle o jedzeniu \u2013 odrzek\u0142 ze \u015bmiechem Ulrich.<\/p>\n\n\n\n<p>&#8211; Ale \u017ce co, niedobry postulat?<\/p>\n\n\n\n<p>&#8211; Dobry, pewnie \u017ce dobry \u2013 powiedzia\u0142 William. &#8211; Tyle \u017ce my i tak mamy trzy posi\u0142ki dziennie, to po co nam jeszcze kanapki.<\/p>\n\n\n\n<p>&#8211; OK, to ja to ewentualnie wpisz\u0119 do drugiej sekcji, mo\u017ce kto\u015b jeszcze b\u0119dzie zainteresowany \u2013 rzuci\u0142a Yumi. &#8211; Ale tutaj to mam co\u015b, co musimy bezwzgl\u0119dnie zapisa\u0107. \u201eLikwidacja obowi\u0105zku noszenia mundurk\u00f3w. Koniec istnienia Ligi Szkolnej\u201d.<\/p>\n\n\n\n<p>&#8211; My\u015blisz, \u017ce dyrekcja na to p\u00f3jdzie? Przecie\u017c to jest ich oczko w g\u0142owie.<\/p>\n\n\n\n<p>&#8211; Musimy spr\u00f3bowa\u0107. A je\u015bli to znajdzie si\u0119 na tej oficjalnej, przeg\u0142osowanej przez wszystkich strajkuj\u0105cych li\u015bcie, to b\u0119dzie mie\u0107 to wi\u0119ksz\u0105 si\u0142\u0119 ra\u017cenia, ni\u017c gdyby postulowa\u0142a to tylko jedna czy dwie osoby.<\/p>\n\n\n\n<p>&#8211; S\u0142uchajcie \u2013 przerwa\u0142 William. &#8211; Bo ja tu znalaz\u0142em taki oto tekst \u201eWprowadzi\u0107 automaty ze snusami\u201d. Co to s\u0105 te snusy? To jaka\u015b marka prezerwatyw?<\/p>\n\n\n\n<p>&#8211; Ja wiem, babcia mi m\u00f3wi\u0142a \u2013 odpowiedzia\u0142 Niemiec. &#8211; Jak ostatnio dzwoni\u0142a do mnie, to powiedzia\u0142a, \u017ce w jej kraju niestety wybrali sobie tego drugiego, co kandydowa\u0142 na prezydenta, a cho\u0107by w dyplomacji ca\u0142a jego wiedza ogranicza\u0142a si\u0119 do tego, z kt\u00f3rymi klubami Lechia Gda\u0144sk ma zgod\u0119, a z kt\u00f3rymi kos\u0119. No i on jest od fajek uzale\u017cniony, ale \u017ce nie mo\u017ce pali\u0107 przed kamerami, to za\u017cywa snusy, takie ma\u0142e cholerstwa wk\u0142adane do wargi. Podobno uzale\u017cnia to nawet bardziej ni\u017c inne tytoniowe dra\u0144stwo.<\/p>\n\n\n\n<p>&#8211; Nie no, z tym to na trzeci\u0105 list\u0119 \u2013 kategorycznie zapowiedzia\u0142a Yumi. &#8211; Nie mo\u017cemy promowa\u0107 u\u017cywek. Gdyby to faktycznie by\u0142y gumki to owszem, ale nie takie \u015bwi\u0144stwa.<\/p>\n\n\n\n<p>&#8211; Ale zaraz\u2026 &#8211; zdziwi\u0142 si\u0119 William. &#8211; Prezerwatywy w szkole, gdzie chodz\u0105 ju\u017c 11-12 latkowie?<\/p>\n\n\n\n<p>&#8211; No, wiesz, lepiej zapobiega\u0107 ni\u017c \u017ceby potem by\u0142y problemy, w ko\u0144cu zaczynaj\u0105 ju\u017c coraz m\u0142odsi. Dobra, co my tam mamy dalej\u2026 \u201eWprowadzenie radiow\u0119z\u0142a dla uczni\u00f3w, prawo do oceny nauczycieli, wi\u0119ksze uprawnienia dla samorz\u0105du uczniowskiego\u201d, no, ciekawie to wygl\u0105da\u2026<\/p>\n\n\n\n<p>Praca nad postulatami trwa\u0142a jeszcze kilka godzin, ale wreszcie uda\u0142o si\u0119 przygotowa\u0107 w miar\u0119 sp\u00f3jne dokumenty, kt\u00f3re przekazano Jeremiemu, by przepisa\u0142 je w komputerze i przes\u0142a\u0142 Milly i Tamiyi. Dziewczyny z gazetki nadal mia\u0142y dost\u0119p do szkolnego sprz\u0119tu i mog\u0142y wydrukowa\u0107 pakiety dla ka\u017cdego ze strajkuj\u0105cych, tak aby dyskusja, kt\u00f3ra mia\u0142a odby\u0107 si\u0119 nast\u0119pnego dnia, przebieg\u0142a sprawnie.<\/p>\n\n\n\n<p>Dyrektor Delmas siedzia\u0142 w swoim gabinecie. Wiedzia\u0142, \u017ce sytuacja nie jest za ciekawa. Spora cz\u0119\u015b\u0107 uczni\u00f3w nie posz\u0142a na lekcje w ostatnich dniach i nawet wolne dni, kt\u00f3re w\u0142a\u015bnie nadesz\u0142y, nie sk\u0142oni\u0142y ich do tego, by zako\u0144czy\u0107 strajk. Co prawda wiedzia\u0142 od swojej c\u00f3rki, \u017ce jest tak\u017ce niema\u0142a rzesza tych, kt\u00f3rzy popieraj\u0105 reformy, g\u0142\u00f3wnie dlatego, \u017ce wreszcie na nich korzystaj\u0105 i ich pozycja w spo\u0142eczno\u015bci szkolnej si\u0119 zmieni\u0142a na lepsze, jednak nie s\u0105 oni w stanie przekona\u0107 reszty do tego, by jednak poszli z wiatrem odnowy.<\/p>\n\n\n\n<p>Nagle zadzwoni\u0142 telefon.<\/p>\n\n\n\n<p>&#8211; Tak, s\u0142ucham.<\/p>\n\n\n\n<p>&#8211; No cze\u015b\u0107, Jean-Pierre, tu Gerald \u2013 okaza\u0142o si\u0119, \u017ce to kolega, dyrektor ze szko\u0142y w Tutuzie, zna\u0142 Delmasa jeszcze ze studi\u00f3w. &#8211; Wiem, \u017ce masz urwanie g\u0142owy i dlatego nie dzwoni\u0142e\u015b, dlatego si\u0119 kontaktuj\u0119.<\/p>\n\n\n\n<p>&#8211; To bardzo mi\u0142o z twojej strony. Co u ciebie s\u0142ycha\u0107?<\/p>\n\n\n\n<p>&#8211; Wiesz, prywatnie dobrze, wybrali mnie na kolejn\u0105 kadencj\u0119, dosta\u0142em podwy\u017ck\u0119 od rady miasta, bo przecie\u017c to oni nam to ustalaj\u0105, ale jest co\u015b, co mnie niepokoi. I to si\u0119 wi\u0105\u017ce z Kadic.<\/p>\n\n\n\n<p>&#8211; Z Kadic? &#8211; zdziwi\u0142 si\u0119 dyrektor.<\/p>\n\n\n\n<p>&#8211; B\u0119d\u0119 szczery. Powiedz mi, co si\u0119 tam u ciebie teraz odpierdala? Co to za jaki\u015b strajk, o kt\u00f3rym w radiu m\u00f3wi\u0105? I kim jest ta Ishiyama, kt\u00f3ra si\u0119 wypowiada\u0142a godzin\u0119 temu w RMF?<\/p>\n\n\n\n<p>\u201eIshiyama w RMF? No to si\u0119 porobi\u0142o\u2026\u201d. Delmas nie mia\u0142 w\u0142\u0105czonego radia, nie wiedzia\u0142 wi\u0119c, \u017ce do przyw\u00f3dczyni strajku zadzwoni\u0142 redaktor Terlikowski z pro\u015bb\u0105 o kr\u00f3tk\u0105 wypowied\u017a, kt\u00f3r\u0105 emitowano ju\u017c w kilku wydaniach Fakt\u00f3w.<\/p>\n\n\n\n<p>&#8211; Skoro ty jeste\u015b szczery, to i ja b\u0119d\u0119. Trafi\u0142a nam si\u0119 taka do\u015b\u0107 niepokorna uczennica, o dziwno wcze\u015bniej nie by\u0142o z ni\u0105 problem\u00f3w. Ale mo\u017ce to jakie\u015b hormony, dojrzewanie czy inne problemy i nagle zachcia\u0142a si\u0119 bawi\u0107 w Wa\u0142\u0119s\u0119 w sp\u00f3dniczce. \u017beby by\u0142o dziwniej, ona jest z Japonii, wi\u0119c wydawa\u0107 by si\u0119 mog\u0142o, \u017ce powinna mie\u0107 pewn\u0105 pokor\u0119 wbudowan\u0105 w geny.<\/p>\n\n\n\n<p>Po tym jak dyrektor opowiedzia\u0142 ze szczeg\u00f3\u0142ami, co si\u0119 sta\u0142o i dlaczego jest teraz strajk, Gerald odpowiedzia\u0142:<\/p>\n\n\n\n<p>&#8211; To teraz wszystko rozumiem. Tylko jest jeszcze jeden problem \u2013 to si\u0119 rozleje. Ju\u017c u siebie na korytarzach s\u0142ysz\u0119, jak niekt\u00f3rzy m\u00f3wi\u0105, i to wydawa\u0142oby si\u0119 dobrzy uczniowie, \u017ce przyda\u0142oby si\u0119 co\u015b takiego tak\u017ce tutaj zrobi\u0107, bo im si\u0119 te mundurki nie podobaj\u0105. Trzeba to ukr\u00f3ci\u0107.<\/p>\n\n\n\n<p>&#8211; Ja ju\u017c nawet wiem jak. Powiedzia\u0142em, \u017ce jestem ch\u0119tny na negocjacje.<\/p>\n\n\n\n<p>&#8211; Negocjacje??? &#8211; z pretensj\u0105 w g\u0142osie odpar\u0142 rozm\u00f3wca Delmasa. &#8211; Chcesz z nimi negocjowa\u0107? Przecie\u017c to jak rozmowy z terrorystami! Oni ci szko\u0142\u0119 parali\u017cuj\u0105, a ty jeszcze im r\u0119k\u0119 chcesz poda\u0107?<\/p>\n\n\n\n<p>&#8211; Spokojnie. Kto powiedzia\u0142, \u017ce zgodz\u0119 si\u0119 na wszystkie ich warunki? Na \u017caden nie przystan\u0119. Albo jak ju\u017c, to na jakie\u015b pierdo\u0142y typu postawienie sz\u00f3stego automatu z napojami czy wycieczka do kina. A jak b\u0119d\u0105 dalej podskakiwa\u0107, to wy\u015bl\u0119 na nich legionist\u00f3w. Oni akurat wiedz\u0105, gdzie jest dobro szko\u0142y, a nie relatywizm oraz fa\u0142szywy liberalizm. Strajkuj\u0105cy b\u0119d\u0105 sami sobie winni, jak oberw\u0105.<\/p>\n\n\n\n<p>&#8211; I bardzo dobrze. W ko\u0144cu to nie my mamy si\u0119 p\u0142aszczy\u0107 przed uczniami. To oni powinni by\u0107 nam pos\u0142uszni. W razie czego informuj o sytuacji, mo\u017ce postaram si\u0119 pom\u00f3c.<\/p>\n\n\n\n<p>&#8211; Dzi\u0119ki, Gerald.<\/p>\n\n\n\n<p>Dyrektor od\u0142o\u017cy\u0142 s\u0142uchawk\u0119. Tak naprawd\u0119 plan z wys\u0142aniem legionist\u00f3w na strajkuj\u0105cych by\u0142 wymy\u015blony jeszcze przed negocjacjami i gdyby nie sprawa Calliente, kt\u00f3ra ju\u017c dosz\u0142a do siebie i mog\u0142a wr\u00f3ci\u0107 do szko\u0142y, to pacyfikacja nast\u0105pi\u0142aby pierwszego dnia. Delmas uzna\u0142 jednak, \u017ce najpierw zagra dobrego policjanta. By\u0142 jednocze\u015bnie troch\u0119 zaniepokojony tym, i\u017c radio ju\u017c rozmawia\u0142o z Ishiyam\u0105. W\u0142\u0105czy\u0142 odbiornik, akurat trafi\u0142 na kolejne Fakty:<\/p>\n\n\n\n<p>&#8211; \u2026 jak powiedzia\u0142a reporterowi RMF przyw\u00f3dczyni strajku, 16-letnia Yumi Ishiyama, teraz tworzona jest lista postulat\u00f3w, kt\u00f3ra b\u0119dzie zaprezentowana dyrekcji. \u201eChcemy za\u0142atwi\u0107 to powa\u017cnie, bo jeste\u015bmy powa\u017cnymi, dojrza\u0142ymi lud\u017ami i tak chcemy by\u0107 traktowani. Oczekujemy podobnie racjonalnego podej\u015bcia ze strony dyrektora, bo wiemy, \u017ce tylko dialogiem, a nie pa\u0142k\u0105, mo\u017cemy rozwi\u0105za\u0107 nasze problemy\u201d. Data negocjacji nie jest jeszcze znana. A teraz przechodzimy do informacji z zagranicy\u2026<\/p>\n\n\n\n<p>Dyrektor wy\u0142\u0105czy\u0142 radio i nacisn\u0105\u0142 guzik od interkomu \u0142\u0105cz\u0105cego go z sekretariatem:<\/p>\n\n\n\n<p>&#8211; Niech pani wy\u015ble, prosz\u0119, maila do wszystkich nauczycieli, o takiej tre\u015bci \u201eJutro o 9:00 nadzwyczajne zebranie pomimo dnia wolnego, obecno\u015b\u0107 obowi\u0105zkowa\u201d.<\/p>\n\n\n\n<p>Potem wsta\u0142 i zacz\u0105\u0142 m\u00f3wi\u0107 sam do siebie:<\/p>\n\n\n\n<p>&#8211; Musz\u0119 by\u0107 twardy. Nie mog\u0119 ulec uczniom. Tylko ciekawe, co za postulaty zaproponuj\u0105. Mo\u017ce jakie\u015b drobnostki si\u0119 spe\u0142ni, ale reformy nie da si\u0119 ju\u017c cofn\u0105\u0107. Reforma musi trwa\u0107. Nawet je\u015bli b\u0119dzie wymaga\u0107 ofiar. Jestem na to gotowy. Musz\u0119 tylko pilnowa\u0107, \u017ceby to nie by\u0142a ofiara ze mnie.<\/p>\n\n\n\n<p><\/p>\n\n\n\n<p><em>Autor: Jeremie_96<\/em><\/p>\n","protected":false},"excerpt":{"rendered":"<p>Jeremie by\u0142 bardzo zaskoczony propozycj\u0105 swojej dziewczyny. Mia\u0142 co prawda \u015bwiadomo\u015b\u0107, \u017ce mo\u017ce kiedy\u015b, w jakiej\u015b odleg\u0142ej przysz\u0142o\u015bci, mo\u017ce si\u0119 to wydarzy\u0107, o ile Aelita nie spotka kogo\u015b, kto by\u0142by od niego lepszy. Ale nie spodziewa\u0142 si\u0119, \u017ce r\u00f3\u017cowow\u0142osa b\u0119dzie o tym m\u00f3wi\u0107 jeszcze przed zako\u0144czeniem nauki w Kadic. Ba, formalnie to nawet prawnie by\u0142oby &hellip;<br \/><a href=\"https:\/\/kodlyoko.pl\/index.php\/artykuly\/opowiadania\/serie\/bez-lyoko-czyli-zycie-tylko-w-realu\/rozdzial-54\/\" class=\"more-link pen_button pen_element_default pen_icon_arrow_double\">Read more<\/a><\/p>\n","protected":false},"author":5,"featured_media":0,"parent":203,"menu_order":54,"comment_status":"open","ping_status":"closed","template":"","meta":{"footnotes":""},"categories":[22],"tags":[],"class_list":["post-4305","page","type-page","status-publish","hentry","category-artykuly-bezlyoko"],"_links":{"self":[{"href":"https:\/\/kodlyoko.pl\/index.php\/wp-json\/wp\/v2\/pages\/4305","targetHints":{"allow":["GET"]}}],"collection":[{"href":"https:\/\/kodlyoko.pl\/index.php\/wp-json\/wp\/v2\/pages"}],"about":[{"href":"https:\/\/kodlyoko.pl\/index.php\/wp-json\/wp\/v2\/types\/page"}],"author":[{"embeddable":true,"href":"https:\/\/kodlyoko.pl\/index.php\/wp-json\/wp\/v2\/users\/5"}],"replies":[{"embeddable":true,"href":"https:\/\/kodlyoko.pl\/index.php\/wp-json\/wp\/v2\/comments?post=4305"}],"version-history":[{"count":1,"href":"https:\/\/kodlyoko.pl\/index.php\/wp-json\/wp\/v2\/pages\/4305\/revisions"}],"predecessor-version":[{"id":4306,"href":"https:\/\/kodlyoko.pl\/index.php\/wp-json\/wp\/v2\/pages\/4305\/revisions\/4306"}],"up":[{"embeddable":true,"href":"https:\/\/kodlyoko.pl\/index.php\/wp-json\/wp\/v2\/pages\/203"}],"wp:attachment":[{"href":"https:\/\/kodlyoko.pl\/index.php\/wp-json\/wp\/v2\/media?parent=4305"}],"wp:term":[{"taxonomy":"category","embeddable":true,"href":"https:\/\/kodlyoko.pl\/index.php\/wp-json\/wp\/v2\/categories?post=4305"},{"taxonomy":"post_tag","embeddable":true,"href":"https:\/\/kodlyoko.pl\/index.php\/wp-json\/wp\/v2\/tags?post=4305"}],"curies":[{"name":"wp","href":"https:\/\/api.w.org\/{rel}","templated":true}]}}