{"id":4268,"date":"2025-07-19T19:27:31","date_gmt":"2025-07-19T18:27:31","guid":{"rendered":"https:\/\/kodlyoko.pl\/?page_id=4268"},"modified":"2025-07-19T19:27:32","modified_gmt":"2025-07-19T18:27:32","slug":"prolog","status":"publish","type":"page","link":"https:\/\/kodlyoko.pl\/index.php\/artykuly\/opowiadania\/serie\/niewinny-wirus\/prolog\/","title":{"rendered":"Prolog"},"content":{"rendered":"\n<p>&#8211; Jak mog\u0142a\u015b do tego dopu\u015bci\u0107? \u2013 krzyczy zdesperowany m\u0119\u017cczyzna, ze z\u0142o\u015bci wal\u0105c r\u0119k\u0105 w swoje udo. Nie m\u00f3g\u0142 zrozumie\u0107, jak ona mog\u0142a co\u015b takiego zrobi\u0107. Zna\u0142 j\u0105 bardzo dobrze. Nie potrafi\u0142aby zniszczy\u0107 takiej pi\u0119knej okazji do przechwycenia cennych informacji. Jest zbyt \u017c\u0105dna zar\u00f3wno pieni\u0119dzy, jak i nowych umiej\u0119tno\u015bci.<\/p>\n\n\n\n<p>&#8211; Nie zap\u0142aci\u0142e\u015b tyle, na ile si\u0119 um\u00f3wili\u015bmy \u2013 odpowiada spokojnie kobieta, bawi\u0105c si\u0119 fioletowym kryszta\u0142em. U\u015bmiecha si\u0119, widz\u0105c w nim ogromn\u0105 moc, jak\u0105 dzi\u0119ki niemu posiada. Nast\u0119pnie odk\u0142ada sw\u00f3j skarb na swoje miejsce, jakim jest d\u0142ugi, czarny kij&nbsp;ze specjalnym wybrzuszeniem na wspomniany wcze\u015bniej kryszta\u0142.&nbsp;<\/p>\n\n\n\n<p>&#8211; Zrozum, \u017ce nie mam ani grosza! Wszystko odda\u0142em Tobie! \u2013 krzyczy m\u0119\u017cczyzna. Gdyby tyko m\u00f3g\u0142, rozp\u0142aka\u0142by si\u0119 z rozpaczy. Jednak nie m\u00f3g\u0142 pokaza\u0107 swojej s\u0142abo\u015bci. Na pewno nie przy niej.&nbsp;<\/p>\n\n\n\n<p>&#8211; To ju\u017c tw\u00f3j problem. Zrobi\u0142am tyle, ile mi by\u0142o zap\u0142acone. Nic nie robi\u0119 za darmo \u2013 m\u00f3wi kobieta, podchodz\u0105c bli\u017cej do niego. Jej cia\u0142o jest sk\u0105po zakryte \u2013 jedynie fioletowe paski jej kostiumu w okolicy talii oraz zakryty biust. Na nogach ma wysokie obcasy po kolana, a uda cz\u0119\u015bciowo zakrywa ciemno-fioletowa sp\u00f3dnica zdobiona br\u0105zowymi paskami. Plecy ma zas\u0142oni\u0119te d\u0142ug\u0105, czarn\u0105 peleryn\u0105, kt\u00f3ra posiada z\u0142ote wyko\u0144czenie.<\/p>\n\n\n\n<p>M\u0119\u017cczy\u017anie automatycznie przy\u015bpieszy\u0142 oddech. Kocha\u0142 jej seksowne cia\u0142o i str\u00f3j, w kt\u00f3rym zawsze przychodzi\u0142a do niego. Jedynie nie lubi\u0142 tej peleryny, kt\u00f3ra psu\u0142a ca\u0142y obrazek. Najch\u0119tniej zapomnia\u0142by o swoim problemie i zacz\u0105\u0142 j\u0105 zach\u0142annie ca\u0142owa\u0107.&nbsp;<\/p>\n\n\n\n<p>A wszystko wskazywa\u0142oby na to, \u017ce tak si\u0119 stanie.&nbsp;<\/p>\n\n\n\n<p>Kobieta podchodzi do niego coraz bli\u017cej. Czuje zapach jej sk\u00f3ry, a ona wyczuwa, \u017ce on jest bardzo nakr\u0119cony na wszelkie fantazje z ni\u0105. \u201eTwoje niedoczekanie, kolego\u201d \u2013 my\u015bli, u\u015bmiechaj\u0105c si\u0119 dyskretnie ze swojego planu.&nbsp;<\/p>\n\n\n\n<p>K\u0142adzie r\u0119k\u0119 na jego spoconym karku, przysuwaj\u0105c jego g\u0142ow\u0119 do swojej. Tr\u0105caj\u0105 si\u0119 nosami. Niewiele ich dzieli od fali poca\u0142unk\u00f3w. Kiedy on pr\u00f3buje zbli\u017cy\u0107 si\u0119 do jej ust, ona szepcze mu do ucha. Trzy s\u0142owa, kt\u00f3re zapowiada\u0142y katastrof\u0119.<\/p>\n\n\n\n<p>&#8211; Pora na wyst\u0119p.<\/p>\n\n\n\n<p><em>Obiekt \u201eMammagama\u201d zosta\u0142 zneutralizowany. Powodem by\u0142o zainteresowanie g\u0142\u00f3wnym centrum dowodzenia. Obiekt \u201eLeTanc\u201d r\u00f3wnie\u017c zosta\u0142 zneutralizowany. Powodem by\u0142a niska odporno\u015b\u0107 fizyczna i psychiczna na nast\u0119pne dzia\u0142ania. Obiekty zosta\u0142y znalezione przez przypadkowych turyst\u00f3w. S\u0142u\u017cby mundurowe przyst\u0105pi\u0142y do sekcji. Czas, jaki jest przewidziany na ich dzia\u0142ania wynosi 36 dni. Celem operacji \u201eHunter\u201d by\u0142o zregenerowanie si\u0142y po poprzedniej akcji.<\/em><\/p>\n\n\n\n<p><em>Przez ten okres zaplanowano sabota\u017c na terenie szko\u0142y Kadic. Do zneutralizowania zosta\u0142a dw\u00f3jka nastolatk\u00f3w.<\/em><\/p>\n\n\n\n<p><\/p>\n\n\n\n<p><em>Autorka: Azize<\/em><\/p>\n","protected":false},"excerpt":{"rendered":"<p>&#8211; Jak mog\u0142a\u015b do tego dopu\u015bci\u0107? \u2013 krzyczy zdesperowany m\u0119\u017cczyzna, ze z\u0142o\u015bci wal\u0105c r\u0119k\u0105 w swoje udo. Nie m\u00f3g\u0142 zrozumie\u0107, jak ona mog\u0142a co\u015b takiego zrobi\u0107. Zna\u0142 j\u0105 bardzo dobrze. Nie potrafi\u0142aby zniszczy\u0107 takiej pi\u0119knej okazji do przechwycenia cennych informacji. Jest zbyt \u017c\u0105dna zar\u00f3wno pieni\u0119dzy, jak i nowych umiej\u0119tno\u015bci. &#8211; Nie zap\u0142aci\u0142e\u015b tyle, na ile &hellip;<br \/><a href=\"https:\/\/kodlyoko.pl\/index.php\/artykuly\/opowiadania\/serie\/niewinny-wirus\/prolog\/\" class=\"more-link pen_button pen_element_default pen_icon_arrow_double\">Read more<\/a><\/p>\n","protected":false},"author":4,"featured_media":0,"parent":4264,"menu_order":0,"comment_status":"open","ping_status":"closed","template":"","meta":{"footnotes":""},"categories":[68],"tags":[],"class_list":["post-4268","page","type-page","status-publish","hentry","category-artykuly-niewinny-wirus"],"_links":{"self":[{"href":"https:\/\/kodlyoko.pl\/index.php\/wp-json\/wp\/v2\/pages\/4268","targetHints":{"allow":["GET"]}}],"collection":[{"href":"https:\/\/kodlyoko.pl\/index.php\/wp-json\/wp\/v2\/pages"}],"about":[{"href":"https:\/\/kodlyoko.pl\/index.php\/wp-json\/wp\/v2\/types\/page"}],"author":[{"embeddable":true,"href":"https:\/\/kodlyoko.pl\/index.php\/wp-json\/wp\/v2\/users\/4"}],"replies":[{"embeddable":true,"href":"https:\/\/kodlyoko.pl\/index.php\/wp-json\/wp\/v2\/comments?post=4268"}],"version-history":[{"count":1,"href":"https:\/\/kodlyoko.pl\/index.php\/wp-json\/wp\/v2\/pages\/4268\/revisions"}],"predecessor-version":[{"id":4269,"href":"https:\/\/kodlyoko.pl\/index.php\/wp-json\/wp\/v2\/pages\/4268\/revisions\/4269"}],"up":[{"embeddable":true,"href":"https:\/\/kodlyoko.pl\/index.php\/wp-json\/wp\/v2\/pages\/4264"}],"wp:attachment":[{"href":"https:\/\/kodlyoko.pl\/index.php\/wp-json\/wp\/v2\/media?parent=4268"}],"wp:term":[{"taxonomy":"category","embeddable":true,"href":"https:\/\/kodlyoko.pl\/index.php\/wp-json\/wp\/v2\/categories?post=4268"},{"taxonomy":"post_tag","embeddable":true,"href":"https:\/\/kodlyoko.pl\/index.php\/wp-json\/wp\/v2\/tags?post=4268"}],"curies":[{"name":"wp","href":"https:\/\/api.w.org\/{rel}","templated":true}]}}