{"id":4088,"date":"2024-12-19T20:18:50","date_gmt":"2024-12-19T19:18:50","guid":{"rendered":"https:\/\/kodlyoko.pl\/?page_id=4088"},"modified":"2024-12-19T20:57:30","modified_gmt":"2024-12-19T19:57:30","slug":"02-beautiful_disaster","status":"publish","type":"page","link":"https:\/\/kodlyoko.pl\/index.php\/artykuly\/opowiadania\/serie\/valaryn-shattered-heavens\/02-beautiful_disaster\/","title":{"rendered":"02 &#8211; Tbh, you want what I&#8217;m not. (@Beautiful_disaster)"},"content":{"rendered":"\n<p>Rien gra\u0142 w Valaryna od dw\u00f3ch lat na prywatnym serwerze. Mia\u0142 podej\u015bcie do oficjalnej wersji, ale ta mu kompletnie nie odpowiada\u0142a przez zawarty w niej model p\u0142atno\u015bci. Pewnie by rzuci\u0142 gr\u0119, gdyby nie natrafi\u0142 na wersj\u0119 stoj\u0105c\u0105 na \u201cprivie\u201d, w kt\u00f3rej nie trzeba by\u0142o a\u017c tak obawia\u0107 si\u0119 graczy ze wszelkimi profitami z przer\u00f3\u017cnych, wykupywanych pakiet\u00f3w. Jego g\u0142\u00f3wn\u0105 postaci\u0105 by\u0142 Voidsummoner, kt\u00f3rym gra\u0142 pod tym samym nickiem, jakim pos\u0142ugiwa\u0142 si\u0119 na chacie. Jak twierdzi\u0142, rola g\u0142\u00f3wnego obro\u0144cy dru\u017cyny przychodzi\u0142a mu naj\u0142atwiej i dla niego klasy zdejmuj\u0105ce efekty mog\u0142yby nie istnie\u0107 \u2013 nie umia\u0142 nimi kompletnie gra\u0107.<\/p>\n\n\n\n<p>Ulrich pisa\u0142 z nim przez p\u00f3\u0142 nocy, w mi\u0119dzyczasie pr\u00f3buj\u0105c wyedytowa\u0107 swoj\u0105 posta\u0107. By\u0142 facetem: nie skupia\u0142 si\u0119 tutaj za mocno na szczeg\u00f3likach, ale d\u017awi\u0119ki powiadomie\u0144 go rozprasza\u0142y.<\/p>\n\n\n\n<p><em>Rien: Pewnie si\u0119 min\u0119li\u015bmy. XD<\/em><\/p>\n\n\n\n<p><em>Beautiful_disaster: Mo\u017cliwe. \u017ba\u0142uj, \u017ce nie by\u0142e\u015b wcze\u015bniej. Ta gra by\u0142a \u015bwietna, zanim nie dowalili tymi pakietami. :\/<\/em><\/p>\n\n\n\n<p><em>Rien: Ano, wierz\u0119. Dlatego w\u0142a\u015bnie mamy naszego priva. ~<\/em><\/p>\n\n\n\n<p><em>Beautiful_disaster: Nie tylko dlatego \u017ca\u0142uj. \u017beby\u015b widzia\u0142 te dramy na jednym serwie\u2026 o panie.<\/em><\/p>\n\n\n\n<p>Dramaty na Eryndorze odrywa\u0142y go od dramat\u00f3w w prawdziwym \u017cyciu, jakie mia\u0142 wok\u00f3\u0142 siebie. Pewnie by obserwowa\u0142 je d\u0142u\u017cej, w cz\u0119\u015bci udziela\u0142by si\u0119 mocniej, ale\u2026 w pewnym momencie wystarczy\u0142o mu jednego, wirtualnego \u015bwiata, w kt\u00f3rym walka na \u015bmier\u0107 i \u017cycie z przeciwnikiem nabra\u0142a wiele powa\u017cniejszego wyd\u017awi\u0119ku.<\/p>\n\n\n\n<p>Toczy\u0142 je dwie: o \u015bwiat, schodz\u0105c do Lyoko i o w\u0142asne przetrwanie, ilekro\u0107 stawa\u0142 twarz\u0105 w twarz z ojcem.<\/p>\n\n\n\n<p>Rien nie musia\u0142 o tym wiedzie\u0107.<\/p>\n\n\n\n<p>Dla Riena i reszty chodzi\u0142o po prostu o intensywny okres po przej\u015bciu z gimnazjum do liceum, potem druga klasa b\u0119d\u0105ca piek\u0142em dla ka\u017cdego ucznia i trzecia, w kt\u00f3rej by\u0142 teraz.<\/p>\n\n\n\n<p><em>Rien: Wierz mi, tu te\u017c si\u0119 ostro dzieje czasami. Runin odstawia cyrki u Lumich do stopnia, \u017ce znaj\u0105 go na ca\u0142ym Ashenvale\u2019u.<\/em><\/p>\n\n\n\n<p>Ulrich w tej chwili zda\u0142 sobie spraw\u0119 z jednej rzeczy.<\/p>\n\n\n\n<p>Nie zapyta\u0142, na jakim dok\u0142adnie serwerze gra\u0142a ca\u0142a \u015bmietanka towarzyska z serwera. Po prawdzie nawet si\u0119 tym nie zainteresowa\u0142: nie uwa\u017ca\u0142, \u017ce na tak d\u0142ugo tam si\u0119 zasiedzi, a oto w\u0142a\u015bnie przychodzi\u0142 mu komunikat z gry, \u017ce sp\u0119dzi\u0142 w niej ju\u017c trzeci\u0105 godzin\u0119.<\/p>\n\n\n\n<p>A dopiero, co wyszed\u0142 z kreatora postaci.<\/p>\n\n\n\n<p><em>\u201cBrawo\u201d.<\/em><\/p>\n\n\n\n<p><em>Beautiful_disaster: Tam gracie, co nie?<\/em><\/p>\n\n\n\n<p><em>Rien: Yep. Zazwyczaj. Przynajmniej ja tam siedz\u0119 ca\u0142y czas, Aratsha fika mi\u0119dzy Ashenvale a Seraphine. Wiesz, chcia\u0142a sobie pogra\u0107 dwiema rasami. Weylin te\u017c mafi<\/em><\/p>\n\n\n\n<p>Zakl\u0105\u0142 szpetnie pod nosem. Zaznaczy\u0142 zupe\u0142nie inny serwer. Musia\u0142 tworzy\u0107 swoj\u0105 posta\u0107 od nowa.<\/p>\n\n\n\n<p><em>Beautiful_disaster: Tej, \u017ceby zaraz nie wysz\u0142o, \u017ce ja na szybko robi\u0119 mafarauci na Ashenvale, a Ty jednak jeste\u015b bia\u0142ym dupkiem XD<\/em><\/p>\n\n\n\n<p><em>Rien: Nie no, a\u017c tak nisko to jeszcze nie upad\u0142em XD<\/em><\/p>\n\n\n\n<p><em>Beautiful_disaster: Jeszcze? o-o<\/em><\/p>\n\n\n\n<p><em>Rien: Jeszcze. Wszystko przede mn\u0105\u2026 ^^;<\/em><\/p>\n\n\n\n<p>Wr\u00f3ci\u0142 do ekranu logowania, ponownie wpisa\u0142 nazw\u0119 u\u017cytkownika i has\u0142o, a potem przeszuka\u0142 list\u0119 serwer\u00f3w. Znalaz\u0142 Ashenvale za drugim razem, a przecie\u017c by\u0142o ich tam tylko dziesi\u0119\u0107.<\/p>\n\n\n\n<p>To chyba by\u0142a kwestia p\u00f3\u017anej godziny. Szybko wr\u00f3ci\u0142 do okienka chatu i spojrza\u0142 na godzin\u0119 ostatniej wiadomo\u015bci.<\/p>\n\n\n\n<p><em>02:29<\/em><\/p>\n\n\n\n<p><em>Beautiful_disaster: Gleba ryjem w pod\u0142og\u0119 r\u00f3wnie\u017c, sp\u00f3jrz na godzin\u0119. O.O\u2019<\/em><\/p>\n\n\n\n<p><em>Rien: \u2026oj. Ale, nie jestem sam. ~<\/em><\/p>\n\n\n\n<p>Wybra\u0142 ras\u0119 postaci, przysz\u0142a pora na klas\u0119. Teraz ju\u017c si\u0119 waha\u0142.<\/p>\n\n\n\n<p>Stormblade, albo Starcaller. Wreszcie uzna\u0142, \u017ce na gwiezdnego przywo\u0142ywacza przyjdzie pora \u2013 ponownie wybra\u0142 gnaj\u0105cego z wiatrem.<\/p>\n\n\n\n<p>Jego uwag\u0119 zwr\u00f3ci\u0142a czerwona jedynka w dymku przy ikonce chatu spo\u0142eczno\u015bci.<\/p>\n\n\n\n<p><em>Wey_lin_53: @Beautiful_disaster ej! Panie \u201cnie zd\u0105\u017c\u0119 z Wami pogra\u0107\u201d, a kto to robi ju\u017c pewnie drugiego ascenda?<\/em><\/p>\n\n\n\n<p><em>Beautiful_disaster: Jakiego drugiego ascenda\u2026 zlituj si\u0119. Czasy tryhardowania mam za sob\u0105.<\/em><\/p>\n\n\n\n<p><em>Aratshaa: Eheee, a te cztery godziny w Valaryna to si\u0119 wzi\u0119\u0142y same?<\/em><\/p>\n\n\n\n<p><em>Beautiful_disaster: Daj si\u0119 pobawi\u0107 suwaczkami. To moja jedyna okazja na danie sobie wygl\u0119dnej mordy\u2026 o_-<\/em><\/p>\n\n\n\n<p><em>Rien: Ej, pani \u201csprz\u0119t w naprawie\u201d, ja przypominam o mojej instancji XD<\/em><\/p>\n\n\n\n<p><em>Aratshaa: MAM SPRZ\u0118T W NAPRAWIE, CZEKAJ NOOOOO TwT<\/em><\/p>\n\n\n\n<p><em>Runin: To niech si\u0119 rusz\u0105, bo jeszcze si\u0119 event sko\u0144czy zanim ci to zrobi\u0105\u2026<\/em><\/p>\n\n\n\n<p><em>Aratshaa: Powiedz to tym czubom z serwisu. Oni by mi najch\u0119tniej w tym kompie to wymienili nawet p\u0142yn do kierunkowskaz\u00f3w.<\/em><\/p>\n\n\n\n<p><em>Rien: P\u0141YN DO KIERUNKOWSKAZ\u00d3W XDDD<\/em><\/p>\n\n\n\n<p>Z\u017cyta grupka.<\/p>\n\n\n\n<p>Ulrichowi to bardzo, ale to bardzo mocno co\u015b przypomina\u0142o: zabawne czasy. Swojego czasu przecie\u017c sam mia\u0142 swoj\u0105 band\u0119, z kt\u00f3r\u0105 by\u0142 nie do roz\u0142\u0105czenia: nie przy tym, co razem prze\u017cyli. A przynajmniej tak mu si\u0119 wydawa\u0142o.<\/p>\n\n\n\n<p><em>C\u00f3\u017c<\/em>, \u0142atwo przysz\u0142o i jeszcze \u0142atwiej p\u00f3jdzie. Zanim to, postanowi\u0142 jednak troch\u0119 tu zagrza\u0107 miejsca i poudawa\u0107, \u017ce by\u0107 mo\u017ce tu jednak by\u0142 w stanie zosta\u0107 na d\u0142u\u017cej, zanim wszystko trafi szlag. Trafienie na francusk\u0105 spo\u0142eczno\u015b\u0107 Valaryna nie by\u0142o za \u0142atwe. M\u00f3g\u0142 przysi\u0105c, \u017ce kiedy jeszcze gra\u0142 w oficjaln\u0105 wersj\u0119, to na pewno by nie znalaz\u0142 nigdzie takiego miejsca. \u015arednio chcia\u0142 szuka\u0107 po niemieckich \u2013 chocia\u017c oficjalny serwer z central\u0105 w Berlinie dalej sta\u0142, jak nic. I pewnie znalaz\u0142by si\u0119 jaki\u015b prywatny, ale nie mia\u0142 ochoty tam zagl\u0105da\u0107.<\/p>\n\n\n\n<p>Jego \u017cycie toczy\u0142o si\u0119 we Francji.<\/p>\n\n\n\n<p>Przynajmniej, cz\u0119\u015bciowo. Bo chwilowo mia\u0142 wra\u017cenie, \u017ce r\u00f3wnie dobrze mog\u0142oby gdzie\u015b si\u0119 kr\u0119ci\u0107 po chatach, na kt\u00f3rych m\u00f3g\u0142by by\u0107 dla tych ludzi tym, kim tylko by chcia\u0142. I tak istnia\u0142o bardzo niskie prawdopodobie\u0144stwo, \u017ce kiedykolwiek ich spotka w prawdziwym \u017cyciu.<\/p>\n\n\n\n<p>M\u00f3g\u0142 udawa\u0107, jak przez wi\u0119kszo\u015b\u0107 swojego \u017cycia \u2013 co prowadzi\u0142o go w r\u00f3\u017cne miejsca i nie zawsze tak dobrze chroni\u0142o \u2013 albo\u2026 uzna\u0107, \u017ce m\u00f3g\u0142 tu by\u0107 sob\u0105. Bo nikt go za to nie os\u0105dzi ani nie zlinczuje.<\/p>\n\n\n\n<p>Nie umia\u0142 si\u0119 zdecydowa\u0107.<\/p>\n\n\n\n<p>Dla tych ludzi i tak by\u0142 tylko kolejnym nickiem w sieci. Tak, jak teraz oni dla niego.<\/p>\n\n\n\n<p><em>Nowa wiadomo\u015b\u0107 prywatna \u2013 Rien<\/em><\/p>\n\n\n\n<p><em>Rien: Czekaj. Co Ty dok\u0142adnie robisz czwart\u0105 godzin\u0119, je\u017celi nie masz jeszcze tutoriala? O_O<\/em><\/p>\n\n\n\n<p><em>Beautiful_disaster: \u2026odpali\u0142em sobie nie ten serwer, dobra?<\/em><\/p>\n\n\n\n<p><em>Rien: No to nie\u017ale XD<\/em><\/p>\n\n\n\n<p><em>Beautiful_disaster: <\/em><strong><em>za\u0142\u0105cznik: valaryn_screenshot_00001.png<\/em><\/strong><\/p>\n\n\n\n<p><em>It\u2019s like bad milk on your night stand<\/em><\/p>\n\n\n\n<p><em>Something awful that you can\u2019t let go to waste<\/em><\/p>\n\n\n\n<p>Dziwne, nie pami\u0119ta\u0142, kiedy ostatni raz s\u0142ysza\u0142 dzwonek w\u0142asnego telefonu. Ustawi\u0142 go sobie dawno, dawno temu: zas\u0142yszana gdzie\u015b podczas skakania po YouTube piosenka, z kt\u00f3r\u0105 d\u0142ugi czas rezonowa\u0142. Wi\u0119cej jednak trzyma\u0142 sw\u00f3j telefon w trybie wibracji: dra\u017cni\u0142y go powiadomienia, kt\u00f3rych przecie\u017c zreszt\u0105 nie dostawa\u0142 za wiele. Nie od\u2026jakiego\u015b roku, odk\u0105d cz\u0119\u015b\u0107 dru\u017cyny podzieli\u0142a z nimi drogi i posz\u0142a w swoj\u0105 stron\u0119, je\u017celi chodzi\u0142o o szko\u0142\u0119 \u015bredni\u0105.<\/p>\n\n\n\n<p><em>An old soul you can\u2019t let go<\/em><\/p>\n\n\n\n<p><em>Ten fingers wrapped around your throat<\/em><\/p>\n\n\n\n<p>Telefon dalej gra\u0142. Ulrich podni\u00f3s\u0142 g\u0142ow\u0119 i spostrzeg\u0142 si\u0119, \u017ce by\u0142o ju\u017c do\u015b\u0107 jasno na zewn\u0105trz: \u015bwiat\u0142o nie przeszkadza\u0142o mu tylko przez zas\u0142oni\u0119t\u0105 rolet\u0119.<\/p>\n\n\n\n<p>I, \u017ce rzeczywi\u015bcie, w\u0142a\u015bnie s\u0142ysza\u0142 dzwonek swojego telefonu. Zacz\u0105\u0142 go szuka\u0107 p\u00f3\u0142przytomnie przy poduszce. Nie znalaz\u0142 go, gra\u0142 dalej.<\/p>\n\n\n\n<p>Przesta\u0142 na moment i odezwa\u0142 si\u0119 ponownie. <em>Co\u015b wa\u017cnego.<\/em> Ulrich podni\u00f3s\u0142 si\u0119 do siadu i zerkn\u0105\u0142 na szafk\u0119 przy \u0142\u00f3\u017cku i na pod\u0142og\u0119.<\/p>\n\n\n\n<p>Kom\u00f3rka musia\u0142a spa\u015b\u0107 w nocy. Mo\u017ce j\u0105 str\u0105ci\u0142, kiedy si\u0119 kr\u0119ci\u0142 w nocy. Zdarza\u0142o mu si\u0119. Nie wszystkie sny by\u0142y takie spokojne, jakby tego chcia\u0142. Podni\u00f3s\u0142 urz\u0105dzenie i odebra\u0142 po\u0142\u0105czenie.<\/p>\n\n\n\n<p>\u2013 Mam nadziej\u0119, \u017ce wiesz\u2026 \u2013 musia\u0142 odchrz\u0105kn\u0105\u0107. By\u0142 zachrypni\u0119ty, jeszcze prosto ze snu. \u2013 \u2026kt\u00f3ra godzina?<\/p>\n\n\n\n<p>\u2013 Aaaah, ziemia si\u0119 rozst\u0105pi\u0142a! Wstaj\u0105cy skoro \u015bwit Ulrich Stern wita dzie\u0144 dopiero o jedenastej!<\/p>\n\n\n\n<p><em>\u201cChwil\u0119, o kt\u00f3rej?<\/em>\u201d<\/p>\n\n\n\n<p>Zaskoczony, odsun\u0105\u0142 telefon od ucha i pod\u015bwietli\u0142 ekran. Rzeczywi\u015bcie, przyjaciel nie robi\u0142 sobie z niego \u017cart\u00f3w. Zegarek pokazywa\u0142 mu dwie minuty po jedenastej.<\/p>\n\n\n\n<p>Mia\u0142 godzin\u0119. Cholera jasna, mia\u0142 godzin\u0119. Um\u00f3wi\u0142 si\u0119 z Oddem na dwunast\u0105, bo nast\u0119pnego dnia W\u0142och mia\u0142 wyje\u017cd\u017ca\u0107 na wakacje do rodziny. Nie b\u0119d\u0105 si\u0119 widzie\u0107 dobry miesi\u0105c.<\/p>\n\n\n\n<p>\u2013 Spoooko, doskonale rozumiem. Ah, wakacje. Wiesz co? Nie mog\u0119 si\u0119 sam doczeka\u0107. T\u0119skni\u0142em za w\u0142osk\u0105 kuchni\u0105 i wstawaniem po dziesi\u0105tej\u2026<\/p>\n\n\n\n<p>\u2013 Jasna cholera\u2026 nie, dobra, zd\u0105\u017c\u0119. Gdzie mieli\u015bmy si\u0119\u2026<\/p>\n\n\n\n<p>Zerwa\u0142 si\u0119 jak poparzony z \u0142\u00f3\u017cka i zaczepi\u0142 nog\u0105 o kabel od \u0142adowarki do laptopa. Zakl\u0105\u0142 szpetnie pod nosem i odkopn\u0105\u0142 j\u0105 bli\u017cej \u0142\u00f3\u017cka. Po powrocie b\u0119dzie musia\u0142 tu posprz\u0105ta\u0107. Dra\u017cni\u0142 go ten kabel. Musia\u0142 go sobie jako\u015b utkn\u0105\u0107.<\/p>\n\n\n\n<p>Co on b\u0119dzie robi\u0142, do cholery, przez te dwa miesi\u0105ce? To wydawa\u0142o si\u0119 zbyt spokojne. Co\u015b b\u0119dzie musia\u0142o pieprzn\u0105\u0107.<\/p>\n\n\n\n<p>Co\u015b zawsze musia\u0142o.<\/p>\n\n\n\n<p>Zawsze wstawa\u0142 maksymalnie o \u00f3smej. Tak, \u017ceby mie\u0107 czas na wyszykowanie si\u0119 przed zaj\u0119ciami, je\u017celi zaczyna\u0142 je czasami po tej dziesi\u0105tej. Cz\u0119sto wcze\u015bniej: to by\u0142 jego sta\u0142y, wyrobiony nawyk.<\/p>\n\n\n\n<p>Psioczy\u0142 pod nosem podczas rozmowy z Oddem, \u017ce przer\u017cn\u0105\u0142 czas.<\/p>\n\n\n\n<p>Potem sobie przypomnia\u0142, \u017ce pozwoli\u0142 sobie na granie do czwartej nad ranem. Normalnie by wy\u0142\u0105czy\u0142 wszystko maksymalnie o pierwszej, ale\u2026 wci\u0105gn\u0119\u0142o go.<\/p>\n\n\n\n<p>Na serwerze zacz\u0119\u0142a si\u0119 wrzawa, bo Weylin i Aratshaa dostali g\u0142upawki, z kt\u00f3rej to Runin zacz\u0105\u0142 robi\u0107 memy.<\/p>\n\n\n\n<p>Rien tylko co jaki\u015b czas wysy\u0142a\u0142 emotikon\u0119 popcornu.<\/p>\n\n\n\n<p>Ulrich za\u015b do\u0142\u0105czy\u0142 do grona obserwator\u00f3w, odwa\u017cnie zaznaczaj\u0105c swoj\u0105 obecno\u015b\u0107 gifem m\u0119\u017cczyzny zerkaj\u0105cego przez lornetk\u0119. Nie wiedzia\u0142, w kt\u00f3rym momencie sam si\u0119 wci\u0105gn\u0105\u0142 w ten bajzel: chyba zosta\u0142 gwiazd\u0105 dw\u00f3ch mem\u00f3w na szybko klejonych przez Runina. W pewnym momencie odkry\u0142, \u017ce do\u015b\u0107 ci\u0119\u017cko by\u0142o mu nie zacz\u0105\u0107 dusi\u0107 si\u0119 ze \u015bmiechu, ale nie chcia\u0142 budzi\u0107 mamy.<\/p>\n\n\n\n<p>Zreszt\u0105, to akurat wydawa\u0142o mu si\u0119 do\u015b\u0107 ryzykowne. Wci\u0105\u017c bada\u0142 jej podej\u015bcie: nie zostawa\u0142 z ni\u0105 nigdy sam na tak d\u0142ugo. Mama zawsze by\u0142a cieniem ojca\u2026 albo w jego cieniu. On gdzie\u015b zawsze naznacza\u0142 swoj\u0105 obecno\u015b\u0107. On zawsze gdzie\u015b by\u0142, jak duch. Nawet, je\u017celi by\u0142 teraz z daleka od nich i nie m\u00f3g\u0142 si\u0119 do nich zbli\u017cy\u0107.<\/p>\n\n\n\n<p>Zapowiedzia\u0142, \u017ce tak, wyrobi si\u0119 w godzin\u0119. Nawet nieca\u0142\u0105: umia\u0142 bi\u0107 rekordy i nie zapomnie\u0107 przy okazji swojego w\u0142asnego \u0142ba w sytuacjach, w kt\u00f3rych musia\u0142 by\u0107 gdzie\u015b na ju\u017c. Nauczy\u0142o go to\u2026 \u017cycie?<\/p>\n\n\n\n<p>Chyba m\u00f3g\u0142 to tak nazwa\u0107, je\u017celi latami bra\u0142o si\u0119 udzia\u0142 w wojnie ze sztuczn\u0105 inteligencj\u0105, w kt\u00f3rej liczy\u0142a si\u0119 ka\u017cda sekunda, a jednocze\u015bnie w\u0142asny dom przypomina\u0142 pole minowe.<\/p>\n\n\n\n<p>Szybki prysznic. Ch\u0142opak z blizn\u0105 na twarzy spojrza\u0142 na niego po przetarciu zaparowanego lustra.<\/p>\n\n\n\n<p>Prze\u0142kn\u0105\u0142 \u015blin\u0119 i oderwa\u0142 wzrok.<\/p>\n\n\n\n<p>Wpad\u0142 do kuchni, szybko zjad\u0142 ledwie dopieczonego tosta. Zarzuci\u0142 na rami\u0119 plecak, poprawi\u0142 koszulk\u0119 i zawi\u0105za\u0142 sznur\u00f3wki trampek w przedpokoju.<\/p>\n\n\n\n<p>\u2013 Mamo, wychodz\u0119 z Oddem! Wr\u00f3c\u0119 do czwartej, i\u2026<\/p>\n\n\n\n<p>\u2013 Nie przejmuj si\u0119!<\/p>\n\n\n\n<p>\u2013 Ale\u2026 m\u00f3wi\u0142a\u015b, \u017ce ciocia\u2026<\/p>\n\n\n\n<p>\u2013 Dobra, ciotk\u0119 to zajm\u0119, nie musisz si\u0119 o to martwi\u0107.<\/p>\n\n\n\n<p>Telefon zabrz\u0119cza\u0142 ponownie. Mama wychyli\u0142a si\u0119 do przedpokoju. Ulrich kr\u00f3tko zerkn\u0105\u0142 na wy\u015bwietlacz w celu sprawdzenia, czy to Odd i jak bardzo m\u00f3g\u0142 by\u0107 ju\u017c sp\u00f3\u017aniony.<\/p>\n\n\n\n<p>\u2013 Le\u0107, le\u0107. To pewnie Odd, niecierpliwi si\u0119.<\/p>\n\n\n\n<p>\u2013 W-wr\u00f3c\u0119 o\u2026<\/p>\n\n\n\n<p>\u2013 Daj spok\u00f3j. Baw si\u0119 dobrze!<\/p>\n\n\n\n<p>Nie poznawa\u0142 jej.<\/p>\n\n\n\n<p>Nie umia\u0142 dopasowa\u0107 tego wszystkiego do siebie. Mama w nowym wydaniu, od rozwodu by\u0142a kompletnie inna.<\/p>\n\n\n\n<p>I to nie by\u0142y wiadomo\u015bci od Odda, tylko ping z serwera.<\/p>\n\n\n\n<p><em>Wey_lin_53: To kto dzisiaj na rajd?<\/em><\/p>\n\n\n\n<p><em>\u201cCh\u0119tnie\u201d.<\/em><\/p>\n\n\n\n<p>Ale, zanim znowu b\u0119dzie robi\u0142 za klauna jako Beautiful_disaster\u2026 znowu trzeba by\u0142o sta\u0107 si\u0119 tym starym Ulrichem. Poprawi\u0142 w\u0142osy przy prawym oku i m\u00f3g\u0142 wyj\u015b\u0107 na zewn\u0105trz.<\/p>\n\n\n\n<p>Mia\u0142 poczucie, \u017ce wolno\u015b\u0107 zwi\u0105zana z byciem nie tak do ko\u0144ca znanym z imienia by\u0142a w pewien spos\u00f3b wyzwalaj\u0105ca\u2026 i uzale\u017cniaj\u0105ca.<\/p>\n\n\n\n<p><\/p>\n\n\n\n<p><em>Autorka: Morrigan<\/em><\/p>\n","protected":false},"excerpt":{"rendered":"<p>Rien gra\u0142 w Valaryna od dw\u00f3ch lat na prywatnym serwerze. Mia\u0142 podej\u015bcie do oficjalnej wersji, ale ta mu kompletnie nie odpowiada\u0142a przez zawarty w niej model p\u0142atno\u015bci. Pewnie by rzuci\u0142 gr\u0119, gdyby nie natrafi\u0142 na wersj\u0119 stoj\u0105c\u0105 na \u201cprivie\u201d, w kt\u00f3rej nie trzeba by\u0142o a\u017c tak obawia\u0107 si\u0119 graczy ze wszelkimi profitami z przer\u00f3\u017cnych, wykupywanych &hellip;<br \/><a href=\"https:\/\/kodlyoko.pl\/index.php\/artykuly\/opowiadania\/serie\/valaryn-shattered-heavens\/02-beautiful_disaster\/\" class=\"more-link pen_button pen_element_default pen_icon_arrow_double\">Read more<\/a><\/p>\n","protected":false},"author":2,"featured_media":0,"parent":4063,"menu_order":0,"comment_status":"closed","ping_status":"closed","template":"","meta":{"footnotes":""},"categories":[66],"tags":[],"class_list":["post-4088","page","type-page","status-publish","hentry","category-artykuly-valaryn-shattered-heavens"],"_links":{"self":[{"href":"https:\/\/kodlyoko.pl\/index.php\/wp-json\/wp\/v2\/pages\/4088","targetHints":{"allow":["GET"]}}],"collection":[{"href":"https:\/\/kodlyoko.pl\/index.php\/wp-json\/wp\/v2\/pages"}],"about":[{"href":"https:\/\/kodlyoko.pl\/index.php\/wp-json\/wp\/v2\/types\/page"}],"author":[{"embeddable":true,"href":"https:\/\/kodlyoko.pl\/index.php\/wp-json\/wp\/v2\/users\/2"}],"replies":[{"embeddable":true,"href":"https:\/\/kodlyoko.pl\/index.php\/wp-json\/wp\/v2\/comments?post=4088"}],"version-history":[{"count":2,"href":"https:\/\/kodlyoko.pl\/index.php\/wp-json\/wp\/v2\/pages\/4088\/revisions"}],"predecessor-version":[{"id":4093,"href":"https:\/\/kodlyoko.pl\/index.php\/wp-json\/wp\/v2\/pages\/4088\/revisions\/4093"}],"up":[{"embeddable":true,"href":"https:\/\/kodlyoko.pl\/index.php\/wp-json\/wp\/v2\/pages\/4063"}],"wp:attachment":[{"href":"https:\/\/kodlyoko.pl\/index.php\/wp-json\/wp\/v2\/media?parent=4088"}],"wp:term":[{"taxonomy":"category","embeddable":true,"href":"https:\/\/kodlyoko.pl\/index.php\/wp-json\/wp\/v2\/categories?post=4088"},{"taxonomy":"post_tag","embeddable":true,"href":"https:\/\/kodlyoko.pl\/index.php\/wp-json\/wp\/v2\/tags?post=4088"}],"curies":[{"name":"wp","href":"https:\/\/api.w.org\/{rel}","templated":true}]}}