{"id":365,"date":"2021-04-14T15:54:17","date_gmt":"2021-04-14T15:54:17","guid":{"rendered":"http:\/\/kodlyoko.pl\/?page_id=365"},"modified":"2021-04-14T15:54:19","modified_gmt":"2021-04-14T15:54:19","slug":"rozdzial-9-okrutne-zarty","status":"publish","type":"page","link":"https:\/\/kodlyoko.pl\/index.php\/artykuly\/redaktorskie\/wspomnienia-redaktora\/rozdzial-9-okrutne-zarty\/","title":{"rendered":"Rozdzia\u0142 9 \u2013 Okrutne \u017carty"},"content":{"rendered":"\n<p class=\"has-drop-cap\">Pierwszy kwietnia, Poniedzia\u0142ek Wielkanocny. Pogoda zrobi\u0142a psikusa adekwatnego do dnia i tym razem \u015amigus-Dyngus m\u00f3g\u0142 odby\u0107 si\u0119 nie poprzez polewanie wod\u0105, a obrzucanie \u015bnie\u017ckami. Zreszt\u0105 ju\u017c od pewnego czasu zacz\u0119\u0142a objawia\u0107 si\u0119 nowa \u015bwiecka tradycja \u2013 \u015bnieg wielkanocny i b\u0142oto na Bo\u017ce Narodzenie. Co prawda to by\u0142 dzie\u0144 \u015bwi\u0105teczny, jednak nauczony ju\u017c pewnym do\u015bwiadczeniem pracy na stronie, a tak\u017ce tak\u0105 wieloletni\u0105 praktyk\u0105 obserwowania wiadomo\u015bci wszelakich, wiedzia\u0142em \u017ce nawet gdy jest \u015bwi\u0119to, to co\u015b si\u0119 mo\u017ce sta\u0107. I si\u0119 sta\u0142o.<\/p>\n\n\n\n<p>Przyznam si\u0119, \u017ce nie jestem wielkim zwolennikiem Prima Aprilis. Owszem, niekt\u00f3re rzeczy przygotowywane i prezentowane w mediach mnie \u015bmiesz\u0105 bo faktycznie s\u0105 zabawne, jednak w wielu przypadkach to s\u0105 g\u0142upoty. Inna sprawa \u017ce obecnie, ogl\u0105daj\u0105c na przyk\u0142ad rz\u0105dow\u0105 TVP, wychodzi na to \u017ce ten Prima Aprilis trwa nieprzerwanie (nawet by\u0142a taka piosenka w stare\u0144kim programie \u201ePolskie ZOO\u201d. To sz\u0142o tak: \u201ePrima Aprilis teraz trwa\/w naszej ojczy\u017anie ca\u0142y rok\u201d. Nagrano to chyba w \u201892 roku). Ale \u017ce tradycje trzeba podtrzymywa\u0107, tote\u017c i my w redakcji my\u015bleli\u015bmy nad tym, jaki to \u017carcik pu\u015bci\u0107. Chcieli\u015bmy da\u0107 drobne niby-przecieki na temat tego, co zdarzy si\u0119 w ostatnich odcinkach Evolution. Oczywi\u015bcie do\u015bpiewuj\u0105c legend\u0119, \u017ce to z francuskich for\u00f3w albo z prasy telewizyjnej. By\u0142o co\u015b o matce Aelity, \u017ce ujawni si\u0119 w przedostatnim odcinku i wtedy oka\u017ce si\u0119, \u017ce przez ten ca\u0142y czas by\u0142a w szopie w Kadic (wiecie, tej co grabki trzymano, z niej wylaz\u0142 Mi\u015b Godzilla). By\u0142o te\u017c co\u015b o Ulumi, \u017ce Ulrich wyzna Yumi to, co do niej czuje, w 26 odcinku serii. Og\u00f3lnie wszystko mieli\u015bmy dopi\u0119te, wystarczy\u0142o to tylko pu\u015bci\u0107. Um\u00f3wili\u015bmy si\u0119, \u017ce zajm\u0119 si\u0119 tym 1 kwietnia po po\u0142udniu.<\/p>\n\n\n\n<p>Nadszed\u0142 ten dzie\u0144. Rutynowo zacz\u0105\u0142em od sprawdzenia skrzynek, nie by\u0142o nic pilnego. Nast\u0119pnie zajrza\u0142em na zagraniczne strony w poszukiwaniu wie\u015bci, kt\u00f3re mo\u017cna by przekaza\u0107. CodeLyoko.fr tego dnia niczego nowego nie zamie\u015bci\u0142o. Inaczej rzecz wygl\u0105da\u0142a w przypadku CodeLyoko.net, tam by\u0142 artyku\u0142 zatytu\u0142owany \u201eNie b\u0119dzie 2 sezonu CL:E\u201d. Zaintrygowany wrzuci\u0142em tre\u015b\u0107 do t\u0142umacza. Tekst by\u0142 bardzo powa\u017cny w tonie, na pocz\u0105tku stawiano pytanie, co dalej z serialem, redakcja tamtej strony si\u0119 nad tym zastanawia\u0142a. Przytoczono wypowiedzi Melanie i Quentina z twitcama maj\u0105cego miejsce tydzie\u0144 wcze\u015bniej w\u0142a\u015bnie na temat kontynuacji. Melanie uwa\u017ca\u0142a, \u017ce nowej serii raczej nie b\u0119dzie, natomiast Quentin posiada\u0142 nieoficjalne informacje, \u017ce Evolution b\u0119dzie kontynuowane, ale najwcze\u015bniej w 2014 roku. Nast\u0119pnie podano, \u017ce redakcja CodeLyoko.net dotar\u0142a do tre\u015bci maili przesy\u0142anych sieci\u0105 wewn\u0119trzn\u0105 pomi\u0119dzy pracownikami MoonScoopa. Wynika\u0142o z nich, \u017ce ogl\u0105dalno\u015b\u0107 jest mizerna, nie ma powt\u00f3rki z tego, co dzia\u0142o si\u0119 przy poprzednich sezonach, a po 7 odcinku widz\u00f3w ubywa\u0142o jeszcze bardziej. Dlatego te\u017c francuska telewizja postanowi\u0142a jak najszybciej zako\u0144czy\u0107 emisj\u0119, nie robi\u0105c przerwy po 13 odcinku i zast\u0105pi\u0107 Evolution kresk\u00f3wk\u0105 dla ma\u0142ych dzieci \u201eMy Little Pony\u201d. Oznacza\u0142o to jednocze\u015bnie, \u017ce MoonScoop mia\u0142 ju\u017c nie produkowa\u0107 serialu.<\/p>\n\n\n\n<p>Gdy to przeczyta\u0142em, by\u0142em zaszokowany. Zacz\u0105\u0142em uk\u0142ada\u0107 depesz\u0119 po polsku, w mi\u0119dzyczasie informuj\u0105c TheLyokofana19, \u017ce te \u017carciki, kt\u00f3re przygotowali\u015bmy, musz\u0105 spa\u015b\u0107, bo mam o wiele grubsz\u0105 spraw\u0119. Oczywi\u015bcie mia\u0142em \u015bwiadomo\u015b\u0107 tego, \u017ce to mo\u017ce by\u0107 \u017cart na 1 kwietnia, i zaznaczy\u0142em to w tek\u015bcie, kt\u00f3ry zosta\u0142 u nas opublikowany. Jednak kilka czynnik\u00f3w kaza\u0142o mi nieco w to w\u0105tpi\u0107. Po pierwsze: Francuzi cytowali s\u0142owa Melanie i Quentina, one by\u0142y prawdziwe, bo sam o tym pisa\u0142em kilka dni wcze\u015bniej. Po drugie: tekst by\u0142 napisany w zbyt powa\u017cny spos\u00f3b, by traktowa\u0107 to tylko jako wyg\u0142upy. Po trzecie: publikacja takiej informacji w\u0142a\u015bnie 1 kwietnia mog\u0142a mie\u0107 na celu pewne u\u015bpienie czujno\u015bci. Wielu czytelnik\u00f3w mog\u0142o faktycznie pomy\u015ble\u0107 \u201ee tam, pierdo\u0142y, dzisiaj pierwszy kwietnia, to pewnie jakie\u015b banialuki\u201d, \u017ceby potem, po pewnym czasie, obudzi\u0107 si\u0119 z r\u0119k\u0105 w nocniku. Niemniej jednak asekuracyjnie zamie\u015bci\u0142em zdanie o tym, \u017ce ta wiadomo\u015b\u0107 mo\u017ce zosta\u0107 zdementowana i \u017ce jak tylko takie dementi pojawi si\u0119 w internecie, to poinformujemy o tym. Zamie\u015bcili\u015bmy tekst i czekali\u015bmy na reakcje fan\u00f3w, obserwuj\u0105c te\u017c to, co dzieje si\u0119 we Francji.<\/p>\n\n\n\n<p>Zar\u00f3wno u nas, jak i w ojczy\u017anie Lyoko, oburzenie by\u0142o spore. Nasz admin skomentowa\u0142 to dosadnie \u201eChyba ich popierdoli\u0142o\u201d. Podobne by\u0142y reakcje innych os\u00f3b. Czu\u0107 by\u0142o ten \u017cal, \u017ce historia, kt\u00f3r\u0105 kontynuowano po tylu latach oczekiwana, b\u0119dzie tak gwa\u0142townie uci\u0119ta w zasadzie bez jakiego\u015b konkretnego powodu opr\u00f3cz spadaj\u0105cej ogl\u0105dalno\u015bci. We Francji nastroje wr\u0119cz grobowe, pojawia\u0142y si\u0119 wpisy m\u00f3wi\u0105ce wprost \u201eCode Lyoko est mort\u201d. Dochodzi\u0142y do tego tak\u017ce wyrazy z\u0142o\u015bci na kierownictwo francuskiej TV, kt\u00f3ra zamierza\u0142a dawa\u0107 w miejsce jednego z najwi\u0119kszych dzie\u0142 francuskiej kinematografii jak\u0105\u015b kresk\u00f3wk\u0119 dla ma\u0142ych dzieci o gadaj\u0105cych kucykach, cho\u0107 wiadomo by\u0142o, \u017ce w og\u00f3le to nie pasuje do grupy docelowej, jaka mia\u0142a zwyczaj zasiada\u0107 przed telewizorami w porze emisji Evolution. W Polsce akurat ten aspekt zast\u0105pienia Lyoko kucykami nie by\u0142 a\u017c tak eksponowany, o ile w og\u00f3le kto\u015b to wspomina\u0142, wynika\u0142o to z faktu i\u017c wtedy nie byli\u015bmy jeszcze na etapie panoszenia si\u0119 psychofan\u00f3w kucyk\u00f3w w ka\u017cdym dos\u0142ownie miejscu, tytu\u0142 planktonu sieci dzier\u017cy\u0142y mocno, dziel\u0105c si\u0119 nim na p\u00f3\u0142, psychofanki One Direction oraz Justina Biebera (obecnie gatunek na wymarciu, bo Bieber z roz\u015bpiewanej ma\u0142py sta\u0142 si\u0119 ma\u0142p\u0105 pij\u0105c\u0105, a 1D dawno temu ju\u017c og\u0142osi\u0142o koniec kariery, nazywany przerw\u0105 dla mniejszego strachu psychofanek i mniejszego zysku firmy Gillette). Poza tym wtedy te\u017c mo\u017cna by\u0142o otwarcie krytykowa\u0107 kresk\u00f3wk\u0119 o kucykach bez nara\u017cania si\u0119 na jakie\u015b bany, bo i tak wi\u0119kszo\u015b\u0107 mia\u0142a wywalone, nie m\u00f3wi\u0105c ju\u017c o tym, \u017ce w 2013 nikt nawet nie my\u015bla\u0142 o \u0142\u0105czeniu tego z CL i m\u00f3wieniu \u017ce to dla dobra fandomu i popularyzacji kresk\u00f3wki, to by\u0142o nieco p\u00f3\u017aniej.<\/p>\n\n\n\n<p>W do\u015b\u0107 smutnych nastrojach przeszli\u015bmy do 2 kwietnia. Okaza\u0142o si\u0119, \u017ce wszystko, co poda\u0142a CodeLyoko.net, to \u017cart. Szczerze m\u00f3wi\u0105c by\u0142 to bardzo \u017ca\u0142osny dowcip, mnie on w og\u00f3le nie bawi\u0142, tak samo jak znacznej wi\u0119kszo\u015bci fan\u00f3w. Dobr\u0105 stron\u0105 by\u0142o to, \u017ce mogli\u015bmy pu\u015bci\u0107 dementi, a przysz\u0142o\u015b\u0107 serialu wci\u0105\u017c by\u0142a otwarta. Francuska telewizja nie zamierza\u0142a emitowa\u0107 serialu o kucykach, co wszyscy przyj\u0119li z ulg\u0105, gdy\u017c we Francji panowa\u0142a opinia, \u017ce takich rzeczy kana\u0142 publiczny raczej nie powinien emitowa\u0107. Ca\u0142a sprawa mia\u0142a jeszcze pewien do\u015b\u0107 osobliwy epilog\u2026<\/p>\n\n\n\n<p>W pewnym momencie na nasz\u0105 stron\u0119 wpad\u0142 Likki, postanowi\u0142 on skomentowa\u0107 ca\u0142\u0105 spraw\u0119. Napisa\u0142 komentarz w kt\u00f3rym wszystkich fan\u00f3w, kt\u00f3rzy cho\u0107 troch\u0119 przej\u0119li si\u0119 sytuacj\u0105, wyzwa\u0142 od autyst\u00f3w, stwierdzaj\u0105c przy tym, i\u017c ka\u017cdy normalny cz\u0142owiek wiedzia\u0142 niby od razu, \u017ce to \u017cart. Oczywi\u015bcie otrzyma\u0142 ripost\u0119, \u017ce w dniu publikacji ma\u0142o kto wiedzia\u0142, a napisanie o tym, wraz z zaznaczeniem, i\u017c to mo\u017ce by\u0107 \u017cart (czego Likki nie doczyta\u0142, dlatego naskakiwa\u0142 na redakcj\u0119) jest czym\u015b, co uznajemy za normalne, nie mogliby\u015bmy tego przemilcze\u0107. Naj\u015bmieszniejszy za\u015b, cho\u0107 chyba powinienem w sumie uzna\u0107 \u017ce najbardziej \u017ca\u0142osny w zachowaniu Likkiego, by\u0142 fakt, i\u017c sw\u00f3j komentarz napisa\u0142 on 2 kwietnia o 16:29. Dementi tej wie\u015bci wisia\u0142o na stronie od 10:00, Nie wiem, jak mo\u017cna by\u0142o tego nie zauwa\u017cy\u0107\u2026ale faktem jest, \u017ce potem ca\u0142\u0105 histori\u0119, bez mojego wyja\u015bnienia tego, dlaczego to pu\u015bci\u0142em i co napisa\u0142em, pr\u00f3bowano kolportowa\u0107 jako dow\u00f3d mojego rzekomego \u201eewolucjonazizmu\u201d.<\/p>\n\n\n\n<p>Na pocz\u0105tku kwietnia zdarzy\u0142a si\u0119 r\u00f3wnie\u017c inna do\u015b\u0107 nieweso\u0142a rzecz. Czwartego dnia tego miesi\u0105ca, 5 miesi\u0119cy po pierwszej wzmiance od Teletoona na temat emisji CL oraz Evolution w telewizji, og\u0142oszono nowy komunikat w tej sprawie. Na pocz\u0105tku m\u00f3wiono o tym, i\u017c prowadzono negocjacje w sprawie licencji na nadawanie serialu. Ju\u017c samo to by\u0142o nieco zastanawiaj\u0105ce, bo od ko\u0144ca grudnia 2012 by\u0142o wiadome z francuskiej strony \u2013 i potwierdza\u0142o to kierownictwo stacji \u2013 \u017ce licencja zosta\u0142a zakupiona. Potem za\u015b napisano \u201e<em>W obecnej chwili dotar\u0142y do nas wie\u015bci, \u017ce ze wzgl\u0119d\u00f3w formalnych musimy j\u0105 przesun\u0105\u0107 na drug\u0105 po\u0142ow\u0119 roku.\u201d.<\/em> Nie musz\u0119 m\u00f3wi\u0107, \u017ce fani w Polsce byli oburzeni. Dopiero co potwierdzano wersj\u0119 o maju jako ostateczn\u0105, a tu nagle na nieca\u0142y miesi\u0105c przed, w momencie gdy tak naprawd\u0119 trzeba by by\u0142o zacz\u0105\u0107 ju\u017c promocj\u0119 serialu cho\u0107by w social mediach, wykr\u0119caj\u0105 si\u0119 rzekomymi powodami formalnymi. Niestety nie wyci\u0105gni\u0119to ju\u017c, jakie to dok\u0142adnie powody. Ale i tak to by w sumie nic nie da\u0142o z jednego prostego powodu. Zwrot \u201epowody formalne\u201d w takiej sytuacji znaczy praktycznie nic. To pusta wym\u00f3wka dla mniej obeznanych w temacie. Ju\u017c wtedy wyczuwa\u0142em, \u017ce oni tak wcale si\u0119 nie pal\u0105 do emisji CL. Dla wi\u0119kszego absurdu ca\u0142ej sytuacji \u2013 dzie\u0144 p\u00f3\u017aniej ich biuro prasowe puszcza triumfaln\u0105 wiadomo\u015b\u0107, \u017ce oto pozyskali prawa do emisji\u2026 Smerf\u00f3w. Pomys\u0142 naprawd\u0119 bardzo m\u0105dry, stacja kodowana, nadaj\u0105ca tylko w sieciach kablowych i satelitarnych, wykupuje licencj\u0119 na emisj\u0119 kresk\u00f3wki znanej w Polsce od czas\u00f3w p\u00f3\u017anej, upadaj\u0105cej komuny i nadawanej w g\u0142\u00f3wnym programie Telewizji Polskiej, a od kilku miesi\u0119cy tak\u017ce w kanale dzieci\u0119cym publicznego nadawcy. O Smerfy nikt si\u0119 nawet nie pyta\u0142, nikt si\u0119 nie zaj\u0105kn\u0105\u0142, a niekt\u00f3rzy po komunikacie pisali \u017ce to powinno MiniMini nadawa\u0107, pojawi\u0142 si\u0119 te\u017c nasz lyokonerski w\u0105tek, czemu to my mamy czeka\u0107, cho\u0107 zainteresowanie jest spore i widownia te\u017c by dopisa\u0142a, a puszcza si\u0119 co\u015b, co i tak jest wa\u0142kowane na kilku og\u00f3lnodost\u0119pnych stacjach. Na to pytanie te\u017c nie poznali\u015bmy odpowiedzi.<\/p>\n","protected":false},"excerpt":{"rendered":"<p>Pierwszy kwietnia, Poniedzia\u0142ek Wielkanocny. Pogoda zrobi\u0142a psikusa adekwatnego do dnia i tym razem \u015amigus-Dyngus m\u00f3g\u0142 odby\u0107 si\u0119 nie poprzez polewanie wod\u0105, a obrzucanie \u015bnie\u017ckami. Zreszt\u0105 ju\u017c od pewnego czasu zacz\u0119\u0142a objawia\u0107 si\u0119 nowa \u015bwiecka tradycja \u2013 \u015bnieg wielkanocny i b\u0142oto na Bo\u017ce Narodzenie. Co prawda to by\u0142 dzie\u0144 \u015bwi\u0105teczny, jednak nauczony ju\u017c pewnym do\u015bwiadczeniem pracy &hellip;<br \/><a href=\"https:\/\/kodlyoko.pl\/index.php\/artykuly\/redaktorskie\/wspomnienia-redaktora\/rozdzial-9-okrutne-zarty\/\" class=\"more-link pen_button pen_element_default pen_icon_arrow_double\">Read more<\/a><\/p>\n","protected":false},"author":5,"featured_media":0,"parent":343,"menu_order":0,"comment_status":"open","ping_status":"closed","template":"","meta":{"footnotes":""},"categories":[24],"tags":[],"class_list":["post-365","page","type-page","status-publish","hentry","category-artykuly-wspomnienia-redaktora"],"_links":{"self":[{"href":"https:\/\/kodlyoko.pl\/index.php\/wp-json\/wp\/v2\/pages\/365","targetHints":{"allow":["GET"]}}],"collection":[{"href":"https:\/\/kodlyoko.pl\/index.php\/wp-json\/wp\/v2\/pages"}],"about":[{"href":"https:\/\/kodlyoko.pl\/index.php\/wp-json\/wp\/v2\/types\/page"}],"author":[{"embeddable":true,"href":"https:\/\/kodlyoko.pl\/index.php\/wp-json\/wp\/v2\/users\/5"}],"replies":[{"embeddable":true,"href":"https:\/\/kodlyoko.pl\/index.php\/wp-json\/wp\/v2\/comments?post=365"}],"version-history":[{"count":1,"href":"https:\/\/kodlyoko.pl\/index.php\/wp-json\/wp\/v2\/pages\/365\/revisions"}],"predecessor-version":[{"id":366,"href":"https:\/\/kodlyoko.pl\/index.php\/wp-json\/wp\/v2\/pages\/365\/revisions\/366"}],"up":[{"embeddable":true,"href":"https:\/\/kodlyoko.pl\/index.php\/wp-json\/wp\/v2\/pages\/343"}],"wp:attachment":[{"href":"https:\/\/kodlyoko.pl\/index.php\/wp-json\/wp\/v2\/media?parent=365"}],"wp:term":[{"taxonomy":"category","embeddable":true,"href":"https:\/\/kodlyoko.pl\/index.php\/wp-json\/wp\/v2\/categories?post=365"},{"taxonomy":"post_tag","embeddable":true,"href":"https:\/\/kodlyoko.pl\/index.php\/wp-json\/wp\/v2\/tags?post=365"}],"curies":[{"name":"wp","href":"https:\/\/api.w.org\/{rel}","templated":true}]}}