{"id":3239,"date":"2022-04-29T12:59:00","date_gmt":"2022-04-29T11:59:00","guid":{"rendered":"https:\/\/kodlyoko.pl\/?page_id=3239"},"modified":"2022-04-29T12:59:01","modified_gmt":"2022-04-29T11:59:01","slug":"poslanka-swietego-piotra","status":"publish","type":"page","link":"https:\/\/kodlyoko.pl\/index.php\/artykuly\/opowiadania\/serie\/cyfrowe-urywki\/poslanka-swietego-piotra\/","title":{"rendered":"Pos\u0142anka \u015bwi\u0119tego Piotra"},"content":{"rendered":"\n<p class=\"has-drop-cap\">B\u0119dziesz jutro?<\/p>\n\n\n\n<p>&#8211; B\u0119d\u0119, ciociu.<\/p>\n\n\n\n<p>&#8211; To dobrze. Chocia\u017c ty o nas pami\u0119tasz. Nie to, co tw\u00f3j brat.<\/p>\n\n\n\n<p>Nigdy nie lubi\u0142a tu przyje\u017cd\u017ca\u0107. Gdy zosta\u0142a zmuszana, aby odwiedza\u0107 to miejsce tylko po to, by wzi\u0105\u0107 udzia\u0142 w konkursie na najbardziej barokowy nagrobek, zak\u0142ada\u0142a czarny p\u0142aszcz, czapk\u0119, spodnie, buty oraz okulary przeciws\u0142oneczne. Zawsze \u017ale czu\u0142a si\u0119 tam niekomfortowo. Jakby jaka\u015b nieznana nikomu moc j\u0105 obserwowa\u0142a.<\/p>\n\n\n\n<p>W\u0142\u0105cza na chwil\u0119 radio, kt\u00f3re po sekundzie wy\u0142\u0105cza. W aucie rozbrzmia\u0142o tylko jedno zdanie:<\/p>\n\n\n\n<p><em>It\u2019s a lonely road\u2026<\/em><\/p>\n\n\n\n<p>&#8211; Jestem prawie na miejscu. Za godzin\u0119 b\u0119d\u0119 u was \u2013 odpowiada niech\u0119tnie, po czym roz\u0142\u0105cza si\u0119. Stoi przed ogromn\u0105 bram\u0105, kt\u00f3rej nie broni \u015bwi\u0119ty Piotr. Nikogo tu nie ma, kto w ka\u017cdej chwili m\u00f3g\u0142by jej nie wpu\u015bci\u0107. Za co? Za wszystko, co ka\u017cdemu wyrz\u0105dzi\u0142a.<\/p>\n\n\n\n<p>Bierze g\u0142\u0119boki wdech i spokojnie wchodzi. Zapali\u0107 i wyj\u015b\u0107. To takie proste. Ka\u017cdy tak potrafi.<\/p>\n\n\n\n<p>Gdy zbli\u017ca si\u0119 do ko\u0144ca, zauwa\u017ca r\u00f3\u017cow\u0105, puchow\u0105 kurtk\u0119 oraz czarn\u0105 czapk\u0119. Zaskoczona zatrzymuje si\u0119 i podchodzi do pustej \u0142awki. Chwyta w d\u0142onie ubrania. Czuje ich lekko\u015b\u0107 oraz wewn\u0119trzny spok\u00f3j, jakby przynosi\u0142y dobr\u0105 energi\u0119 ka\u017cdemu, kto je chwyci.<\/p>\n\n\n\n<p>&#8211; To moje.<\/p>\n\n\n\n<p>Przera\u017cona odwraca si\u0119, a kurtka spada na przymarzni\u0119te i niezgrabione li\u015bcie, nie wydaj\u0105c \u017cadnego d\u017awi\u0119ku. Zauwa\u017ca ma\u0142\u0105 dziewczynk\u0119. Co w niej jako pierwsze widzi, to b\u0142\u0119kitne oczy i d\u0142ugie, z\u0142ote, falowane w\u0142osy. Na nogach ma jednego buta br\u0105zowego, a drugiego \u2013 czarnego. Zwiewna blador\u00f3\u017cowa sukienka ta\u0144czy, jak jej gra coraz to mocniejszy wiatr.<\/p>\n\n\n\n<p>&#8211; Dlaczego je zostawi\u0142a\u015b?<\/p>\n\n\n\n<p>&#8211; Czeka\u0142am na ciebie.<\/p>\n\n\n\n<p>&#8211; Na mnie?<\/p>\n\n\n\n<p><em>G\u0142upie pytania zadajesz.<\/em><\/p>\n\n\n\n<p>Czy to kolejna wnuczka cioci? Nie pami\u0119ta tej dziewczynki. Mo\u017ce si\u0119 zgubi\u0142a?<\/p>\n\n\n\n<p><em>My\u015bl dziewczyno, my\u015bl.<\/em><\/p>\n\n\n\n<p>&#8211; Za\u0142\u00f3\u017c kurtk\u0119, ch\u0142odno jest \u2013 m\u00f3wi.<\/p>\n\n\n\n<p>&#8211; Nie musz\u0119. P\u00f3jdziesz ze mn\u0105?<\/p>\n\n\n\n<p>&#8211; Dok\u0105d? \u2013 pyta coraz bardziej sko\u0142owana blondynk\u0119.<\/p>\n\n\n\n<p>&#8211; Prosz\u0119.<\/p>\n\n\n\n<p><em>No i jak ty si\u0119 wyt\u0142umaczysz si\u0119 ciotce?&nbsp; <\/em>Nic nie m\u00f3wi dalej, tylko podaje praw\u0105 d\u0142o\u0144. Czuje ciep\u0142o z male\u0144kiej r\u0105czki, pomimo panuj\u0105cego mrozu na dworze. Spogl\u0105da nie\u015bmia\u0142o na dziecko. U\u015bmiecha si\u0119 do niego niepewnie, po czym dziewczyna zaczyna j\u0105 prowadzi\u0107 \u015bcie\u017ck\u0105 pe\u0142n\u0105 kocich \u0142b\u00f3w. Id\u0105 sobie spokojnie, specjalnie zwalnia, aby dziewczynka mog\u0142a dotrzymywa\u0107 jej kroku.<\/p>\n\n\n\n<p>Jej my\u015bli ca\u0142y czas kr\u0105\u017c\u0105 wok\u00f3\u0142 nieznanego dziecka. Nie wie ca\u0142y czas, dlaczego zostawi\u0142a t\u0119 kurtk\u0119 i czapk\u0119 na \u0142awce w chwili, kiedy akurat przechodzi\u0142a.<\/p>\n\n\n\n<p>Dlaczego akurat na ni\u0105 musia\u0142a dziewczynka czeka\u0107?<\/p>\n\n\n\n<p>Dlaczego nie ubra\u0142a rzeczy, kt\u00f3re znalaz\u0142a?<\/p>\n\n\n\n<p>I przede wszystkim \u2013 dlaczego zgodzi\u0142a si\u0119 i\u015b\u0107 za ni\u0105?<\/p>\n\n\n\n<p><em>Tyle masz do niej pyta\u0144, a jednak si\u0119 nie odzywasz<\/em>. Kolejne metry \u015bcie\u017cki zmieniaj\u0105 si\u0119 systematycznie. Udeptana ziemia zamieni\u0142a si\u0119 miejscami z kocimi \u0142bami, a te na mokry asfalt. Nigdy nie widzia\u0142a tej cz\u0119\u015bci miejsca, pomimo tego, \u017ce co roku tutaj przyje\u017cd\u017ca. Czy w ten spos\u00f3b dziewczynka chce jej co\u015b powiedzie\u0107?<\/p>\n\n\n\n<p>Zauwa\u017ca kolejn\u0105 bram\u0119. Tak samo ogromna i wystawna, jak ta pierwsza. R\u00f3\u017cnic\u0119 stanowi\u0142 jedynie kolor \u2013 jest ona bia\u0142a, jakby przed chwil\u0105 kto\u015b j\u0105 specjalnie pomalowa\u0142. W oddali zauwa\u017ca dwie, doskonale jej znane sylwetki.<\/p>\n\n\n\n<p><em>To niemo\u017cliwe.<\/em><\/p>\n\n\n\n<p>Nagle dziewczynka j\u0105 puszcza. Spogl\u0105da raz na ni\u0105, to na dwie postacie. Anio\u0142ek w z\u0142otych w\u0142osach jedynie potakuje g\u0142ow\u0105.<\/p>\n\n\n\n<p>&#8211; Przyjecha\u0142a\u015b. T\u0119sknili\u015bmy.<\/p>\n\n\n\n<p><\/p>\n\n\n\n<p><em>Autorka: Azize<\/em><\/p>\n","protected":false},"excerpt":{"rendered":"<p>B\u0119dziesz jutro? &#8211; B\u0119d\u0119, ciociu. &#8211; To dobrze. Chocia\u017c ty o nas pami\u0119tasz. Nie to, co tw\u00f3j brat. Nigdy nie lubi\u0142a tu przyje\u017cd\u017ca\u0107. Gdy zosta\u0142a zmuszana, aby odwiedza\u0107 to miejsce tylko po to, by wzi\u0105\u0107 udzia\u0142 w konkursie na najbardziej barokowy nagrobek, zak\u0142ada\u0142a czarny p\u0142aszcz, czapk\u0119, spodnie, buty oraz okulary przeciws\u0142oneczne. Zawsze \u017ale czu\u0142a si\u0119 &hellip;<br \/><a href=\"https:\/\/kodlyoko.pl\/index.php\/artykuly\/opowiadania\/serie\/cyfrowe-urywki\/poslanka-swietego-piotra\/\" class=\"more-link pen_button pen_element_default pen_icon_arrow_double\">Read more<\/a><\/p>\n","protected":false},"author":4,"featured_media":0,"parent":544,"menu_order":0,"comment_status":"open","ping_status":"closed","template":"","meta":{"footnotes":""},"categories":[37],"tags":[],"class_list":["post-3239","page","type-page","status-publish","hentry","category-artykuly-cyfrowe-urywki"],"_links":{"self":[{"href":"https:\/\/kodlyoko.pl\/index.php\/wp-json\/wp\/v2\/pages\/3239","targetHints":{"allow":["GET"]}}],"collection":[{"href":"https:\/\/kodlyoko.pl\/index.php\/wp-json\/wp\/v2\/pages"}],"about":[{"href":"https:\/\/kodlyoko.pl\/index.php\/wp-json\/wp\/v2\/types\/page"}],"author":[{"embeddable":true,"href":"https:\/\/kodlyoko.pl\/index.php\/wp-json\/wp\/v2\/users\/4"}],"replies":[{"embeddable":true,"href":"https:\/\/kodlyoko.pl\/index.php\/wp-json\/wp\/v2\/comments?post=3239"}],"version-history":[{"count":1,"href":"https:\/\/kodlyoko.pl\/index.php\/wp-json\/wp\/v2\/pages\/3239\/revisions"}],"predecessor-version":[{"id":3240,"href":"https:\/\/kodlyoko.pl\/index.php\/wp-json\/wp\/v2\/pages\/3239\/revisions\/3240"}],"up":[{"embeddable":true,"href":"https:\/\/kodlyoko.pl\/index.php\/wp-json\/wp\/v2\/pages\/544"}],"wp:attachment":[{"href":"https:\/\/kodlyoko.pl\/index.php\/wp-json\/wp\/v2\/media?parent=3239"}],"wp:term":[{"taxonomy":"category","embeddable":true,"href":"https:\/\/kodlyoko.pl\/index.php\/wp-json\/wp\/v2\/categories?post=3239"},{"taxonomy":"post_tag","embeddable":true,"href":"https:\/\/kodlyoko.pl\/index.php\/wp-json\/wp\/v2\/tags?post=3239"}],"curies":[{"name":"wp","href":"https:\/\/api.w.org\/{rel}","templated":true}]}}