{"id":3107,"date":"2022-02-20T22:27:56","date_gmt":"2022-02-20T21:27:56","guid":{"rendered":"https:\/\/kodlyoko.pl\/?page_id=3107"},"modified":"2022-02-28T00:04:32","modified_gmt":"2022-02-27T23:04:32","slug":"tytul-roboczy-dusza-code-lyoko-wiecznie-zywa","status":"publish","type":"page","link":"https:\/\/kodlyoko.pl\/index.php\/artykuly\/redaktorskie\/felietony\/tytul-roboczy-dusza-code-lyoko-wiecznie-zywa\/","title":{"rendered":"Code Lyoko 2.0"},"content":{"rendered":"\n<p>Niniejszy artyku\u0142 jest wynikiem prac Mayakovskiego, kt\u00f3ry wykona\u0142 research i powyci\u0105ga\u0142 poni\u017csze dane. Zosta\u0142y one potem upakowane w jeden tekst przez Wykl\u0119tego. Je\u017celi chcecie kogo\u015b chwali\u0107: All hail the Mayakovsky!<\/p>\n\n\n\n<p><\/p>\n\n\n\n<p>Od stosunkowo niedawna zacz\u0119\u0142y od czasu do czasu pojawia\u0107 si\u0119 informacje wskazuj\u0105ce \u017ce Code Lyoko wci\u0105\u017c jest pami\u0119tane przez Mediatoon. Ka\u017cda nast\u0119pna rzecz by\u0142a nieco grubsza od poprzedniej. Na pocz\u0105tku po prostu pojawi\u0142 si\u0119 oficjalny kana\u0142 CL na YouTubie z starymi odcinkami w kilku j\u0119zykach. Potem, na oficjalnym kanale Republiki Francuskiej na Reddicie pojawi\u0142 si\u0119 ledwo na moment banner z postaciami naszej ulubionej kresk\u00f3wki, rysowanej na nowej kresce. Jeszcze potem gruchn\u0119\u0142a nam wie\u015b\u0107, \u017ce Mediatoon zatrudni\u0142 oficjaln\u0105 cosplayerk\u0119 Yumi, oryginalny autor piosenki <em>World without danger<\/em> robi jej remastera, za\u015b Hiszpa\u0144ski fandom maj\u0105cy kontakty z Mediatoonem da\u0142 wyra\u017anie do zrozumienia \u017ce firma robi z Code Lyoko CO\u015a. Ca\u0142o\u015b\u0107 zacz\u0119\u0142a nas przyprawia\u0107 o nadziej\u0119 mo\u017cliwej kontynuacji, Mayakovski wi\u0119c postanowi\u0142 pogrzeba\u0107 i zorientowa\u0107 si\u0119 jak stary na obecne czasy <em>Code Lyoko<\/em> trzyma si\u0119 na tle innych produkcji publikowanych przez Mediatoona.<\/p>\n\n\n\n<div class=\"wp-block-image\"><figure class=\"aligncenter size-full\"><img loading=\"lazy\" decoding=\"async\" width=\"1260\" height=\"970\" src=\"https:\/\/kodlyoko.pl\/wp-content\/uploads\/2022\/02\/Strona-glowna-Mediatoon.png\" alt=\"\" class=\"wp-image-3108\" srcset=\"https:\/\/kodlyoko.pl\/wp-content\/uploads\/2022\/02\/Strona-glowna-Mediatoon.png 1260w, https:\/\/kodlyoko.pl\/wp-content\/uploads\/2022\/02\/Strona-glowna-Mediatoon-300x231.png 300w, https:\/\/kodlyoko.pl\/wp-content\/uploads\/2022\/02\/Strona-glowna-Mediatoon-768x591.png 768w\" sizes=\"auto, (max-width: 1260px) 100vw, 1260px\" \/><\/figure><\/div>\n\n\n\n<p class=\"has-text-align-center\"><sup>Zdj\u0119cie listy produkcji na stronie g\u0142\u00f3wnej Mediatoon, 20 lutego 2022 r.<\/sup><\/p>\n\n\n\n<p>Jest na zdj\u0119ciu powy\u017cej jedna rzecz, kt\u00f3ra mo\u017ce zwraca\u0107 uwag\u0119. <em>Linkers: Secred codes<\/em>, brzmi dziwnie znajomo z <em>Code Lyoko<\/em>. Ciekawiej si\u0119 robi, gdy po wej\u015bciu na odpowiedni\u0105 podstron\u0119 przeczytamy opis Linkers\u00f3w:<\/p>\n\n\n\n<div class=\"wp-block-image\"><figure class=\"aligncenter size-full\"><img loading=\"lazy\" decoding=\"async\" width=\"818\" height=\"158\" src=\"https:\/\/kodlyoko.pl\/wp-content\/uploads\/2022\/02\/Linkersi-opis.png\" alt=\"\" class=\"wp-image-3111\" srcset=\"https:\/\/kodlyoko.pl\/wp-content\/uploads\/2022\/02\/Linkersi-opis.png 818w, https:\/\/kodlyoko.pl\/wp-content\/uploads\/2022\/02\/Linkersi-opis-300x58.png 300w, https:\/\/kodlyoko.pl\/wp-content\/uploads\/2022\/02\/Linkersi-opis-768x148.png 768w\" sizes=\"auto, (max-width: 818px) 100vw, 818px\" \/><\/figure><\/div>\n\n\n\n<p class=\"has-text-align-center\"><sup>Zdj\u0119cie oryginalnego opisu Linkers\u00f3w<\/sup><\/p>\n\n\n\n<pre class=\"wp-block-verse\">Spr\u00f3buj nowej gry... \u017cycia!\nLune, Dragon, Mei, Peach oraz Tess nigdy wcze\u015bniej nie widzieli si\u0119 na oczy a\u017c do momentu gdy zostali zaproszeni do domku g\u00f3rskiego przez ich internetowego przyjaciela, producenta gier i komputerowego geniusza: Cassiela, kt\u00f3rego nigdzie jednak nie da\u0142o si\u0119 znale\u017a\u0107...\n\nPi\u0105tka nastolatk\u00f3w musi nauczy\u0107 si\u0119 jak ze sob\u0105 wsp\u00f3\u0142pracowa\u0107, aby ocali\u0107 ich przyjaciela uwi\u0119zionego we w\u0142asnej grze. Szybko potem ich wakacje zamieniaj\u0105 si\u0119 bezlitosne misje w wirtualnym \u015bwiecie Cassiela.<\/pre>\n\n\n\n<p>Robi si\u0119 ciekawie, prawda? Opis produkcji brzmi bardzo podobnie do <em>Code Lyoko<\/em>. Zanim jednak przyjrzymy si\u0119 bli\u017cej, zwr\u00f3\u0107my uwag\u0119 na jedn\u0105 rzecz. Poszlaki mog\u0105 tutaj nie by\u0107 takie oczywiste:<\/p>\n\n\n\n<div class=\"wp-block-image\"><figure class=\"aligncenter size-full\"><img loading=\"lazy\" decoding=\"async\" width=\"388\" height=\"280\" src=\"https:\/\/kodlyoko.pl\/wp-content\/uploads\/2022\/02\/Linkersi-szczegoly.png\" alt=\"\" class=\"wp-image-3114\" srcset=\"https:\/\/kodlyoko.pl\/wp-content\/uploads\/2022\/02\/Linkersi-szczegoly.png 388w, https:\/\/kodlyoko.pl\/wp-content\/uploads\/2022\/02\/Linkersi-szczegoly-300x216.png 300w\" sizes=\"auto, (max-width: 388px) 100vw, 388px\" \/><\/figure><\/div>\n\n\n\n<p class=\"has-text-align-center\"><sup>Szczeg\u00f3\u0142y produkcyjne Linkers\u00f3w<\/sup><\/p>\n\n\n\n<p>Emisja produkcji we Francji rozpocz\u0119\u0142a si\u0119 pod koniec listopada 2014 roku. A wiecie co si\u0119 wydarzy\u0142o na pocz\u0105tku owego roku? MoonScoop, czyli poprzedni w\u0142a\u015bciciel praw autorskich do CL zostaje przej\u0119ty przez firm\u0119 Dargaud. Linkers\u00f3w tworzy\u0142o studio Ellipsanime, ale te znowu nale\u017cy do&#8230; Dargauda.<\/p>\n\n\n\n<p>Wr\u00f3\u0107my mo\u017ce jeszcze na moment do strony Mediatoona, bo mamy tam ciekawy rodzynek:<\/p>\n\n\n\n<div class=\"wp-block-image\"><figure class=\"aligncenter size-full\"><img loading=\"lazy\" decoding=\"async\" width=\"1112\" height=\"913\" src=\"https:\/\/kodlyoko.pl\/wp-content\/uploads\/2022\/02\/Linkersi-content.png\" alt=\"\" class=\"wp-image-3115\" srcset=\"https:\/\/kodlyoko.pl\/wp-content\/uploads\/2022\/02\/Linkersi-content.png 1112w, https:\/\/kodlyoko.pl\/wp-content\/uploads\/2022\/02\/Linkersi-content-300x246.png 300w, https:\/\/kodlyoko.pl\/wp-content\/uploads\/2022\/02\/Linkersi-content-768x631.png 768w\" sizes=\"auto, (max-width: 1112px) 100vw, 1112px\" \/><\/figure><\/div>\n\n\n\n<p class=\"has-text-align-center\"><sup>Oferta Linkers\u00f3w<\/sup><\/p>\n\n\n\n<p>Producent serialu oferowa\u0142 dla fan\u00f3w komiksy, dedykowan\u0105 stron\u0119 internetow\u0105 z grami, aplikacj\u0119 rozszerzonej rzeczywisto\u015bci (AR), oraz dodatkowo gry z kategorii Visual Novel. Wygl\u0105da na do\u015b\u0107 sporo pracy. Generalnie projekt nie wypali\u0142, ale, zaczyna tu si\u0119 pojawia\u0107 pewne pytanie. Czy ca\u0142a akcja z Linkersami nie wygl\u0105da jak pr\u00f3ba stworzenia spadkobiercy Code Lyoko, przystosowanego do dzisiejszych czas\u00f3w? Dla dzisiejszego odbiorcy?<\/p>\n\n\n\n<p>Podsumujmy wi\u0119c lini\u0119 czasu:<\/p>\n\n\n\n<ul class=\"wp-block-list\"><li>Na prze\u0142omie 2012\/2013 roku swoj\u0105 premier\u0119 we Francji ma Code Lyoko: Ewolucja. Serial zostaje bardzo \u017ale przyj\u0119ty przez publiczno\u015b\u0107.<\/li><li>Na pocz\u0105tku 2014 roku MoonScoop zostaje sprzedany Dargaudowi.<\/li><li>Generalnie mi\u0119dzy 2014 &#8211; 2018 r. wzgl\u0119dem Code Lyoko panuje absolutna cisza, ale w listopadzie swoj\u0105 premier\u0119 maj\u0105 Linkersi kt\u00f3rych tworz\u0105 Ellipsanime, kt\u00f3rzy to z kolei nale\u017c\u0105 do Dargauda.<\/li><li>Projekt Linkers\u00f3w nie wypala, zostaje od\u0142o\u017cony na p\u00f3\u0142k\u0119 mi\u0119dzy 2015-2017 r.<\/li><li>Zaczynaj\u0105c od 2018 roku pojawiaj\u0105 si\u0119 pierwsze informacje o CL opisane na pocz\u0105tku artyku\u0142u.<\/li><\/ul>\n\n\n\n<p>Mo\u017cna wi\u0119c si\u0119 sugerowa\u0107, \u017ce z formatu Code Lyoko nigdy nie zrezygnowano, jego &#8220;dusza&#8221; wci\u0105\u017c by\u0142a obecna. Podj\u0119to si\u0119 pr\u00f3by stworzenia CL 2.0 i w\u0142o\u017cono w to wr\u0119cz ogromny wysi\u0142ek, ale pomys\u0142 okaza\u0142 si\u0119 klap\u0105. Dalej jednak nikt nie chce z formatu rezygnowa\u0107, i nied\u0142ugo po tym pojawiaj\u0105 nam si\u0119 informacje, ka\u017cda wi\u0119ksza od poprzedniej \u017ce z CL dzieje si\u0119 co\u015b, do tego stopnia i\u017c dzisiaj podejrzewamy powr\u00f3t naszej ulubionej kresk\u00f3wki.<\/p>\n\n\n\n<p>Czy Code Lyoko powr\u00f3ci? \u017beby by\u0107 wzgl\u0119dem was sprawiedliwym musimy odpowiedzie\u0107 &#8220;Nie wiemy, mo\u017cemy tylko przypuszcza\u0107&#8221;. Nat\u0119\u017cenie sygna\u0142\u00f3w jednak ostatnio robi si\u0119 coraz g\u0119stsze, polecam dla ch\u0119tnych poczyta\u0107 felieton Jeremiego <a href=\"https:\/\/kodlyoko.pl\/index.php\/artykuly\/felietony\/zdarzenia-przyspieszyly-czyli-co-oznaczaja-ostatnie-wydarzenia-w-fandomie\/\"><em>Zdarzenia przyspieszy\u0142y \u2013 czyli co oznaczaj\u0105 ostatnie wydarzenia w fandomie?<\/em><\/a> kt\u00f3ry pakuje do wora wszystkie tego rodzaju spadaj\u0105ce kamyczki.<\/p>\n","protected":false},"excerpt":{"rendered":"<p>Niniejszy artyku\u0142 jest wynikiem prac Mayakovskiego, kt\u00f3ry wykona\u0142 research i powyci\u0105ga\u0142 poni\u017csze dane. Zosta\u0142y one potem upakowane w jeden tekst przez Wykl\u0119tego. Je\u017celi chcecie kogo\u015b chwali\u0107: All hail the Mayakovsky! Od stosunkowo niedawna zacz\u0119\u0142y od czasu do czasu pojawia\u0107 si\u0119 informacje wskazuj\u0105ce \u017ce Code Lyoko wci\u0105\u017c jest pami\u0119tane przez Mediatoon. Ka\u017cda nast\u0119pna rzecz by\u0142a nieco &hellip;<br \/><a href=\"https:\/\/kodlyoko.pl\/index.php\/artykuly\/redaktorskie\/felietony\/tytul-roboczy-dusza-code-lyoko-wiecznie-zywa\/\" class=\"more-link pen_button pen_element_default pen_icon_arrow_double\">Read more<\/a><\/p>\n","protected":false},"author":1,"featured_media":3108,"parent":2587,"menu_order":0,"comment_status":"open","ping_status":"closed","template":"","meta":{"footnotes":""},"categories":[50],"tags":[],"class_list":["post-3107","page","type-page","status-publish","has-post-thumbnail","hentry","category-artykuly-felietony"],"_links":{"self":[{"href":"https:\/\/kodlyoko.pl\/index.php\/wp-json\/wp\/v2\/pages\/3107","targetHints":{"allow":["GET"]}}],"collection":[{"href":"https:\/\/kodlyoko.pl\/index.php\/wp-json\/wp\/v2\/pages"}],"about":[{"href":"https:\/\/kodlyoko.pl\/index.php\/wp-json\/wp\/v2\/types\/page"}],"author":[{"embeddable":true,"href":"https:\/\/kodlyoko.pl\/index.php\/wp-json\/wp\/v2\/users\/1"}],"replies":[{"embeddable":true,"href":"https:\/\/kodlyoko.pl\/index.php\/wp-json\/wp\/v2\/comments?post=3107"}],"version-history":[{"count":13,"href":"https:\/\/kodlyoko.pl\/index.php\/wp-json\/wp\/v2\/pages\/3107\/revisions"}],"predecessor-version":[{"id":3131,"href":"https:\/\/kodlyoko.pl\/index.php\/wp-json\/wp\/v2\/pages\/3107\/revisions\/3131"}],"up":[{"embeddable":true,"href":"https:\/\/kodlyoko.pl\/index.php\/wp-json\/wp\/v2\/pages\/2587"}],"wp:featuredmedia":[{"embeddable":true,"href":"https:\/\/kodlyoko.pl\/index.php\/wp-json\/wp\/v2\/media\/3108"}],"wp:attachment":[{"href":"https:\/\/kodlyoko.pl\/index.php\/wp-json\/wp\/v2\/media?parent=3107"}],"wp:term":[{"taxonomy":"category","embeddable":true,"href":"https:\/\/kodlyoko.pl\/index.php\/wp-json\/wp\/v2\/categories?post=3107"},{"taxonomy":"post_tag","embeddable":true,"href":"https:\/\/kodlyoko.pl\/index.php\/wp-json\/wp\/v2\/tags?post=3107"}],"curies":[{"name":"wp","href":"https:\/\/api.w.org\/{rel}","templated":true}]}}