{"id":3059,"date":"2022-01-19T21:45:56","date_gmt":"2022-01-19T20:45:56","guid":{"rendered":"https:\/\/kodlyoko.pl\/?page_id=3059"},"modified":"2022-01-20T00:28:20","modified_gmt":"2022-01-19T23:28:20","slug":"zdarzenia-przyspieszyly-czyli-co-oznaczaja-ostatnie-wydarzenia-w-fandomie","status":"publish","type":"page","link":"https:\/\/kodlyoko.pl\/index.php\/artykuly\/redaktorskie\/felietony\/zdarzenia-przyspieszyly-czyli-co-oznaczaja-ostatnie-wydarzenia-w-fandomie\/","title":{"rendered":"Zdarzenia przyspieszy\u0142y &#8211; czyli co oznaczaj\u0105 ostatnie wydarzenia w fandomie?"},"content":{"rendered":"\n<p class=\"has-drop-cap\">W ostatnich tygodniach wydarzenia w mi\u0119dzynarodowym fandomie znacz\u0105co przyspieszy\u0142y. Troch\u0119 ich si\u0119 nagromadzi\u0142o, a te\u017c w naszych &#8220;Wie\u015bciach&#8221; nie zawsze jest miejsce na to, by nieco dok\u0142adniej przeanalizowa\u0107 to, co do nas dociera ze \u015bwiata. Dlatego dzisiaj proponujemy taki przegl\u0105d zdarze\u0144 ostatnich dni z pr\u00f3b\u0105 ich analizy i cho\u0107by cz\u0119\u015bciowej odpowiedzi na pytanie &#8220;co dalej?&#8221;.<\/p>\n\n\n\n<p><\/p>\n\n\n\n<p><strong>22 listopada 202<\/strong>1 &#8211; Julien Lamassonne, wykonawca oryginalnego openingu do serialu, czyli piosenki \u201cUn monde sans danger\u201d, poda\u0142 na Facebooku, \u017ce nagrywa\u0142 now\u0105 wersj\u0119 tego utworu.<\/p>\n\n\n\n<p><strong>26 listopada 2021<\/strong> &#8211; Hiszpanka z fandomu CL, kt\u00f3ra jest do\u015b\u0107 znana w internecie pod ksywk\u0105 Yumivigo, og\u0142osi\u0142a na Twitterze, \u017ce zosta\u0142a zatrudniona przez Mediatoon, w\u0142a\u015bciciela praw do serialu, jako oficjalna cosplayerka Yumi.<\/p>\n\n\n\n<p>6<strong> grudnia 2021<\/strong> &#8211; hiszpa\u0144skoj\u0119zyczna cz\u0119\u015b\u0107 fandomu, dzia\u0142aj\u0105ca na twitterowym profilu Code Lyoko REACT, poda\u0142a nast\u0119puj\u0105cy komunikat:<\/p>\n\n\n\n<p><em>Dotar\u0142y do nas wie\u015bci z wiarygodnych \u017ar\u00f3de\u0142, b\u0119dzie co\u015b nowego z Code Lyoko. \u017byjemy.<\/em><\/p>\n\n\n\n<p>Nasza redakcja poprosi\u0142a o doprecyzowanie tej wiadomo\u015bci. Oto, co otrzymali\u015bmy w odpowiedzi:<\/p>\n\n\n\n<p><em>Nie wiemy, co to dok\u0142adnie ma by\u0107, ale wiemy, \u017ce b\u0119dzie co\u015b nowego i \u017ce to b\u0119dzie oficjalne.<\/em><\/p>\n\n\n\n<p>Wie\u015bci wywo\u0142a\u0142y spore poruszenie w\u015br\u00f3d fan\u00f3w, dlatego te\u017c 7 grudnia po po\u0142udniu Hiszpanie wystosowali kolejny komunikat:<\/p>\n\n\n\n<p><em>Wielu z was zacz\u0119\u0142o spekulowa\u0107 co do tego, co to ma by\u0107. Nie mamy pewno\u015bci, czy to b\u0119dzie co\u015b tak du\u017cego jak nowy sezon, czy te\u017c tylko wznowienie na przyk\u0142ad na p\u0142ytach Blu-Ray. Mo\u017cemy za to zapewni\u0107, \u017ce to co\u015b nowego i oficjalnego i \u017ce wiadomo\u015b\u0107 o tym pochodzi ze \u017ar\u00f3de\u0142 bezpo\u015brednio w Mediatoonie, jednak nie uwierzymy w 100%, dop\u00f3ki tego nie zobaczymy. Musimy by\u0107 przygotowani na ka\u017cd\u0105 ewentualno\u015b\u0107. Z drugiej strony nie wierzymy, \u017ce to by\u0142aby nowa seria Ewolucji, bo trzeba by by\u0142o wybra\u0107 nowych aktor\u00f3w, tamci s\u0105 ju\u017c doro\u015bli.<\/em><\/p>\n\n\n\n<p>Wed\u0142ug informacji pochodz\u0105cych z Hiszpanii, szczeg\u00f3\u0142y maj\u0105 by\u0107 znane za kilka miesi\u0119cy.<\/p>\n\n\n\n<p><strong>9 stycznia 2022<\/strong> &#8211; na twitterowym koncie Cartoon Fantasy, zajmuj\u0105cym si\u0119 szeroko poj\u0119t\u0105 popkultur\u0105, pojawi\u0142 si\u0119 komunikat:<\/p>\n\n\n\n<p><em>Rzeczywi\u015bcie pracujemy nad now\u0105 produkcj\u0105 zwi\u0105zan\u0105 z Code Lyoko, ale nie jest to nowa seria, jak niekt\u00f3rzy by chcieli. Data wydania: najpewniej w 2022.<\/em><\/p>\n\n\n\n<p>Produkcj\u0105 ma si\u0119 zajmowa\u0107 ekipa Cartoon Fantasy, ma w niej uczestniczy\u0107 Julien Lamassonne. Do komunikatu do\u0142\u0105czono fragment prac nad nagrywaniem nowej wersji openingu.<\/p>\n\n\n\n<p><strong>11 stycznia 2022<\/strong> &#8211; Hiszpanie z Code Lyoko REACT wydali nowy komunikat:<\/p>\n\n\n\n<p><em>Nie, nowa rzecz nie jest piosenk\u0105. Nie, nie b\u0119dziemy ryzykowa\u0107 kontaktu, jaki jeden z admin\u00f3w (a jest nas 6 albo 7) ma z Mediatoonem, tylko po to \u017ceby spe\u0142ni\u0107 czyje\u015b oczekiwania. Mamy stycze\u0144 i mo\u017cemy powiedzie\u0107, \u017ce nowa rzecz b\u0119dzie pochodzi\u0107 z Mediatoona i nie b\u0119dzie to piosenka. W tym momencie jeden z administrator\u00f3w wie i NIE MO\u017bE tego powiedzie\u0107, poniewa\u017c ryzykowa\u0142by bardzo dobry kontrakt i okazj\u0119 kt\u00f3rej nie chce przegapi\u0107.<br>Nie zas\u0142u\u017cyli\u015bmy na to, co firma produkcyjna zrobi z serialem.<\/em><\/p>\n\n\n\n<p><\/p>\n\n\n\n<p><\/p>\n\n\n\n<p>To, co wy\u0142ania si\u0119 z tych wszystkich doniesie\u0144, mo\u017cna odnie\u015b\u0107 do znanej od dawna w naszym fandomie teorii &#8220;kamyczk\u00f3w&#8221;. Okre\u015blano tak zdarzenia maj\u0105ce zwi\u0105zek z CL, kt\u00f3re pokazywa\u0142y, \u017ce w\u0142a\u015bciciele marki wci\u0105\u017c co\u015b z ni\u0105 robi\u0105. Wystarczy wymieni\u0107 cho\u0107by utworzenie oficjalnych kana\u0142\u00f3w na YouTube, konkurs na AMV, czy te\u017c wreszcie udost\u0119pnianie Code Lyoko na serwisach takich jaki Amazon Prime Video, HBO czy Netflix, nawet je\u015bli ten ostatni w Polsce niezbyt \u0142adnie obszed\u0142 si\u0119 z fanami serialu, a obecnie chyba nawet nie mo\u017cna z polskiego konta ogl\u0105da\u0107, za\u015b sama ekipa zajmuj\u0105ca si\u0119 social mediami po kilku obiecuj\u0105cych twittach przesta\u0142a odpowiada\u0107 na nasze zapytania, uznaj\u0105c \u017ce lepiej promowa\u0107 (z czego tu te\u017c nie jest robiony zarzut, \u017ceby nie by\u0142o, ka\u017cda korporacja tak dzia\u0142a) infantyln\u0105 produkcj\u0119 opart\u0105 na bardzo s\u0142abej i delikatnie m\u00f3wi\u0105c bardzo krytykowanej i znienawidzonej grze sieciowej, nie wiedzie\u0107 czemu uwielbianej przez dzieci, kt\u00f3re jeszcze nie wiedz\u0105, co to egzamin maturalny. Nawet nie powiedzieli &#8220;przepraszam&#8221; za to, \u017ce nie ma polskiej wersji CL, cho\u0107 obiecano. No, ale jednak w uj\u0119ciu \u015bwiatowym sam fakt pojawienia si\u0119 Code Lyoko na Netflixie mia\u0142 znaczenie do\u015b\u0107 spore i raczej nie by\u0142o akcji typu &#8220;nie ogl\u0105dam, bo Netflix promuje pedofili\u0119 (typowo czarnkowa bzdura)&#8221;. <\/p>\n\n\n\n<p>Jednak jest pewna r\u00f3\u017cnica mi\u0119dzy tym, co wymieni\u0142em przed chwil\u0105, a elementami uk\u0142adanki, kt\u00f3rym zaczyna si\u0119 ten tekst. O ile kwestia udost\u0119pniania na serwisach VOD odcink\u00f3w, jak i inne czynniki z ostatnich nieco si\u0119 rozci\u0105ga\u0142y, wpada\u0142y co jaki\u015b czas, o tyle ostatnie wie\u015bci to tylko plony z nieca\u0142ych dw\u00f3ch miesi\u0119cy. Ma\u0142o tego, praktycznie za ka\u017cdym z tych zdarze\u0144 kryj\u0105 si\u0119 pytania, na kt\u00f3re obecnie nie znamy odpowiedzi.<\/p>\n\n\n\n<p>Lamassonne nagrywaj\u0105cy now\u0105 wersj\u0119 openingu? Dlaczego to robi, gdzie to b\u0119dzie u\u017cyte, kto to zam\u00f3wi\u0142? &#8211; co prawda tu ju\u017c wiemy, \u017ce to nie pod nowy sezon, ale akurat kwesti\u0119 piosenki warto w tym momencie po\u0142\u0105czy\u0107 z Hiszpanami. Nie ma przypadku w tym, \u017ce ci sami ludzie, kt\u00f3rzy podali, i\u017c co\u015b du\u017cego si\u0119 szykuje ze strony Mediatoona, tu\u017c po publikacji na temat piosenki wypuszczaj\u0105 komunikat, \u017ce tego akurat Mediatoon nie planuje. To mo\u017ce by\u0107 znak, \u017ce szykuje si\u0119 co\u015b wi\u0119cej ni\u017c tylko jedna rzecz. Nie mamy \u017cadnej informacji na temat tego, jakby Lamassonne robi\u0142 co\u015b pod patronatem firmy. Ca\u0142kiem mo\u017cliwe te\u017c, \u017ce b\u0119dzie wi\u0119cej materia\u0142u, gdy\u017c za rok mija dwadzie\u015bcia lat od premiery pierwszego odcinka. Jaka by\u0142aby lepsza data na wypuszczenie czego\u015b nowego ni\u017c w\u0142a\u015bnie 2023?<\/p>\n\n\n\n<p>Sam zreszt\u0105 czynnik hiszpa\u0144ski jest tu interesuj\u0105cy. Nagle jedno z popularniejszych obecnie kont twitterowych w naszym fandomie wypuszcza takie wie\u015bci, ma\u0142o tego &#8211; okazuje si\u0119, \u017ce Hiszpanie maj\u0105 &#8220;wtyczk\u0119&#8221; w samym Mediatoonie. Oczywistym jest, \u017ce teraz nie dowiemy si\u0119 wszystkiego, bo najgorsze, co teraz mo\u017cna zrobi\u0107, to spali\u0107 \u017ar\u00f3d\u0142o. Nie mam jednak w\u0105tpliwo\u015bci, \u017ce co jaki\u015b czas, co kilka tygodni b\u0119dziemy mie\u0107 nowe komunikaty, bo sami ich powiernicy nie wytrzymaj\u0105 napi\u0119cia i b\u0119d\u0105 wr\u0119cz musieli poda\u0107 cho\u0107by najmniejsz\u0105 cz\u0105stk\u0119 informacji, zapewne za zgod\u0105 w\u0142a\u015bcicieli praw. Mo\u017cna nawet uzna\u0107, \u017ce Hiszpania ma wi\u0119cej wtyk, w ko\u0144cu jest Yumivigo.<\/p>\n\n\n\n<p>I tu w\u0142a\u015bnie kolejna interesuj\u0105ca sprawa zwi\u0105zana z t\u0105 dwudziestosiedmioletni\u0105 cosplayerk\u0105 (wiem, \u017ce kobietom si\u0119 wieku nie powinno wypomina\u0107, ale sama si\u0119 do lat przyznaje na Twitterze). Je\u015bli Mediatoon anga\u017cuje j\u0105 do tego, by charakteryzowa\u0142a si\u0119 na Yumi (co, jak pewnie wiedz\u0105 czytelnicy naszej strony, bardzo dobrze jej wychodzi), to raczej nie po to, \u017ceby obskakiwa\u0142a dwa konwenty do roku, a i to jeszcze z doz\u0105 niepewno\u015bci, gdy\u017c sytuacja pandemiczna jest jaka jest. Tu si\u0119 kryje szerszy plan. Jaki? Tego w\u0142a\u015bnie &#8211; na ten moment nie wiemy.<\/p>\n\n\n\n<p>Na dobr\u0105 spraw\u0119 pozostaje nam troch\u0119 co\u015b, co kiedy\u015b robili sowietolodzy &#8211; interpretowanie komunikat\u00f3w i wie\u015bci, jakie wpadaj\u0105 w nasze r\u0119ce. Je\u015bli Hiszpanie pisz\u0105 &#8220;Nie zas\u0142u\u017cyli\u015bmy na to, co zrobi firma&#8221;, to mo\u017cna to rozumie\u0107 jako pewn\u0105 zapowied\u017a czego\u015b naprawd\u0119 wielkiego. Oczywi\u015bcie nadal z ty\u0142u g\u0142owy trzeba mie\u0107 my\u015bl, \u017ce r\u00f3wnie dobrze mo\u017ce to nie by\u0107 nowa seria czy film, a najwy\u017cej wydanie wszystkich poprzednich 5 sezon\u00f3w na Blu-Ray albo jaka\u015b ksi\u0105\u017cka czy co\u015b takiego. Jednak nadzieja nadal jest i teraz wydaje si\u0119 ona nawet wi\u0119ksza ni\u017c jeszcze rok czy p\u00f3\u0142 roku temu.<\/p>\n\n\n\n<p>Zadziwiaj\u0105ca mo\u017ce by\u0107, szczeg\u00f3lnie dla ludzi siedz\u0105cych w fandomie od wielu lat i pami\u0119taj\u0105cych dawne dzieje, nieobecno\u015b\u0107 mi\u0119dzynarod\u00f3wki z CodeLyoko.fr. Zazwyczaj to oni wiedli prym w podawaniu r\u00f3\u017cnych zakulisowych informacji i przeciek\u00f3w, natomiast obecnie nie ma na ich stronie nawet tych informacji, kt\u00f3re ju\u017c od dawna kr\u0105\u017c\u0105 w social mediach. Dla nas to w sumie dobrze, bo my jako KodLyoko.pl mo\u017cemy si\u0119 chwali\u0107, \u017ce jeste\u015bmy prawdopodobnie jedyn\u0105 stron\u0105 na \u015bwiecie (poza spo\u0142eczno\u015bci\u00f3wkami), kt\u00f3ra podaje te wszystkie wie\u015bci napawaj\u0105ce pewnym optymizmem. Jednak powod\u00f3w absencji Francuz\u00f3w do dzi\u015b nie znamy. Mo\u017ce faktycznie ju\u017c nie ma komu tam pisa\u0107?<\/p>\n\n\n\n<p>Co b\u0119dzie dalej, tego jeszcze nie wiadomo, ale wiemy, \u017ce warto to obserwowa\u0107 i warto ju\u017c spodziewa\u0107 si\u0119 wi\u0119kszego ruchu w fandomie. <\/p>\n","protected":false},"excerpt":{"rendered":"<p>W ostatnich tygodniach wydarzenia w mi\u0119dzynarodowym fandomie znacz\u0105co przyspieszy\u0142y. Troch\u0119 ich si\u0119 nagromadzi\u0142o, a te\u017c w naszych &#8220;Wie\u015bciach&#8221; nie zawsze jest miejsce na to, by nieco dok\u0142adniej przeanalizowa\u0107 to, co do nas dociera ze \u015bwiata. Dlatego dzisiaj proponujemy taki przegl\u0105d zdarze\u0144 ostatnich dni z pr\u00f3b\u0105 ich analizy i cho\u0107by cz\u0119\u015bciowej odpowiedzi na pytanie &#8220;co dalej?&#8221;. &hellip;<br \/><a href=\"https:\/\/kodlyoko.pl\/index.php\/artykuly\/redaktorskie\/felietony\/zdarzenia-przyspieszyly-czyli-co-oznaczaja-ostatnie-wydarzenia-w-fandomie\/\" class=\"more-link pen_button pen_element_default pen_icon_arrow_double\">Read more<\/a><\/p>\n","protected":false},"author":5,"featured_media":0,"parent":2587,"menu_order":0,"comment_status":"closed","ping_status":"closed","template":"","meta":{"footnotes":""},"categories":[50],"tags":[],"class_list":["post-3059","page","type-page","status-publish","hentry","category-artykuly-felietony"],"_links":{"self":[{"href":"https:\/\/kodlyoko.pl\/index.php\/wp-json\/wp\/v2\/pages\/3059","targetHints":{"allow":["GET"]}}],"collection":[{"href":"https:\/\/kodlyoko.pl\/index.php\/wp-json\/wp\/v2\/pages"}],"about":[{"href":"https:\/\/kodlyoko.pl\/index.php\/wp-json\/wp\/v2\/types\/page"}],"author":[{"embeddable":true,"href":"https:\/\/kodlyoko.pl\/index.php\/wp-json\/wp\/v2\/users\/5"}],"replies":[{"embeddable":true,"href":"https:\/\/kodlyoko.pl\/index.php\/wp-json\/wp\/v2\/comments?post=3059"}],"version-history":[{"count":4,"href":"https:\/\/kodlyoko.pl\/index.php\/wp-json\/wp\/v2\/pages\/3059\/revisions"}],"predecessor-version":[{"id":3066,"href":"https:\/\/kodlyoko.pl\/index.php\/wp-json\/wp\/v2\/pages\/3059\/revisions\/3066"}],"up":[{"embeddable":true,"href":"https:\/\/kodlyoko.pl\/index.php\/wp-json\/wp\/v2\/pages\/2587"}],"wp:attachment":[{"href":"https:\/\/kodlyoko.pl\/index.php\/wp-json\/wp\/v2\/media?parent=3059"}],"wp:term":[{"taxonomy":"category","embeddable":true,"href":"https:\/\/kodlyoko.pl\/index.php\/wp-json\/wp\/v2\/categories?post=3059"},{"taxonomy":"post_tag","embeddable":true,"href":"https:\/\/kodlyoko.pl\/index.php\/wp-json\/wp\/v2\/tags?post=3059"}],"curies":[{"name":"wp","href":"https:\/\/api.w.org\/{rel}","templated":true}]}}