{"id":2687,"date":"2020-12-15T04:06:00","date_gmt":"2020-12-15T02:06:00","guid":{"rendered":"https:\/\/kodlyoko.pl\/?page_id=2687"},"modified":"2021-08-15T23:59:10","modified_gmt":"2021-08-15T21:59:10","slug":"walka-11-1-cassandra-ann-benoir-vs-sebastian-krzaczasty","status":"publish","type":"page","link":"https:\/\/kodlyoko.pl\/index.php\/artykuly\/tworczosc-niekonwencjonalna\/arena\/edycja-2-5\/walki\/walka-11-1-cassandra-ann-benoir-vs-sebastian-krzaczasty\/","title":{"rendered":"[Walka 11-1] Cassandra Ann Benoir vs Sebastian Krzaczasty"},"content":{"rendered":"\n<p>Cassandra mia\u0142a na sobie bordow\u0105 sukienk\u0119 koktajlow\u0105 i trzyma\u0142a w d\u0142oniach z\u0142ot\u0105 kopert\u00f3wk\u0119. To prawda, by\u0142 to wiecz\u00f3r jej walki, ale nieszczeg\u00f3lnie j\u0105 to przejmowa\u0142o. By\u0142 to przecie\u017c rewan\u017c. Nie czu\u0142a potrzeby wygranej. Nawet pomimo faktu, \u017ce nie uwa\u017ca\u0142a poprzedniej potyczki za zwyci\u0119stwo. Chyba by\u0142a ju\u017c przyzwyczajona do przegrywania.<\/p>\n\n\n\n<p>By\u0142a w restauracji. Ogromne czerwone \u015bciany, zdobne czerwone zas\u0142ony, antyczne z\u0142ote \u015bwieczniki. Niby tyle lat min\u0119\u0142o odk\u0105d taki wystr\u00f3j by\u0142 modny, ale ludzie nadal lubili czu\u0107 arystokracj\u0119 w powietrzu. I dla takich w\u0142a\u015bnie osobnik\u00f3w by\u0142 ten lokal. G\u0119sta atmosfera, pi\u0119knie ubrani ludzie i pieni\u0105dze. Wsz\u0119dzie. W\u0142a\u015bnie tak.<\/p>\n\n\n\n<p>Mia\u0142a tej nocy wa\u017cn\u0105 rozmow\u0119 przed gal\u0105, kilka drobnych rzeczy do za\u0142atwienia z organizatorami. Normalnie by tu nie by\u0142a, ale tak si\u0119 z\u0142o\u017cy\u0142o, \u017ce zosta\u0142a zaproszona przez jednego go\u015bcia, za kt\u00f3rym niespecjalnie przepada\u0142a. W\u0142a\u015bnie szed\u0142 w jej stron\u0119. Wysoki, czarnow\u0142osy, jasnooki. Przystojny, owszem, jeszcze ubrany w drogi garnitur. Ale jednak co\u015b by\u0142o nieprzyjemnego w sposobie, w jaki si\u0119 u\u015bmiecha\u0142, czy porusza\u0142. Mia\u0142a do niego uprzedzenie, nie ma co zaprzecza\u0107. A co najgorsze, chyba si\u0119 mu podoba\u0142a.<\/p>\n\n\n\n<p>\u30fc Cassandra! Bardzo mi\u0142o ci\u0119 widzie\u0107 \u30fc oznajmi\u0142 g\u0142o\u015bno, stoj\u0105c jeszcze kilka krok\u00f3w od niej. Wystarczaj\u0105co g\u0142o\u015bno, \u017ceby dziewczyna go us\u0142ysza\u0142a. Liczy\u0142a, \u017ce ludzie zaczn\u0105 si\u0119 g\u0142upio na niego patrze\u0107, ale nie by\u0142o co na to liczy\u0107. By\u0142 zbyt konwencjonalnie atrakcyjny. Pieprzone do\u0142eczki. Jak u jego siostry.<\/p>\n\n\n\n<p>\u30fc Michael Jaques, jak mniemam? Z tego co wiem, nie znamy si\u0119 wystarczaj\u0105co dobrze, \u017ceby m\u00f3wi\u0142 mi pan po imieniu \u30fc zacz\u0119\u0142a, daj\u0105c wyra\u017anie do zrozumienia swoj\u0105 niech\u0119\u0107 do niego. Ale najwyra\u017aniej to tylko go bardziej poci\u0105ga\u0142o. Mog\u0142a tylko przewr\u00f3ci\u0107 oczami z poirytowania.<\/p>\n\n\n\n<p>\u30fc Oh, oczywi\u015bcie. W takim razie, panno Benoir, prosz\u0119 o zaj\u0119cie stolika ze mn\u0105. Zam\u00f3wimy co\u015b i om\u00f3wimy sprawy zwi\u0105zane z nadchodz\u0105c\u0105 gal\u0105.<br>Skin\u0119\u0142a g\u0142ow\u0105. Podesz\u0142a do stolika dla dw\u00f3ch, pod wielkim oknem z widokiem na ca\u0142e miasto. Dlaczego to musia\u0142o wygl\u0105da\u0107 jak randka?<\/p>\n\n\n\n<p>***<\/p>\n\n\n\n<p>Pojawi\u0142a si\u0119 na sektorze pustynnym, w otwartej przestrzeni. Chod\u017a raz stoj\u0105c od razu przed przeciwnikiem, chocia\u017c w do\u015b\u0107 du\u017cej odleg\u0142o\u015bci. Mog\u0142a atakowa\u0107, ale naprawd\u0119 nie mia\u0142a ochoty si\u0119 wysila\u0107. Szczerze, by\u0142a kompletnie wyczerpana. Dopiero niedawno wr\u00f3ci\u0142a z&nbsp; \u201crandki\u201d i mia\u0142a do\u015b\u0107 wszystkiego.<\/p>\n\n\n\n<p>\u30fc Mi\u0142o by by\u0142o, gdyby\u015b zacz\u0105\u0142 \u30fc kiwn\u0119\u0142a g\u0142ow\u0105 i przeci\u0105gn\u0119\u0142a si\u0119. Nie by\u0142a w nastroju na walk\u0119 i by\u0142a niemal\u017ce pewna, \u017ce nawet jak si\u0119 przy\u0142o\u017cy, to jej nie p\u00f3jdzie.<\/p>\n\n\n\n<p>Sebastian kiwn\u0105\u0142 g\u0142ow\u0105. Rozp\u0119dzi\u0142 si\u0119 w jej stron\u0119 ze swoj\u0105 tarcz\u0105 i chochl\u0105. Cassandra stan\u0119\u0142a w pozycji obronnej, szykuj\u0105c swoje niewidzialne ostrze. Mimowoli przesun\u0119\u0142a si\u0119 nieznacznie do ty\u0142u, jak to mia\u0142a w zwyczaju. Opar\u0142a si\u0119 o znajduj\u0105cy si\u0119 w pobli\u017cu kamie\u0144 i przeci\u0119\u0142a powietrze, trafiaj\u0105c w tarcz\u0119 przeciwnika.<\/p>\n\n\n\n<p>Skoczy\u0142a za kamie\u0144 i szybko pobieg\u0142a w stron\u0119 przeciwn\u0105 przeciwnikowi. Po przebiegni\u0119ciu kilkudziesi\u0119ciu metr\u00f3w, szybko odwr\u00f3ci\u0142a si\u0119, zn\u00f3w celuj\u0105c ostrzem. By\u0142a pewna, \u017ce drasn\u0119\u0142a go. Mo\u017ce i tak, ale nie straci\u0142 ani punktu. Stan\u0119\u0142a w miejscu, stawiaj\u0105c jedynie ma\u0142e kroki do ty\u0142u, co kilka sekund. Znalaz\u0142a w oddali idealne miejsce na teleportacj\u0119, ale chcia\u0142a najpierw przynajmniej zedrze\u0107 kilka punkt\u00f3w w bliskim starciu. Po ostatniej walce, by\u0142a pewna, \u017ce b\u0119dzie w stanie chwil\u0119 poodpycha\u0107 jego ataki. Nabra\u0142a pewno\u015bci siebie w tej dziedzinie, chocia\u017c nadal wiedzia\u0142a, \u017ce zdecydowanie nie jest do tego stworzona.<\/p>\n\n\n\n<p>Przeciwnik w impetem uderzy\u0142 chochl\u0105 w jej niewidzialne ostrze. Mia\u0142a wra\u017cenie, \u017ce jej nadgarstek rozpada si\u0119 w cz\u0119\u015bci, ale nie straci\u0142a punkt\u00f3w. Z rozp\u0119du nabra\u0142 sporo przewagi. Jednak atakuj\u0105c by\u0142 bardzo odkryty. By\u0142a to jednak dla niego okazja, na zbicie punkt\u00f3w z przeciwniczki, dlatego musia\u0142 ryzykowa\u0107.<\/p>\n\n\n\n<p>Tracili minimalne punkty, ledwo drapi\u0105c si\u0119 po r\u0119kach. Oczywi\u015bcie dop\u00f3ki z nieuwagi Cassandra nie przyj\u0119\u0142a uderzenia w rami\u0119. Nie by\u0142a zawodnikiem walcz\u0105cym wr\u0119cz, wi\u0119c by\u0142o do\u015b\u0107 oczywiste, \u017ce pr\u0119dzej czy p\u00f3\u017aniej do czego\u015b takiego dojdzie. Kolejny rozszarpuj\u0105cy b\u00f3l przeszed\u0142 przez jej cia\u0142o. Nie wiedzia\u0142a, co si\u0119 dzia\u0142o. Nigdy tak bardzo nie odczuwa\u0142a walki w wirtualnym \u015bwiecie. Wmawia\u0142a sobie, \u017ce to pewnie tylko wina zm\u0119czenia. Oby. Chocia\u017c wygl\u0105da\u0142o to zbyt powa\u017cnie.<\/p>\n\n\n\n<p>Powstrzymuj\u0105c kolejne ataki mog\u0105ce zabra\u0107 jej wi\u0119cej punkt\u00f3w, odrzuci\u0142a przeciwnika do ty\u0142u. Przygotowany po poprzedniej walce os\u0142oni\u0142 si\u0119 tarcz\u0105, ale i tak zosta\u0142 odrzucony. Chocia\u017c nie a\u017c tak daleko jak normalnie. Gdy tylko by\u0142 daleko od niej, szybko przeci\u0119\u0142a powietrze na kszta\u0142t \u201cX\u201d. Trafi\u0142a, wreszcie. Ale du\u017ca cz\u0119\u015b\u0107 uderzenia zosta\u0142a zablokowana przez tarcz\u0119.<br>~&nbsp;<em>Cholerna pokrywka!&nbsp;<\/em>~ warkn\u0119\u0142a w my\u015blach. Mia\u0142a wielk\u0105 ochot\u0119 to wykrzycze\u0107, ale b\u00f3l na to jej nie pozwala\u0142. Mog\u0142a ewentualnie sykn\u0105\u0107 z b\u00f3lu.<\/p>\n\n\n\n<p>Teraz byli na podobnej ilo\u015bci punkt\u00f3w. Sebastian mia\u0142 nieznacznie mniej. Gdy tylko zacz\u0105\u0142 biec w jej stron\u0119, wykorzysta\u0142a wcze\u015bniej zauwa\u017cone miejsce w oddali. Teleportowa\u0142a si\u0119 daleko, na g\u00f3r\u0119 skaln\u0105, z kt\u00f3rej ledwo mog\u0142a go zobaczy\u0107.<\/p>\n\n\n\n<p>Gdy Sebastian zorientowa\u0142 si\u0119 co si\u0119 sta\u0142o, zacz\u0105\u0142 rozgl\u0105da\u0107 si\u0119 dooko\u0142a. By\u0142 rozkojarzony, ale mia\u0142 wra\u017cenie, \u017ce widzi przeciwniczk\u0119. By\u0142 lekko sfrustrowany, ale sam si\u0119 na to pisa\u0142. Szybkim biegiem pomkn\u0105\u0142 w stron\u0119, w kt\u00f3r\u0105 zdawa\u0142o mu si\u0119, \u017ce si\u0119 przemie\u015bci\u0142a.<\/p>\n\n\n\n<p>Tymczasem Cassie szuka\u0142a idealnego momentu na uderzenie strza\u0142y. Z tej odleg\u0142o\u015bci mog\u0142aby go \u015bci\u0105gn\u0105\u0107 w trzech strza\u0142ach. Z tym, \u017ce w przeciwie\u0144stwie do ci\u0119\u0107, strza\u0142y mog\u0142a wystrzela\u0107 tylko pojedynczo. Potrzebowa\u0142a chwili mi\u0119dzy ka\u017cdym wystrza\u0142em, nie mog\u0142a ich u\u017cywa\u0107 jedna po drugiej. Ale by\u0142y dok\u0142adniejsze, wi\u0119c by\u0142y warte tej wady.<\/p>\n\n\n\n<p>Strzeli\u0142a raz. Trafi\u0142a. Ale niezbyt celnie. Zdecydowanie nadal musia\u0142aby trafi\u0107 kolejne trzy razy. Jednak by\u0142a pewna, \u017ce ma na to wystarczaj\u0105co czasu zanim przeciwnik si\u0119 do niej zbli\u017cy.<\/p>\n\n\n\n<p>Na horyzoncie zauwa\u017cy\u0142a zbli\u017caj\u0105c\u0105 si\u0119 burz\u0119 piaskow\u0105. By\u0142a to tylko kolejna motywacja, \u017ceby szybciej to zako\u0144czy\u0107.<\/p>\n\n\n\n<p>Druga strza\u0142a. Kompletnie nie celna. Trafi\u0142a kilka metr\u00f3w obok przeciwnika. Jasne, to wina wiatru. Zaczyna\u0142o porz\u0105dnie wia\u0107. Zarzuci\u0142a kaptur i pr\u00f3bowa\u0142a zn\u00f3w wycelowa\u0107.<\/p>\n\n\n\n<p>Widoczno\u015b\u0107 znacznie si\u0119 pogorszy\u0142a. Nie tylko by\u0142 to unosz\u0105cy si\u0119 w powietrzu piasek, ale jeszcze mg\u0142a wzniecona przez przeciwnika. Musia\u0142a pogratulowa\u0107 tego zagrania, bo nie widzia\u0142a prawie nic, co oznacza\u0142o, \u017ce ca\u0142y plan trzeba by\u0142o u\u0142o\u017cy\u0107 od nowa.<\/p>\n\n\n\n<p>Wsta\u0142a z kamienia i skupi\u0142a si\u0119 na dymie, poszukuj\u0105c wzrokiem przeciwnika. Zda\u0142a sobie jednak spraw\u0119, \u017ce stoj\u0105c ci\u0105gle na kamieniu by\u0142a lepiej widoczna dla przeciwnika. Dlatego szybko zeskoczy\u0142a, znikaj\u0105c w chmurze piasku. Zda\u0142a sobie spraw\u0119, \u017ce mog\u0142a to by\u0107 pochopna decyzja, gdy\u017c w tym dymie niewiele widzia\u0142a, wi\u0119c pewnie tak samo i przeciwnik. Mia\u0142a ochot\u0119 si\u0119 waln\u0105\u0107, ale nie musia\u0142a, bo po chwili poczu\u0142a w nogach b\u00f3l po zeskoczeniu z kamienia. Musia\u0142a by\u0107 faktycznie zm\u0119czona.<\/p>\n\n\n\n<p>\u30fc Jeste\u015b tam? \u30fc krzykn\u0119\u0142a ko\u0144cu w desperacji. Nie bardzo wiedzia\u0142a co robi\u0107, a z b\u00f3lu by\u0142a jeszcze bardziej rozkojarzona.<\/p>\n\n\n\n<p>Ale mo\u017ce nie by\u0142 to a\u017c tak z\u0142y pomys\u0142, bo z pewno\u015bci\u0105 zwr\u00f3ci\u0142a uwag\u0119 Sebastiana. C\u00f3\u017c, mo\u017ce to nie najlepsza rzecz w normalnej walce, ale ona bardzo chcia\u0142a to szybko sko\u0144czy\u0107.<\/p>\n\n\n\n<p>Gdy tylko zauwa\u017cy\u0142a sylwetk\u0119 w oddali przeci\u0119\u0142a powietrze. Znowu to samo, trafi\u0142a w tarcz\u0119 odbieraj\u0105c mu ledwie par\u0119 punkt\u00f3w. Jak tak dalej p\u00f3jdzie, to zaraz pozb\u0119dzie si\u0119 ca\u0142ej przewagi punktowej.<\/p>\n\n\n\n<p>Uderzy\u0142a wy\u017cej, ci\u0105gle biegn\u0105\u0107 do ty\u0142u. Na pewno trafi\u0142a, chocia\u017c nie by\u0142a pewna jak efektywnie. Straci\u0142a r\u00f3wnowag\u0119 i niewiele brak\u0142o, \u017ceby si\u0119 przewr\u00f3ci\u0142a. Mo\u017ce co\u015b si\u0119 sta\u0142o przy skanie?<\/p>\n\n\n\n<p>\u30fc Mi\u0142o, \u017ce wr\u00f3ci\u0142e\u015b \u30fc warkn\u0119\u0142a. Brzmia\u0142a agresywnie, ale g\u0142\u00f3wnie przez b\u00f3l. \u30fc No c\u00f3\u017c, ty chcia\u0142e\u015b tego rewan\u017cu. I tak my\u015bl\u0119, \u017ce powiniene\u015b go wygra\u0107 \u30fc tym razem powiedzia\u0142a ciszej, przez oddech. By\u0142o s\u0142ycha\u0107 b\u00f3l w jej g\u0142osie. Mo\u017ce zaszkodzi\u0142o jej co\u015b?<\/p>\n\n\n\n<p>Nie zwr\u00f3ci\u0142a nawet uwagi kiedy zacz\u0119\u0142a coraz bardziej dr\u017ce\u0107. By\u0142a ca\u0142y czas w stanie walczy\u0107, ale widocznie nie by\u0142a w najlepszej kondycji. Przechodz\u0105cy do ataku wr\u0119cz Sebastian sam nie wiedzia\u0142 co si\u0119 dzieje.<br>\u30fc Wszystko w porz\u0105dku? Mo\u017ce chcesz przerwa\u0107 walk\u0119?<br>\u30fc Mo\u017cemy to\u2026 t- po prostu&#8230; odegra\u0107 jakby\u015b wygra\u0142. I tak&#8230; tyk- planowa\u0142am \u30fc m\u00f3wi\u0142a, tym razem szybko, gubi\u0105c s\u0142owa po drodze.<\/p>\n\n\n\n<p>Kiwn\u0105\u0142 g\u0142ow\u0105, ale nie by\u0142 pewien, czy powinien kontynuowa\u0107. Uderza\u0142 z coraz mniejszym impetem, a\u017c kompletnie przesta\u0142. Skupi\u0142 si\u0119 o opartej na w\u0142asnych kolanach przeciwniczce. Opar\u0142 si\u0119 o jej ramiona i spojrza\u0142 jej w oczy. Wygl\u0105da\u0142a, jakby pr\u00f3bowa\u0142a nie p\u0142aka\u0107. Sebastian chcia\u0142 w\u0142\u0105czy\u0107 system. Po ostatnich prze\u017cyciach nie chcia\u0142 wygrywa\u0107 za wszelk\u0105 cen\u0119.<\/p>\n\n\n\n<p>Ale wtedy burza piaskowa ich dogoni\u0142a.<\/p>\n\n\n\n<p>\u30fc Nic nie widz\u0119&#8230; \u30fc powiedzia\u0142a cicho, wysokim g\u0142osem, jakby przez \u0142zy. Prawie szepta\u0142a.<\/p>\n\n\n\n<p>\u30fc Trzymaj oddech i zas\u0142o\u0144 usta \u30fc rzuci\u0142 szybko.<\/p>\n\n\n\n<p>Mieli praktycznie tyle samo punkt\u00f3w. Cass ca\u0142y czas by\u0142a w kapturze, wi\u0119c zakrycie ust nie by\u0142o dla niej trudne. Sebastian na\u0142o\u017cy\u0142 na usta r\u0119kaw. Wiatr pchn\u0105\u0142 go do przodu, a j\u0105 do ty\u0142u. Oboje niemal\u017ce le\u017celi na kolanach. Cassandra pr\u00f3bowa\u0142a si\u0119 podeprze\u0107, ale k\u0142uj\u0105ce z b\u00f3lu rami\u0119 jej nie pozwala\u0142o.<\/p>\n\n\n\n<p>To by\u0142 idealny moment. Byli daleko od siebie, mog\u0142a go teraz zabi\u0107. Ich punkty spada\u0142y bardzo szybko, szczeg\u00f3lnie jego, bo nie mia\u0142 zbyt dobrej ochrony przed&nbsp; Ale nie wiedzia\u0142a czy chce to wygra\u0107. Od pocz\u0105tku nie chcia\u0142a. I tak przegra\u0142a praktycznie wszystko. Jedyny raz kiedy wygra\u0142a, to dzi\u0119ki niemu. By\u0142 dla niej bardzo wyrozumia\u0142y. Prawie przerwa\u0142 gr\u0119 dla niej.<\/p>\n\n\n\n<p>Ca\u0142y czas dr\u017ca\u0142a nieopanowanie. R\u0119ce jej si\u0119 trz\u0119s\u0142y. Nie chcia\u0142a go zabija\u0107, ale chcia\u0142a to zako\u0144czy\u0107. Mia\u0142a do\u015b\u0107 tego b\u00f3lu.<\/p>\n\n\n\n<p>Zamachn\u0119\u0142a si\u0119 przed siebie. Szybko, dwa razy. S\u0142ynny \u201cX\u201d.<\/p>\n\n\n\n<p>Straci\u0142 wszystkie punkty. Ona te\u017c mia\u0142a ju\u017c dos\u0142ownie kilka.<\/p>\n\n\n\n<p>Czu\u0142a si\u0119 strasznie. Ale piasek si\u0119 rozproszy\u0142. Poczu\u0142a si\u0119 cho\u0107 odrobin\u0119 lepiej. Mimo to, robi\u0142o jej si\u0119 ciemno przed oczami.<\/p>\n\n\n\n<p>Musi przeprosi\u0107 Sebastiana. Albo jako\u015b mu to wynagrodzi\u0107.<\/p>\n\n\n\n<p>I zadzwoni\u0107 do Eryka.<\/p>\n\n\n\n<p>I kaza\u0107 si\u0119 pieprzy\u0107 Michaelowi.<br>Czemu w\u0142a\u015bciwie\u2026?<\/p>\n","protected":false},"excerpt":{"rendered":"<p>Cassandra mia\u0142a na sobie bordow\u0105 sukienk\u0119 koktajlow\u0105 i trzyma\u0142a w d\u0142oniach z\u0142ot\u0105 kopert\u00f3wk\u0119. To prawda, by\u0142 to wiecz\u00f3r jej walki, ale nieszczeg\u00f3lnie j\u0105 to przejmowa\u0142o. By\u0142 to przecie\u017c rewan\u017c. Nie czu\u0142a potrzeby wygranej. Nawet pomimo faktu, \u017ce nie uwa\u017ca\u0142a poprzedniej potyczki za zwyci\u0119stwo. Chyba by\u0142a ju\u017c przyzwyczajona do przegrywania. By\u0142a w restauracji. Ogromne czerwone \u015bciany, &hellip;<br \/><a href=\"https:\/\/kodlyoko.pl\/index.php\/artykuly\/tworczosc-niekonwencjonalna\/arena\/edycja-2-5\/walki\/walka-11-1-cassandra-ann-benoir-vs-sebastian-krzaczasty\/\" class=\"more-link pen_button pen_element_default pen_icon_arrow_double\">Read more<\/a><\/p>\n","protected":false},"author":7,"featured_media":0,"parent":1327,"menu_order":20,"comment_status":"open","ping_status":"closed","template":"","meta":{"footnotes":""},"categories":[20],"tags":[],"class_list":["post-2687","page","type-page","status-publish","hentry","category-artykuly-areny"],"_links":{"self":[{"href":"https:\/\/kodlyoko.pl\/index.php\/wp-json\/wp\/v2\/pages\/2687","targetHints":{"allow":["GET"]}}],"collection":[{"href":"https:\/\/kodlyoko.pl\/index.php\/wp-json\/wp\/v2\/pages"}],"about":[{"href":"https:\/\/kodlyoko.pl\/index.php\/wp-json\/wp\/v2\/types\/page"}],"author":[{"embeddable":true,"href":"https:\/\/kodlyoko.pl\/index.php\/wp-json\/wp\/v2\/users\/7"}],"replies":[{"embeddable":true,"href":"https:\/\/kodlyoko.pl\/index.php\/wp-json\/wp\/v2\/comments?post=2687"}],"version-history":[{"count":1,"href":"https:\/\/kodlyoko.pl\/index.php\/wp-json\/wp\/v2\/pages\/2687\/revisions"}],"predecessor-version":[{"id":2688,"href":"https:\/\/kodlyoko.pl\/index.php\/wp-json\/wp\/v2\/pages\/2687\/revisions\/2688"}],"up":[{"embeddable":true,"href":"https:\/\/kodlyoko.pl\/index.php\/wp-json\/wp\/v2\/pages\/1327"}],"wp:attachment":[{"href":"https:\/\/kodlyoko.pl\/index.php\/wp-json\/wp\/v2\/media?parent=2687"}],"wp:term":[{"taxonomy":"category","embeddable":true,"href":"https:\/\/kodlyoko.pl\/index.php\/wp-json\/wp\/v2\/categories?post=2687"},{"taxonomy":"post_tag","embeddable":true,"href":"https:\/\/kodlyoko.pl\/index.php\/wp-json\/wp\/v2\/tags?post=2687"}],"curies":[{"name":"wp","href":"https:\/\/api.w.org\/{rel}","templated":true}]}}