{"id":2642,"date":"2020-11-09T16:40:00","date_gmt":"2020-11-09T14:40:00","guid":{"rendered":"https:\/\/kodlyoko.pl\/?page_id=2642"},"modified":"2021-08-08T21:04:26","modified_gmt":"2021-08-08T19:04:26","slug":"walka-7-2-niilo-ahonen-vs-lidica-harrison","status":"publish","type":"page","link":"https:\/\/kodlyoko.pl\/index.php\/artykuly\/tworczosc-niekonwencjonalna\/arena\/edycja-2-5\/walki\/walka-7-2-niilo-ahonen-vs-lidica-harrison\/","title":{"rendered":"[Walka 7-2] Niilo Ahonen vs Lidica Harrison"},"content":{"rendered":"\n<p>&#8220;What is really happening to me?<\/p>\n\n\n\n<p>In the fog I try to see,<\/p>\n\n\n\n<p>The fragments demon left in me<\/p>\n\n\n\n<p>Is this fiction or reality?&#8221;<\/p>\n\n\n\n<p>Rozbrzmia\u0142y w g\u0142o\u015bnikach telefonu Niilo s\u0142owa piosenki Obey od zespo\u0142u Priest. Finlandczyk otworzy\u0142 oczy. Wsta\u0142. Odrzuci\u0142 po\u0142\u0105czenie i poszed\u0142 dalej spa\u0107. 10 minut p\u00f3\u017aniej kom\u00f3rka zaczyna znowu dzwoni\u0107, tym razem odbiera odbiera.<\/p>\n\n\n\n<p>-Pan Niilo Abonent? Tu ordynator, mo\u017ce Pan przyjecha\u0107 do szpitala?-<\/p>\n\n\n\n<p>***<\/p>\n\n\n\n<p>Drzwi na korytarz otwieraj\u0105 si\u0119, przechodzi przez nie Niilo i Ordynator<\/p>\n\n\n\n<p>-Jak to w \u015bpi\u0105czce?!- wykrzycza\u0142 w\u015bciek\u0142y Ch\u0142opak -Jeste\u015bcie od tego aby takim rzeczom zapobiega\u0107!-<\/p>\n\n\n\n<p>&#8211; Panie Ahonen, prosz\u0119 si\u0119 uspokoi\u0107! Zrobili\u015bmy wszystko co mogli\u015bmy, gdyby nie my pa\u0144ski brat m\u00f3g\u0142by ju\u017c nie \u017cy\u0107. &#8211;<\/p>\n\n\n\n<p>&#8211; Chc\u0119 go zobaczy\u0107! &#8211; powiedzia\u0142 nie spuszczaj\u0105c z tonu.<\/p>\n\n\n\n<p>&#8211; Prosz\u0119 &#8211; m\u00f3wi lekarz wskazuj\u0105c na drzwi.<\/p>\n\n\n\n<p>Dw\u00f3jka wchodzi do pokoju w kt\u00f3rym le\u017cy Tomi. Podpi\u0119ty do respiratora, nieruszaj\u0105cy si\u0119 poza oddechem. Niilo na ten widok zesztywnia\u0142.<\/p>\n\n\n\n<p>-Jak Pan widzi Panie Ahonen, mamy wszystko pod kontrol\u0105, Pana brat jest ca\u0142y i zdrowy. &#8211;<\/p>\n\n\n\n<p>Niilo powstrzymywa\u0142 si\u0119 aby nie waln\u0105\u0107 ordynatora w twarz. Tomi nie by\u0142 zdrowy, gdyby by\u0142 nie musia\u0142by sp\u0119dza\u0107 reszty swojego \u017cycia w tym szpitalu.<\/p>\n\n\n\n<p>***<\/p>\n\n\n\n<p>Reszt\u0119 dnia sp\u0119dzi\u0142 w tym samym barze co zawsze, sfrustrowany, i w\u015bciek\u0142y, a\u017c do\u0142\u0105czy\u0142a do niego Lidica.<\/p>\n\n\n\n<p>-Niilo tak? &#8211; zapyta\u0142a<\/p>\n\n\n\n<p>&#8211; Tak. &#8211; odpowiedzia\u0142 monotonnie<\/p>\n\n\n\n<p>&#8211; Co ty taki nie w humorze? &#8211;<\/p>\n\n\n\n<p>&#8211; Musimy o tym rozmawia\u0107? &#8211;<\/p>\n\n\n\n<p>&#8211; Sorry, chc\u0119 Ci\u0119 tylko jako\u015b bli\u017cej pozna\u0107 przed walk\u0105. &#8211;<\/p>\n\n\n\n<p>&#8211; W sumie co mi szkodzi? &#8211; powiedzia\u0142 zrezygnowany &#8211; Wal. &#8211;<\/p>\n\n\n\n<p>Harrison zacz\u0119\u0142a m\u00f3wi\u0107, zadawa\u0107 pytania. Rozmowa szczerze poprawi\u0142a humor finlandczyka, nawet zacz\u0119\u0142o si\u0119 mu podoba\u0107 towarzystwo przysz\u0142ej przeciwniczki.<\/p>\n\n\n\n<p>***<\/p>\n\n\n\n<p>Wirtualizacja.<\/p>\n\n\n\n<p>G\u00f3ry, jeden z oryginalnych sektor\u00f3w Lyoko. Niilo i Lidica byli stosunkowo niedaleko siebie.<\/p>\n\n\n\n<p>Kobieta atakuje pierwsza, Niilo robi unik, aktywuje pazury, i pr\u00f3buj\u0119 zmniejszy\u0107 dystans. Harrison niedoprowadza do tego, atakuje ponownie i tym razem przy uniku Ahonena, spycha go w przepa\u015b\u0107, ale oponent \u0142apie si\u0119 jej i ci\u0105gnie j\u0105 za sob\u0105 spadaj\u0105c i zadaj\u0105c obra\u017cenia od ci\u0119cia pazurami.<\/p>\n\n\n\n<p>Lidica kopie Niilo pr\u00f3buj\u0105c zmusza\u0107 go do puszczenia jej, ale metalowiec nie chce uledz. Rani wojowniczk\u0119 w nog\u0119 i przyci\u0105ga j\u0105 do siebie mocniej ustawiaj\u0105c si\u0119 tak aby to ona pierwsza dotkn\u0119\u0142a morza. P\u0119dz\u0105 tak ustawieni przez te ostatnie par\u0119 metr\u00f3w do tafli cyfrowej wody. Lidica trafia w morze pierwsza, p\u00f3\u017aniej Niilo.<\/p>\n\n\n\n<p>***<\/p>\n\n\n\n<p>Wypad\u0142 ze skanera na pod\u0142og\u0119, odetchn\u0105\u0142 i powoli usiad\u0142 opieraj\u0105c si\u0119 o skaner.<\/p>\n\n\n\n<p>&#8211; Fajnie by\u0142o, tylko troch\u0119 za szybko my\u015blisz \u017ce b\u0119dzie remis?- zapyta\u0142 zdyszany<\/p>\n\n\n\n<p>&#8211; Oby, ale gdyby nie morze, to bym ci dowali\u0142a. &#8211; m\u00f3wi \u017cartobliwie, te\u017c zdyszana.<\/p>\n\n\n\n<p>Oboje wstaj\u0105 i id\u0105 do pokoju s\u0119dzi\u00f3w aby us\u0142ysze\u0107 werdykt.<\/p>\n\n\n\n<p>-I jak? &#8211; pytaj\u0105 ch\u00f3rem<\/p>\n\n\n\n<p>&#8211; Musimy og\u0142osi\u0107 remis. Nie min\u0119\u0142o wystarczaj\u0105co du\u017co czasu mi\u0119dzy waszymi dewirtualizacjami, czeka was losowanie. &#8211; powiedzia\u0142 s\u0119dzia.<\/p>\n\n\n\n<p>Na ekranie pojawia si\u0119 karta, po jednej stronie Niilo, po drugiej Lidica, rozpoczyna si\u0119 losowanie.<\/p>\n\n\n\n<p>Ka\u017cdy z niecierpliwo\u015bci\u0105 czeka na wynik, karta spowalnia obroty\u2026<\/p>\n\n\n\n<p>&#8230;i zatrzymuje si\u0119 na Ahonenie.<\/p>\n\n\n\n<p>-Gratuluj\u0119. Co ty na to aby przej\u015b\u0107 si\u0119 do baru, pocelebrowa\u0107? &#8211; zapyta\u0142a m\u0142oda Harrison.<\/p>\n\n\n\n<p>&#8211; Dlaczego by nie! &#8211; powiedzia\u0142 szcz\u0119\u015bliwy zwyci\u0119stwem muzyk. Po czym oboje udali si\u0119 w\u0142a\u015bnie tam.<\/p>\n","protected":false},"excerpt":{"rendered":"<p>&#8220;What is really happening to me? In the fog I try to see, The fragments demon left in me Is this fiction or reality?&#8221; Rozbrzmia\u0142y w g\u0142o\u015bnikach telefonu Niilo s\u0142owa piosenki Obey od zespo\u0142u Priest. Finlandczyk otworzy\u0142 oczy. Wsta\u0142. Odrzuci\u0142 po\u0142\u0105czenie i poszed\u0142 dalej spa\u0107. 10 minut p\u00f3\u017aniej kom\u00f3rka zaczyna znowu dzwoni\u0107, tym razem odbiera &hellip;<br \/><a href=\"https:\/\/kodlyoko.pl\/index.php\/artykuly\/tworczosc-niekonwencjonalna\/arena\/edycja-2-5\/walki\/walka-7-2-niilo-ahonen-vs-lidica-harrison\/\" class=\"more-link pen_button pen_element_default pen_icon_arrow_double\">Read more<\/a><\/p>\n","protected":false},"author":7,"featured_media":0,"parent":1327,"menu_order":13,"comment_status":"open","ping_status":"closed","template":"","meta":{"footnotes":""},"categories":[20],"tags":[],"class_list":["post-2642","page","type-page","status-publish","hentry","category-artykuly-areny"],"_links":{"self":[{"href":"https:\/\/kodlyoko.pl\/index.php\/wp-json\/wp\/v2\/pages\/2642","targetHints":{"allow":["GET"]}}],"collection":[{"href":"https:\/\/kodlyoko.pl\/index.php\/wp-json\/wp\/v2\/pages"}],"about":[{"href":"https:\/\/kodlyoko.pl\/index.php\/wp-json\/wp\/v2\/types\/page"}],"author":[{"embeddable":true,"href":"https:\/\/kodlyoko.pl\/index.php\/wp-json\/wp\/v2\/users\/7"}],"replies":[{"embeddable":true,"href":"https:\/\/kodlyoko.pl\/index.php\/wp-json\/wp\/v2\/comments?post=2642"}],"version-history":[{"count":1,"href":"https:\/\/kodlyoko.pl\/index.php\/wp-json\/wp\/v2\/pages\/2642\/revisions"}],"predecessor-version":[{"id":2643,"href":"https:\/\/kodlyoko.pl\/index.php\/wp-json\/wp\/v2\/pages\/2642\/revisions\/2643"}],"up":[{"embeddable":true,"href":"https:\/\/kodlyoko.pl\/index.php\/wp-json\/wp\/v2\/pages\/1327"}],"wp:attachment":[{"href":"https:\/\/kodlyoko.pl\/index.php\/wp-json\/wp\/v2\/media?parent=2642"}],"wp:term":[{"taxonomy":"category","embeddable":true,"href":"https:\/\/kodlyoko.pl\/index.php\/wp-json\/wp\/v2\/categories?post=2642"},{"taxonomy":"post_tag","embeddable":true,"href":"https:\/\/kodlyoko.pl\/index.php\/wp-json\/wp\/v2\/tags?post=2642"}],"curies":[{"name":"wp","href":"https:\/\/api.w.org\/{rel}","templated":true}]}}