{"id":2548,"date":"2021-07-12T19:23:40","date_gmt":"2021-07-12T17:23:40","guid":{"rendered":"https:\/\/kodlyoko.pl\/?page_id=2548"},"modified":"2021-07-12T19:24:19","modified_gmt":"2021-07-12T17:24:19","slug":"runda-4-1-daniel-garcia-vs-alex-becket","status":"publish","type":"page","link":"https:\/\/kodlyoko.pl\/index.php\/artykuly\/tworczosc-niekonwencjonalna\/arena\/edycja-3\/edycja-3-walki\/edycja-3-cwiercfinaly\/runda-4-1-daniel-garcia-vs-alex-becket\/","title":{"rendered":"[RUNDA 4-1] Daniel Garcia vs Alex Becket"},"content":{"rendered":"\n<p>Pogr\u0105\u017cony we w\u0142asnych my\u015blach Alex nie by\u0142 \u015bwiadom zbli\u017caj\u0105cego si\u0119 niebezpiecze\u0144stwa.<\/p>\n\n\n\n<p>S\u0142uchawki na uszach skutecznie odci\u0119\u0142y go od wszelkich innych d\u017awi\u0119k\u00f3w, podczas gdy on siedz\u0105c przy biurku, sprawdza\u0142 co\u015b w jednej ze swoich ksi\u0105\u017cek i co kilka sekund notowa\u0142 w roz\u0142o\u017conym na blacie zeszycie. Zapisywa\u0142, skre\u015bla\u0142, wstawia\u0142 poprawki, by po chwili skre\u015bli\u0107 kilka ostatnich linijek tekstu i zacz\u0105\u0107 wszystko od nowa.<\/p>\n\n\n\n<p>\u2014 Jak tam Sekmet przed jutrzejsz\u0105 walk\u0105? \u2014 rzuci\u0142 bez ostrze\u017cenia jego ubrany w dresy sobowt\u00f3r, \u015bci\u0105gaj\u0105 mu sprz\u0119t z uszu.<\/p>\n\n\n\n<p>\u2014 Cosa \u00e8&#8230;* \u2014 rzuci\u0142 Alex, odwracaj\u0105c si\u0119 do intruza, po czym kontynuowa\u0142. \u2014 Quante volte ti ho detto, Colin, di non farlo?<\/p>\n\n\n\n<p>\u2014 A mo\u017ce tak po ludzku \u2014 spyta\u0142 nieco sko\u0142owany blondyn, wci\u0105\u017c trzymaj\u0105c w r\u0119ce zerwane s\u0142uchawki.<\/p>\n\n\n\n<p>\u2014 Pyta\u0142em si\u0119, ile razy ci m\u00f3wi\u0142em, by\u015b mi tak nie robi\u0142 Colin \u2014 powiedzia\u0142 Alex, u\u015bwiadamiaj\u0105c sobie, \u017ce ca\u0142a jego wcze\u015bniejsza wypowied\u017a by\u0142a powiedziana po w\u0142osku.<\/p>\n\n\n\n<p>\u2014 W tym tygodniu chyba tylko cztery razy bracki.<\/p>\n\n\n\n<p>\u2014 I chyba najwyra\u017aniej to dla ciebie za ma\u0142o. A teraz z \u0142aski swojej oddaj mi moj\u0105 w\u0142asno\u015b\u0107 \u2014 stwierdzi\u0142, wyci\u0105gaj\u0105c r\u0119k\u0119 po swoj\u0105 w\u0142asno\u015b\u0107. \u2014 I przesta\u0144 mnie nazywa\u0107 Sekmet. Ile razy mam ci powtarza\u0107, \u017ce to by\u0142o \u017ce\u0144skie b\u00f3stwo?<\/p>\n\n\n\n<p>\u2014 A kogo to obchodzi? Pasuje ci jak ula\u0142 \u2014 odpar\u0142, wci\u0105\u017c nie oddaj\u0105c bli\u017aniakowi jego w\u0142asno\u015bci. \u2014 No, chyba \u017ce nie dasz rady na Arenach\u2026 Wtedy bardziej b\u0119dzie ci pasowa\u0107 Nowy Odd.<\/p>\n\n\n\n<p>\u2014 Jeszcze zobaczymy. Nie zmienia to jednak faktu, \u017ce ty m\u00f3j ma\u0142y braciszku, chyba si\u0119 ciut zagalopowa\u0142e\u015b, ju\u017c mi to wysy\u0142aj\u0105c \u2014 stwierdzi\u0142, odwracaj\u0105c si\u0119 w stron\u0119 monitora i paroma szybkimi klikni\u0119ciami odnalaz\u0142 ostatnia wiadomo\u015b\u0107 od brata. Po jej otwarciu ich oczom ukaza\u0142 si\u0119 obracaj\u0105cy si\u0119 powoli przerobiony tr\u00f3jwymiarowy model cyfrowego avatara Alexa. Ten w przeciwie\u0144stwie do orygina\u0142u utrzymany by\u0142 w wi\u0119kszo\u015bci w barwach fioletu i r\u00f3\u017cu, z mas\u0105 ochraniaczy, a blond w\u0142osy u\u0142o\u017cone by\u0142y w stercz\u0105cy do ty\u0142u czub.<\/p>\n\n\n\n<p>\u2014 No co? Do twarzy ci b\u0119dzie. Pono\u0107 tak wygl\u0105da\u0142 jeden wojownik\u00f3w walcz\u0105cych w oryginalnym Lyoko.<\/p>\n\n\n\n<p>\u2014 By\u0107 mo\u017ce, ale nie zmienia to faktu, \u017ce w \u017cyciu tak nie przerobi\u0119 tak swojego cyfrowego wcielenia. A jak zaraz nie oddasz mi moich s\u0142uchawek, to przegrany zak\u0142ad b\u0119dzie twoim najmniejszym zmartwieniem.<\/p>\n\n\n\n<p>***<\/p>\n\n\n\n<p>\u2014 Witaj Alex. Twoim przeciwnikiem b\u0119dzie Daniel Garcia, walczy\u0107 b\u0119dziecie w sektorze pustynnym, a\u017c do fina\u0142owej dewirtualizacji. Powodzenia \u2014 rozleg\u0142 si\u0119 zewsz\u0105d&nbsp; standardowy damski g\u0142os, tu\u017c przed tym jak pojawi\u0142 si\u0119 w wirtualnym \u015bwiecie.<\/p>\n\n\n\n<p>Wyl\u0105dowawszy na czworakach, blondyn rozejrza\u0142 si\u0119 dooko\u0142a.<\/p>\n\n\n\n<p>Znajdowa\u0142 si\u0119 na poka\u017anych rozmiar\u00f3w p\u0142askowy\u017cu, kt\u00f3rego w du\u017cym stopniu pokrywa\u0142y skalne s\u0142upy zwie\u0144czone niedu\u017cymi blokami skalnymi, cho\u0107 gdzieniegdzie trafia\u0142y si\u0119 dwa lub trzy filary podtrzymuj\u0105ce jedna kamienn\u0105 k\u0142adk\u0119. Nigdzie jednak nie widzia\u0142 swojego rywala.<\/p>\n\n\n\n<p>\u2014 Kici kici\u2026 Ta\u015b ta\u015b\u2026 \u2014 rzuci\u0142 w eter, wci\u0105\u017c wypatruj\u0105c Daniela. Nie przejmowa\u0142 si\u0119 za mocno, \u017ce co\u015b takie nie sprawi, i\u017c przeciwnik magicznie pojawi si\u0119 tu\u017c obok niego. Zak\u0142ad zak\u0142adem, lecz nawet Areny nie by\u0142y zdolne zmieni\u0107 faktu, \u017ce w tym momencie w og\u00f3le nie odczuwa\u0142 towarzysz\u0105cego mu jeszcze minut\u0119 temu zdenerwowania. Po prostu cyfrowy rzeczywisto\u015bci tak na niego dzia\u0142a.<\/p>\n\n\n\n<p>\u2014 Halo\u2026 panie demonie z dwoma mieczami\u2026! \u2014 krzykn\u0105\u0142, podnosz\u0105c si\u0119 do pozycji wyprostowanej. Nie m\u00f3g\u0142 przecie\u017c ca\u0142y czas siedzie\u0107 bezczynnie. Trzeba by\u0142o si\u0119 ruszy\u0107 i samemu znale\u017a\u0107 przeciwnika, skoro ten nie zamierza\u0142 tego zrobi\u0107.<\/p>\n\n\n\n<p>Podszed\u0142 do najbli\u017cszego z osta\u0144c\u00f3w i zacz\u0105\u0142 si\u0119 po nim wspina\u0107, co w normalnych warunkach mog\u0142oby sprawi\u0107 mu sporo problem\u00f3w, lecz jego pazury \u015bwietnie wbija\u0142y si\u0119 w szczeliny pomi\u0119dzy kolejnymi warstwami ska\u0142.<\/p>\n\n\n\n<p>Pokonawszy skalny wyst\u0119p i znalaz\u0142szy si\u0119 na szczycie, ponownie si\u0119 rozejrza\u0142, lecz podobnie jak przedtem, nigdzie nie dostrzeg\u0142 oponenta. Po\u0142o\u017cywszy obie d\u0142onie na biodrach, westchn\u0105\u0142 zdegustowany, cho\u0107 w \u017caden spos\u00f3b nie skomentowa\u0142 na g\u0142os obecnej sytuacji. Zamiast tego ruszy\u0142 przed siebie, przeskakuj\u0105c na kolejne skalne grzyby, pr\u00f3buj\u0105c wypatrze\u0107 gdzie\u015b wroga. Podejrzewa\u0142 bowiem, \u017ce chowa si\u0119 gdzie\u015b pomi\u0119dzy ska\u0142ami. W ko\u0144cu, organizatorzy nie zwirtualizowaliby ich pod dw\u00f3ch kra\u0144cach sektora, nie?<\/p>\n\n\n\n<p>\u2014 To chyba nie pora na zabaw\u0119 w chowanego, wiesz? \u2014 krzykn\u0105\u0142 po parunastu sekundach truchtu.<\/p>\n\n\n\n<p>Tym razem jednak zamiast ciszy, us\u0142ysza\u0142 co\u015b innego. Nie by\u0142 jednak pewien, co to mog\u0142o by\u0107, brzmia\u0142o bowiem jak co\u015b pomi\u0119dzy cichym kaszlni\u0119ciem, a g\u0142o\u015bnik westchnieniem.<\/p>\n\n\n\n<p>Alexowi to jednak nie przeszkadza\u0142o. Szybko ruszy\u0142 w stron\u0119, z kt\u00f3rej dobieg\u0142 go d\u017awi\u0119k i zaraz znalaz\u0142 na filarze, zza kt\u00f3rego us\u0142ysza\u0142 \u00f3w d\u017awi\u0119k i bez zastanowienia zeskoczy\u0142 na ziemi\u0119. Jednak zamiast upragnionego przeciwnika dostrzeg\u0142 jedynie niedu\u017cy, mog\u0105cy si\u0119 spokojnie zmie\u015bci\u0107 w d\u0142oni dysk.<\/p>\n\n\n\n<p>Na szcz\u0119\u015bcie dla kociego wojownik, szybko zrozumia\u0142, co to oznacza. Rzuci\u0142 si\u0119 w bok, by unikn\u0105\u0107 ataku, kt\u00f3ry najpewniej w tym momencie by\u0142 wyprowadzany.<\/p>\n\n\n\n<p>Niestety zrobi\u0142 to o u\u0142amek sekundy za p\u00f3\u017ano i ostrze miecza przeci\u0119\u0142o jego obojczyk, odbieraj\u0105c dziesi\u0119\u0107 punkt\u00f3w. \u0141api\u0105c za nie istniej\u0105c\u0105 ju\u017c ran\u0119, obejrza\u0142 si\u0119 za siebie i dostrzeg\u0142 jak m\u0142odszy od niego m\u0119\u017cczyzna, jak gdyby nigdy nic stoi sobie do g\u00f3ry nogami pod skalnym wyst\u0119pem pustynnego osta\u0144ca.<\/p>\n\n\n\n<p>\u2014 \u0141oo ty\u2026 jak Spiderman\u2026 \u2014 stwierdzi\u0142 z niema\u0142y wra\u017ceniem w g\u0142osie, nie wygl\u0105daj\u0105c jak kto\u015b, kto w\u0142a\u015bnie unikn\u0105\u0142 b\u0142yskawicznej dewirtualizacji. Alex jednak szybko wyrwa\u0142 si\u0119 z szoku i przyj\u0105\u0142 pozycj\u0119 do walki, rozcapierzaj\u0105c uzbrojone w pazury palce d\u0142oni. Mo\u017ce i przys\u0142owiow\u0105 pierwsza krew nale\u017ca\u0142a do Daniela, lecz nie oznacza\u0142o to, \u017ce ju\u017c wygra\u0142.<\/p>\n\n\n\n<p>Ten za\u015b bez s\u0142owa zwinnie zeskoczy\u0142 na ziemi\u0119 i momentalnie wybi\u0142 si\u0119, atakuj\u0105c zielonookiego p\u0142askim ci\u0119ciem w szyj\u0119. Ten jednak bez problem\u00f3w uchyli\u0142 si\u0119 przed kling\u0105, po czym lew\u0105 r\u0119k\u0105 z\u0142apa\u0142 go za nadgarstek i szarpn\u0105\u0142 do siebie, wyprowadzaj\u0105c szybkie pchni\u0119cie w bok przeciwnika, u\u0142o\u017cona niczym ostrze w\u0142\u00f3czni praw\u0105 r\u0119k\u0105. Pazury rozora\u0142y bok zamaskowanego, zabieraj\u0105c pi\u0119tna\u015bcie punkt\u00f3w.<\/p>\n\n\n\n<p>\u2014 Po jeden \u2014 rzuci\u0142 blondyn, staj\u0105c za pr\u00f3buj\u0105cym odzyska\u0107 r\u00f3wnowag\u0119 przeciwnikiem. Ten jednak nic nie odpowiedzia\u0142, a jedynie odwr\u00f3ci\u0142 si\u0119, przywo\u0142uj\u0105c drugi miecz. Alex w odpowiedzi jedynie zach\u0119ci\u0142 go kr\u00f3tkim gestem, by zaatakowa\u0142. W ko\u0144cu zaczyna\u0142o si\u0119 co\u015b dzia\u0107, a przecie\u017c o to chodzi\u0142o.<\/p>\n\n\n\n<p>Garcia zaatakowa\u0142 pierwszy, markuj\u0105c kolejne poziome ci\u0119cie, przez co Becket odruchowo zas\u0142oni\u0142 si\u0119 wzmocniona r\u0119kawic\u0105. Jego przeciwnik zdawa\u0142 si\u0119 na to liczy\u0107, zaraz bowiem wyprowadzi\u0142 pchni\u0119cie drugiego miecza prosto w pier\u015b kota.<\/p>\n\n\n\n<p>Pojawi\u0142 si\u0119 jednak pewien problem, bowiem zamiast wbi\u0107 si\u0119 w avatar przeciwnik, bro\u0144 trafi\u0142a w pustk\u0119. Alex bowiem ponownie odchyli\u0142 si\u0119 do ty\u0142u i opieraj\u0105c si\u0119 na wolnej r\u0119ce, kopn\u0105\u0142 przeciwnika w brod\u0119, niemal powalaj\u0105c go na ziemi\u0119, cho\u0107 nie w\u0142o\u017cy\u0142 w atak du\u017co si\u0142y.<\/p>\n\n\n\n<p>\u2014 I kolejne kilka punkt\u00f3w mniej dla ciebie\u2026 \u2014 rzuci\u0142 z u\u015bmiechem, l\u0105duj\u0105c na czworakach. &#8212; Dalej nie masz nic do powiedzenia?<\/p>\n\n\n\n<p>\u2014 Mo\u017ce\u2026 \u2014 odpar\u0142 Daniel, a raczej jego znajduj\u0105cy si\u0119 na ramieniu g\u0142o\u015bnik, podczas gdy sam ociera\u0142 spod maski przedramieniem. Nie wygl\u0105da\u0142 jednak, jakby mocno si\u0119 przej\u0105\u0142 kopni\u0119ciem, nawet je\u015bli pomin\u0105\u0107 fakt, \u017ce przez zas\u0142oni\u0119cie twarzy ci\u0119\u017cko by\u0142o powiedzie\u0107, w jakim jest nastroju.<\/p>\n\n\n\n<p>\u2014 Czyli to by\u0142a za niska cena? \u2014 zaciekawi\u0142 si\u0119 zielonooki, przekrzywiaj\u0105c g\u0142ow\u0119. \u2014 Zobaczmy wi\u0119c jaka jest cena za pe\u0142ne zdanie.<\/p>\n\n\n\n<p>I nisko pochylony ruszy\u0142 biegiem na przeciwnika z dwoma zestawami pazur\u00f3w w roz\u0142o\u017conych na boki r\u0119kach. Ten jednak by\u0142 got\u00f3w do obrony. Ostrzem lewej klingi zablokowa\u0142 nadci\u0105gaj\u0105ce drapni\u0119cie, samemu posy\u0142aj\u0105c w brzuch blondw\u0142osego kolano. Nie zabra\u0142o to mo\u017ce du\u017co punkt\u00f3w, ale odepchn\u0119\u0142o go od zamaskowanego wojownika, daj\u0105c miejsce na wyprowadzenie w\u0142asnego ataku pod postaci\u0105 szybkiego pchni\u0119cia w g\u0142ow\u0119.<\/p>\n\n\n\n<p>Alex jednak ponownie uchyli\u0142 si\u0119 przed ostrzem, lecz jednocze\u015bnie niemal, \u017ce w\u0142asnor\u0119cznie poda\u0142 przeciwnikowi samego siebie na srebrnej tacy. Ten bowiem w tym w\u0142a\u015bnie momencie wyprowadzi\u0142 szerokie, poziome ci\u0119cie na wysoko\u015bci piersi, kt\u00f3re zapewne w innej sytuacji ju\u017c zako\u0144czy\u0142o tocz\u0105cy si\u0119 pojedynek. Jednak przeciwnik Daniela ponownie poszczyci\u0142 si\u0119 wielk\u0105 gibko\u015bci\u0105, wyginaj\u0105c plecy do ty\u0142u prawie tworz\u0105c nimi liter\u0119 \u201cC\u201d. Unikn\u0105\u0142 dewirtualizacji, lecz nie poka\u017anej utraty punkt\u00f3w \u017cycia. Zamaskowany jednak zamierza\u0142 szybko naprawi\u0107 to niedoci\u0105gni\u0119cie, obracaj\u0105c w d\u0142oni uwolniony miecz i d\u017agaj\u0105c nim w wystawion\u0105 pier\u015b Alexa.<\/p>\n\n\n\n<p>Si\u0142a uderzenia wbi\u0142a bro\u0144 w pod\u0142o\u017ce, lecz na jej g\u0142owni nie by\u0142o odzianego w czer\u0144 kota, kt\u00f3ry w\u0142a\u015bnie przeje\u017cd\u017ca\u0142 na brzuchu mi\u0119dzy nogami przeciwnika, przy okazji podcinaj\u0105c go.<\/p>\n\n\n\n<p>W czasie, gdy Daniel l\u0105dowa\u0142 plackiem na ziemi, Alex w\u0142a\u015bnie dojecha\u0142 do stoj\u0105cego dot\u0105d za jego przeciwnikiem skalnego grzyb. Kosztowa\u0142o go to kolejne pi\u0119\u0107 punkt\u00f3w, co ostatecznie sprawia\u0142o, \u017ce pozostawa\u0142o mu ich pi\u0119\u0107dziesi\u0105t, lecz wyci\u0105garka w r\u0119kawicy spe\u0142ni\u0142a swoje zadanie.<\/p>\n\n\n\n<p>\u2014 Sam do najci\u0119\u017cszych nie nale\u017c\u0119, ale ty to naprawd\u0119 waga pi\u00f3rkowa, wiesz? \u2014 podsumowa\u0142, w kuckach odczepiaj\u0105c sprz\u0119t od ska\u0142y, a gdy odwr\u00f3ci\u0142 si\u0119 do przeciwnika, dostrzeg\u0142 lec\u0105cy w jego stron\u0119 granat.<\/p>\n\n\n\n<p>Czy zadzia\u0142a\u0142 refleks, czy te\u017c pseudo &#8220;zwierz\u0119cy&#8221; instynkt, ale w chwili wybuchu odskoczy\u0142 jak najdalej od obiektu, odbijaj\u0105c si\u0119 od pod\u0142o\u017ca, niczym doprowadzony do zawa\u0142u kot, na moment znikaj\u0105c w ob\u0142oku czarnego dymu. Ponownie wyl\u0105dowawszy na nogach, rzuci\u0142 si\u0119 szczupakiem w bok, nie czekaj\u0105c, a\u017c trafi go kt\u00f3ry\u015b z mieczy przeciwnika. Ten jednak si\u0119 nie pojawi\u0142, a zamiast niego, znacznie bli\u017cej ni\u017c powinien z ob\u0142oku wyskoczy\u0142 Daniel, si\u0119gaj\u0105c w stron\u0119 Alexa rozcapierzon\u0105 d\u0142oni\u0105.<\/p>\n\n\n\n<p>Ten jednak chwyci\u0142 przedrami\u0119 rogatego, tu\u017c przed tym jak ten zdo\u0142a\u0142 z\u0142apa\u0107 go za twarz.<\/p>\n\n\n\n<p>\u2014 Oj\u2026 bo po \u0142apach\u2026 Nie wolno tak maltretowa\u0107 zwierz\u0105t\u2026 \u2014 skarci\u0142 przeciwnika i ponownie z \u0142atwo\u015bci\u0105 powali\u0142 go na ziemi\u0119, zostawiaj\u0105c przy okazji woln\u0105 r\u0119k\u0105 na jego boku cztery, poka\u017ane szramy warte dwadzie\u015bcia punkt\u00f3w. Nie zamierza\u0142 jednak na tym poprzesta\u0107 i rzuci\u0142 si\u0119 na zamaskowanego, pr\u00f3buj\u0105c wbi\u0107 komplet pazur\u00f3w w jego ods\u0142oni\u0119ty kark.<\/p>\n\n\n\n<p>Garcia jednak mia\u0142 inne plany. Nie maj\u0105c czasu na zmaterializowanie swojego miecza, kt\u00f3rym m\u00f3g\u0142by zablokowa\u0107 stalowe ostrza wroga, zrobi\u0142 jedyn\u0105 mo\u017cliw\u0105 rzecz. Zwin\u0105\u0142 si\u0119 w k\u0142\u0119bek i odpychaj\u0105c si\u0119 r\u0119kami od pod\u0142o\u017ca, wystrzeli\u0142 niczym spr\u0119\u017cyna, trafiaj\u0105c obiema stopami w pier\u015b drugiego ubranego na czarno wojownika i odrzucaj\u0105c go na kilka dobrych metr\u00f3w. Na nieszcz\u0119\u015bcie dla Alexa prosto w stron\u0119 kraw\u0119dzi, przed kt\u00f3r\u0105 nie zdo\u0142a\u0142 wyhamowa\u0107 i po chwili metalowe noski jego but\u00f3w z chrz\u0119stem zsun\u0119\u0142y si\u0119 z niej.<\/p>\n\n\n\n<p>\u2014 O nie, nie, nie\u2026 \u2014 zacz\u0105\u0142 Alex, usilnie pr\u00f3buj\u0105c utrzyma\u0107 si\u0119 kraw\u0119dzi platformy, kt\u00f3ra ci\u0105gle ust\u0119powa\u0142a, pod naporem jego pazur\u00f3w.<\/p>\n\n\n\n<p>\u2014 O tak \u2014 stwierdzi\u0142 m\u0142odszy wojownik, podchodz\u0105c do swojego oponenta z mieczem w ka\u017cdej d\u0142oni. Zaj\u0105wszy dogodne miejsce, wzi\u0105\u0142 szeroki zamach i ci\u0105\u0142 po nadgarstkach kota. A raczej spr\u00f3bowa\u0142, gdy\u017c Alex zwyczajnie pu\u015bci\u0142 si\u0119 kraw\u0119dzi. Nie zmienia\u0142o to jednak faktu, \u017ce ostatecznie za chwil\u0119 wyl\u0105duje w Cyfrowym Morzu, co automatycznie b\u0119dzie oznacza\u0107 zwyci\u0119stwo Daniela.<\/p>\n\n\n\n<p>Lecz kolejne sekundy mija\u0142y, a zwyci\u0119zca ci\u0105gle nie zosta\u0142 og\u0142oszony, cho\u0107 koci wojownik ju\u017c dawno powinien sko\u0144czy\u0107 w odm\u0119tach.<\/p>\n\n\n\n<p>Zaciekawiony przeci\u0105gaj\u0105cym si\u0119 werdyktem, Garcia podszed\u0142 bli\u017cej skraju platformy i wyjrza\u0142 za jej kraw\u0119d\u017a.<\/p>\n\n\n\n<p>W tym samym momencie znik\u0105d pojawi\u0142 si\u0119 Alex, a z jego wyci\u0105gni\u0119tej r\u0119ki wystrzeli\u0142a cienka linka, kt\u00f3rej koniec trafi\u0142 Daniela w pier\u015b, a w u\u0142amek sekundy p\u00f3\u017aniej mocne szarpni\u0119cie pos\u0142a\u0142o go ku obj\u0119ciom morskich g\u0142\u0119bin.<\/p>\n\n\n\n<p>\u2014 D\u0142u\u017cej ju\u017c nie m\u00f3g\u0142 czeka\u0107\u2026 \u2014 westchn\u0105\u0142 blondyn, patrz\u0105c, jak jego oponent wraz z czarn\u0105 r\u0119kawic\u0105 przymocowan\u0105 jego piersi kr\u00f3tkim kawa\u0142kiem liny ostatecznie wpada do Cyfrowego Morza, ciesz\u0105c si\u0119 w duchu, \u017ce nie pos\u0142ucha\u0142 brata w sprawie zrobienia z r\u0119kawiczek integralnej cz\u0119\u015bci swego wcielenia. W nast\u0119pnej chwili spodnia cz\u0119\u015b\u0107 skalnego pod\u0142o\u017ca, kt\u00f3rego ca\u0142y czas kurczowo si\u0119&nbsp; trzyma\u0142, pozosta\u0142ymi trzema zestawami pazur\u00f3w nie wytrzyma\u0142o nadmiernego obci\u0105\u017cenia i z chrz\u0119stem wykruszy\u0142o si\u0119, posy\u0142aj\u0105c go w \u015blad za zamaskowanym wojownikiem. Nim jednak podzieli\u0142 jego los, jego cia\u0142o zacz\u0119\u0142o ulega\u0107 dewirtualizacji, sprowadzaj\u0105c z powrotem do skanera na Ziemi.<\/p>\n\n\n\n<p>*Co do\u2026<\/p>\n\n\n\n<p>*Ile razy ci m\u00f3wi\u0142em Colin, by\u015b tak nie robi\u0142?<\/p>\n","protected":false},"excerpt":{"rendered":"<p>Pogr\u0105\u017cony we w\u0142asnych my\u015blach Alex nie by\u0142 \u015bwiadom zbli\u017caj\u0105cego si\u0119 niebezpiecze\u0144stwa. S\u0142uchawki na uszach skutecznie odci\u0119\u0142y go od wszelkich innych d\u017awi\u0119k\u00f3w, podczas gdy on siedz\u0105c przy biurku, sprawdza\u0142 co\u015b w jednej ze swoich ksi\u0105\u017cek i co kilka sekund notowa\u0142 w roz\u0142o\u017conym na blacie zeszycie. Zapisywa\u0142, skre\u015bla\u0142, wstawia\u0142 poprawki, by po chwili skre\u015bli\u0107 kilka ostatnich linijek &hellip;<br \/><a href=\"https:\/\/kodlyoko.pl\/index.php\/artykuly\/tworczosc-niekonwencjonalna\/arena\/edycja-3\/edycja-3-walki\/edycja-3-cwiercfinaly\/runda-4-1-daniel-garcia-vs-alex-becket\/\" class=\"more-link pen_button pen_element_default pen_icon_arrow_double\">Read more<\/a><\/p>\n","protected":false},"author":1,"featured_media":0,"parent":2506,"menu_order":0,"comment_status":"open","ping_status":"closed","template":"","meta":{"footnotes":""},"categories":[20],"tags":[],"class_list":["post-2548","page","type-page","status-publish","hentry","category-artykuly-areny"],"_links":{"self":[{"href":"https:\/\/kodlyoko.pl\/index.php\/wp-json\/wp\/v2\/pages\/2548","targetHints":{"allow":["GET"]}}],"collection":[{"href":"https:\/\/kodlyoko.pl\/index.php\/wp-json\/wp\/v2\/pages"}],"about":[{"href":"https:\/\/kodlyoko.pl\/index.php\/wp-json\/wp\/v2\/types\/page"}],"author":[{"embeddable":true,"href":"https:\/\/kodlyoko.pl\/index.php\/wp-json\/wp\/v2\/users\/1"}],"replies":[{"embeddable":true,"href":"https:\/\/kodlyoko.pl\/index.php\/wp-json\/wp\/v2\/comments?post=2548"}],"version-history":[{"count":1,"href":"https:\/\/kodlyoko.pl\/index.php\/wp-json\/wp\/v2\/pages\/2548\/revisions"}],"predecessor-version":[{"id":2549,"href":"https:\/\/kodlyoko.pl\/index.php\/wp-json\/wp\/v2\/pages\/2548\/revisions\/2549"}],"up":[{"embeddable":true,"href":"https:\/\/kodlyoko.pl\/index.php\/wp-json\/wp\/v2\/pages\/2506"}],"wp:attachment":[{"href":"https:\/\/kodlyoko.pl\/index.php\/wp-json\/wp\/v2\/media?parent=2548"}],"wp:term":[{"taxonomy":"category","embeddable":true,"href":"https:\/\/kodlyoko.pl\/index.php\/wp-json\/wp\/v2\/categories?post=2548"},{"taxonomy":"post_tag","embeddable":true,"href":"https:\/\/kodlyoko.pl\/index.php\/wp-json\/wp\/v2\/tags?post=2548"}],"curies":[{"name":"wp","href":"https:\/\/api.w.org\/{rel}","templated":true}]}}