{"id":2518,"date":"2021-06-28T17:41:12","date_gmt":"2021-06-28T15:41:12","guid":{"rendered":"https:\/\/kodlyoko.pl\/?page_id=2518"},"modified":"2021-06-28T17:44:22","modified_gmt":"2021-06-28T15:44:22","slug":"runda-2-1-amaro-lineta-vs-noemie-elan","status":"publish","type":"page","link":"https:\/\/kodlyoko.pl\/index.php\/artykuly\/tworczosc-niekonwencjonalna\/arena\/edycja-3\/edycja-3-walki\/edycja-3-cwiercfinaly\/runda-2-1-amaro-lineta-vs-noemie-elan\/","title":{"rendered":"[RUNDA 2-1] Amaro Lineta vs Noemie Elan"},"content":{"rendered":"\n<p>\u00a026 Czerwca\u00a0 Godzina 22:36 &#8211; Most pod Fabryk\u0105.<\/p>\n\n\n\n<div style=\"height:10px\" aria-hidden=\"true\" class=\"wp-block-spacer\"><\/div>\n\n\n\n<p>Amaro siedzia\u0142 pod kamienn\u0105 \u015bcian\u0105 i my\u015bla\u0142 nad czym\u015b\u2026 My\u015bla\u0142 czy uda mu si\u0119 wygra\u0107 w Arenie\u2026 m\u00f3wi\u0142 w my\u015blach:<\/p>\n\n\n\n<p>&#8211; Co je\u015bli przegram? Los mojego rodze\u0144stwa spoczywa w moich r\u0119kach.<\/p>\n\n\n\n<p>Noemie: Cz\u0119sto tu przychodzisz?<\/p>\n\n\n\n<p>Amaro: Co do?!<\/p>\n\n\n\n<p>Noemie: Ups\u2026 Sorki nie chcia\u0142am ci\u0119 przestraszy\u0107.<\/p>\n\n\n\n<p>Amaro: Okej okej\u2026 Ufff\u2026 Okej pierwsze pytanie. Kim jeste\u015b? I drugie\u2026 Po co tu jeste\u015b?<\/p>\n\n\n\n<p>Noemie: Jestem Noemie Elan i jestem tu by powiedzie\u0107 ci \u017ce zosta\u0142am przydzielona do walki z tob\u0105 w Arenie.<\/p>\n\n\n\n<p>Amaro: Ummmm\u2026<\/p>\n\n\n\n<p>Noemie: Czy co\u015b si\u0119 sta\u0142o?<\/p>\n\n\n\n<p>Amaro: Nie nic tylko\u2026 nie s\u0105dzi\u0142em \u017ce zmierz\u0119 si\u0119 z dziewczyn\u0105.<\/p>\n\n\n\n<p>Noemie: A ja nie s\u0105dzi\u0142am \u017ce zmierz\u0119 si\u0119 z ch\u0142opakiem. To mo\u017ce\u2026 odpowied\u017a na moje pierwsze pytanie?<\/p>\n\n\n\n<p>Amaro: Ah tak. To\u2026 tak przychodz\u0119 tu cz\u0119sto. Z kilku powod\u00f3w.<\/p>\n\n\n\n<p>Noemie: Je\u015bli mo\u017cna wiedzie\u0107\u2026 to z jakich?<\/p>\n\n\n\n<p>Amaro: Kiedy\u015b pozna\u0142em tu jednego go\u015bcia\u2026 zwa\u0142 si\u0119 Luke. Codziennie tu przychodzili\u015bmy i robili\u015bmy r\u00f3\u017cne rzeczy. Jednak pewnego dnia\u2026 Nie zjawi\u0142 si\u0119\u2026 i tak jest do teraz.<\/p>\n\n\n\n<p>Noemie: To przykre\u2026 Nie powinnam pyta\u0107. &#8211; Powiedzia\u0142a odchodz\u0105c<\/p>\n\n\n\n<p>Amaro: Zaczekaj!<\/p>\n\n\n\n<p>Noemie: Lepiej gotuj si\u0119 do walki Lineta\u2026. Nie dam si\u0119 tak \u0142atwo.<\/p>\n\n\n\n<p>Amaro: Okej\u2026 czyli jednak mam godnego przeciwnika\u2026<\/p>\n\n\n\n<div style=\"height:10px\" aria-hidden=\"true\" class=\"wp-block-spacer\"><\/div>\n\n\n\n<p>27 Czerwca Godzina: 15:00<\/p>\n\n\n\n<div style=\"height:10px\" aria-hidden=\"true\" class=\"wp-block-spacer\"><\/div>\n\n\n\n<p>&#8211; Zawodnicy s\u0105 proszeni o wej\u015bcie do skaner\u00f3w<\/p>\n\n\n\n<p>Amaro czeka\u0142 przed skanerem jednak jego przeciwniczka nie przyby\u0142a na miejsce.<\/p>\n\n\n\n<p>Amaro: To dziwne\u2026 Mo\u017ce do\u0142\u0105czy p\u00f3\u017aniej<\/p>\n\n\n\n<p>Amaro wszed\u0142 do skanera i zacz\u0105\u0142 si\u0119 transfer. Po kilku sekundach znajdowa\u0142 si\u0119 on na arenie sektora 5.<\/p>\n\n\n\n<p>Amaro: Okej\u2026 Blaster , prze\u0142adowany , granaty , gotowe do u\u017cycia , hak , gotowy. Szabla , jest i\u2026<\/p>\n\n\n\n<p>Nagle Noemie pojawi\u0142a si\u0119 na arenie.<\/p>\n\n\n\n<p>Amaro: Ju\u017c my\u015bla\u0142em \u017ce strach ci\u0119 oblecia\u0142<\/p>\n\n\n\n<p>Noemie: Nie tak \u0142atwo si\u0119 mnie pozby\u0107.<\/p>\n\n\n\n<p>Amaro: I tak\u0105 mam nadziej\u0119\u2026<\/p>\n\n\n\n<p>Kiedy zako\u0144czyli swoj\u0105 rozmow\u0119 przej\u015bcie do labiryntu otworzy\u0142o si\u0119.<\/p>\n\n\n\n<p>Noemie zaczyna biec w stron\u0119 Amaro i w ostatniej chwili Amaro dostaj\u0119 kopniaka w twarz.<\/p>\n\n\n\n<p>Noemie: Zobaczymy czy za mn\u0105 nad\u0105\u017cysz. &#8211; Powiedzia\u0142a Noemie i uda\u0142a si\u0119 w stron\u0119 labiryntu.<\/p>\n\n\n\n<p>Amaro powoli wsta\u0142 i r\u00f3wnie\u017c wyruszy\u0142 w stron\u0119 przej\u015bcia do labiryntu.<\/p>\n\n\n\n<p>Kiedy Amaro by\u0142 ju\u017c w labiryncie wyci\u0105gn\u0105\u0142 blaster i zacz\u0105\u0142 szuka\u0107 swojej przeciwniczki.<\/p>\n\n\n\n<p>Amaro: Przecie\u017c nie mog\u0142a si\u0119 od tak po prostu rozp\u0142yn\u0105\u0107.<\/p>\n\n\n\n<p>Jednak Noemie by\u0142a na platformie nad nim. Wci\u0105gn\u0119\u0142a \u0142uk&nbsp; napi\u0119\u0142a ci\u0119ciw\u0119 i odda\u0142a strza\u0142.<\/p>\n\n\n\n<p>Amaro gdy tylko us\u0142ysza\u0142 co\u015b nad sob\u0105 chcia\u0142 natychmiast zrobi\u0107 unik jednak przy jego wykonaniu dosta\u0142 w plecy trac\u0105c 20 pkt.<\/p>\n\n\n\n<p>Amaro: Wida\u0107 lubisz si\u0119 bawi\u0107 w Legolasa co? Pozw\u00f3l \u017ce poka\u017c\u0119 ci moj\u0105 zabawk\u0119 &#8211; Powiedzia\u0142 wyci\u0105gaj\u0105c blaster<\/p>\n\n\n\n<p>Amaro jak najszybciej wystrzeli\u0142 seri\u0119 10 pocisk\u00f3w licz\u0105c \u017ce jeden chocia\u017c ja trafi. Noemie dzielnie stosowa\u0142a uniki jednak przy jednym dosta\u0142a w nog\u0119 trac\u0105c 10 pkt i spadaj\u0105c na poziom Amaro.<\/p>\n\n\n\n<p>Nie trac\u0105c ani chwili Amaro u\u017cy\u0142 mocy tworzenia konstrukcji i stworzy\u0142 kule.<\/p>\n\n\n\n<p>Amaro: Chocia\u017c raz ta moc mog\u0142aby pom\u00f3c&#8230;<\/p>\n\n\n\n<p>Po chwili kula zacz\u0119\u0142a pod\u0105\u017ca\u0107 za Noemie<\/p>\n\n\n\n<p>Amaro: Dobra odszczekuje. Bierz j\u0105 moja kulo!<\/p>\n\n\n\n<p>Noemie: Wi\u0119c tak chcesz si\u0119 bawi\u0107? Okej\u2026<\/p>\n\n\n\n<p>Noemie podskoczy\u0142a ponad kul\u0105 i zacz\u0119\u0142a absorbowa\u0107 energi\u0119 do swojego ko\u0142czana. Dzi\u0119ki temu utworzy\u0142a kule energii i zaatakowa\u0142a ni\u0105 Amaro. Kula trafi\u0142a go i zosta\u0142 pokonany. Jednak konstrukcja kuli nie znikn\u0119\u0142a a nagle pod nogami Noemie pojawi\u0142 si\u0119 granat.<\/p>\n\n\n\n<p>Noemie jak najszybciej zrobi\u0142a unik saltem i skutecznie unikn\u0119\u0142a wybuchu.<\/p>\n\n\n\n<p>Amaro: Widzisz? Mnie te\u017c nie \u0142atwo si\u0119 pozby\u0107 &#8211; M\u00f3wi wyko\u0144czony Amaro<\/p>\n\n\n\n<p>Noemie u\u017cy\u0142a pozosta\u0142ej energii w ko\u0142czanie i utworzy\u0142a czarn\u0105 strza\u0142\u0119 kt\u00f3r\u0105 pos\u0142a\u0142a w kierunku jej przeciwnika. Ale Amaro skutecznie zablokowa\u0142 strza\u0142\u0119&nbsp; swoj\u0105 szabl\u0105. Wyci\u0105gn\u0105\u0142 n\u00f3\u017c i rzuci\u0142 nim w Noemie. Dodatkowo \u017ceby doda\u0107 no\u017cowi szybko\u015bci i wi\u0119kszej ilo\u015bci obra\u017ce\u0144 strzeli\u0142 w n\u00f3\u017c blasterem. Noemie nie zd\u0105\u017cy\u0142a zrobi\u0107 uniku i n\u00f3\u017c zd\u0105\u017cy\u0142 j\u0105 drasn\u0105\u0107 straci\u0142a przy tym a\u017c 30 pkt.<\/p>\n\n\n\n<p>Amaro przy okazji trafi\u0142 w ko\u0142czan i zacz\u0105\u0142 wariowa\u0107. Zbieraj wi\u0119cej materii ni\u017c wcze\u015bniej ale Noemie nie mog\u0142a tego kontrolowa\u0107.<\/p>\n\n\n\n<p>Noemie: To zaraz wybuchnie! I prawdopodobnie wykasuje nas obu.<\/p>\n\n\n\n<p>Amaro kiedy to us\u0142ysza\u0142 zeskoczy\u0142 na d\u00f3\u0142.<\/p>\n\n\n\n<p>Amaro: Mimo \u017ce jeste\u015bmy wrogami to oboje przegra\u0107 nie mo\u017cemy.<\/p>\n\n\n\n<p>Noemie: Wi\u0119c raczej nie mam wyboru\u2026 &#8211; Powiedzia\u0142a Noemie chwytaj\u0105c Amaro za r\u0119k\u0119.<\/p>\n\n\n\n<p>Noemie: Powodzenia w dalszej walce.<\/p>\n\n\n\n<p>Noemie wrzuci\u0142a Amaro do areny sektora pi\u0105tego \u017ceby jemu wybuch nie zrobi\u0142 \u017cadnych obra\u017ce\u0144. Wiedzia\u0142a \u017ce tylko jeden mo\u017ce wygra\u0107. I wiedzia\u0142a \u017ce on na to zas\u0142u\u017cy\u0142\u2026<\/p>\n\n\n\n<p>Amaro stal bez ruchu i widzia\u0142 tylko jak jego przeciwniczka znika w bia\u0142ym \u015bwietle.<\/p>\n\n\n\n<p>Kilka minut p\u00f3\u017aniej zosta\u0142y og\u0142oszone wyniki. Amaro wygra\u0142. Jednak nie czu\u0142 si\u0119 jak zwyci\u0119zca\u2026 czu\u0142 \u017ce wygra\u0142 nieuczciwie\u2026<\/p>\n\n\n\n<p>Po ca\u0142ym wydarzeniu\u2026. Amaro zn\u00f3w siedzi pod mostem ale tym razem\u2026. Jest z kim\u015b\u2026 ta osoba go nie zostawi\u2026 Noemie sta\u0142a si\u0119 dla niego jedyn\u0105 przyjaci\u00f3\u0142k\u0105\u2026<\/p>\n\n\n\n<p>Widzimy si\u0119 w nast\u0119pnym boju\u2026.<\/p>\n","protected":false},"excerpt":{"rendered":"<p>\u00a026 Czerwca\u00a0 Godzina 22:36 &#8211; Most pod Fabryk\u0105. Amaro siedzia\u0142 pod kamienn\u0105 \u015bcian\u0105 i my\u015bla\u0142 nad czym\u015b\u2026 My\u015bla\u0142 czy uda mu si\u0119 wygra\u0107 w Arenie\u2026 m\u00f3wi\u0142 w my\u015blach: &#8211; Co je\u015bli przegram? Los mojego rodze\u0144stwa spoczywa w moich r\u0119kach. Noemie: Cz\u0119sto tu przychodzisz? Amaro: Co do?! Noemie: Ups\u2026 Sorki nie chcia\u0142am ci\u0119 przestraszy\u0107. Amaro: Okej &hellip;<br \/><a href=\"https:\/\/kodlyoko.pl\/index.php\/artykuly\/tworczosc-niekonwencjonalna\/arena\/edycja-3\/edycja-3-walki\/edycja-3-cwiercfinaly\/runda-2-1-amaro-lineta-vs-noemie-elan\/\" class=\"more-link pen_button pen_element_default pen_icon_arrow_double\">Read more<\/a><\/p>\n","protected":false},"author":1,"featured_media":0,"parent":2506,"menu_order":0,"comment_status":"closed","ping_status":"closed","template":"","meta":{"footnotes":""},"categories":[20],"tags":[],"class_list":["post-2518","page","type-page","status-publish","hentry","category-artykuly-areny"],"_links":{"self":[{"href":"https:\/\/kodlyoko.pl\/index.php\/wp-json\/wp\/v2\/pages\/2518","targetHints":{"allow":["GET"]}}],"collection":[{"href":"https:\/\/kodlyoko.pl\/index.php\/wp-json\/wp\/v2\/pages"}],"about":[{"href":"https:\/\/kodlyoko.pl\/index.php\/wp-json\/wp\/v2\/types\/page"}],"author":[{"embeddable":true,"href":"https:\/\/kodlyoko.pl\/index.php\/wp-json\/wp\/v2\/users\/1"}],"replies":[{"embeddable":true,"href":"https:\/\/kodlyoko.pl\/index.php\/wp-json\/wp\/v2\/comments?post=2518"}],"version-history":[{"count":4,"href":"https:\/\/kodlyoko.pl\/index.php\/wp-json\/wp\/v2\/pages\/2518\/revisions"}],"predecessor-version":[{"id":2526,"href":"https:\/\/kodlyoko.pl\/index.php\/wp-json\/wp\/v2\/pages\/2518\/revisions\/2526"}],"up":[{"embeddable":true,"href":"https:\/\/kodlyoko.pl\/index.php\/wp-json\/wp\/v2\/pages\/2506"}],"wp:attachment":[{"href":"https:\/\/kodlyoko.pl\/index.php\/wp-json\/wp\/v2\/media?parent=2518"}],"wp:term":[{"taxonomy":"category","embeddable":true,"href":"https:\/\/kodlyoko.pl\/index.php\/wp-json\/wp\/v2\/categories?post=2518"},{"taxonomy":"post_tag","embeddable":true,"href":"https:\/\/kodlyoko.pl\/index.php\/wp-json\/wp\/v2\/tags?post=2518"}],"curies":[{"name":"wp","href":"https:\/\/api.w.org\/{rel}","templated":true}]}}