{"id":2506,"date":"2021-06-21T09:41:09","date_gmt":"2021-06-21T07:41:09","guid":{"rendered":"https:\/\/kodlyoko.pl\/?page_id=2506"},"modified":"2021-06-21T09:47:38","modified_gmt":"2021-06-21T07:47:38","slug":"edycja-3-cwiercfinaly","status":"publish","type":"page","link":"https:\/\/kodlyoko.pl\/index.php\/artykuly\/tworczosc-niekonwencjonalna\/arena\/edycja-3\/edycja-3-walki\/edycja-3-cwiercfinaly\/","title":{"rendered":"Edycja 3 &#8211; \u0106wier\u0107fina\u0142y"},"content":{"rendered":"\n\n<!-- Page-list plugin v.5.6 wordpress.org\/plugins\/page-list\/ -->\n<ul class=\"page-list subpages-page-list page-list-cols-2\">\n<li class=\"page_item page-item-2501\"><a href=\"https:\/\/kodlyoko.pl\/index.php\/artykuly\/tworczosc-niekonwencjonalna\/arena\/edycja-3\/edycja-3-walki\/edycja-3-cwiercfinaly\/runda-1-1-niilo-ahonen-vs-feliks-diatlow\/\">[RUNDA 1-1] Niilo Ahonen vs Feliks Diat\u0142ow<\/a><\/li>\n<li class=\"page_item page-item-2508\"><a href=\"https:\/\/kodlyoko.pl\/index.php\/artykuly\/tworczosc-niekonwencjonalna\/arena\/edycja-3\/edycja-3-walki\/edycja-3-cwiercfinaly\/runda-1-2-niilo-ahonen-vs-feliks-diatlow\/\">[RUNDA 1-2] Niilo Ahonen vs Feliks Diat\u0142ow<\/a><\/li>\n<li class=\"page_item page-item-2518\"><a href=\"https:\/\/kodlyoko.pl\/index.php\/artykuly\/tworczosc-niekonwencjonalna\/arena\/edycja-3\/edycja-3-walki\/edycja-3-cwiercfinaly\/runda-2-1-amaro-lineta-vs-noemie-elan\/\">[RUNDA 2-1] Amaro Lineta vs Noemie Elan<\/a><\/li>\n<li class=\"page_item page-item-2522\"><a href=\"https:\/\/kodlyoko.pl\/index.php\/artykuly\/tworczosc-niekonwencjonalna\/arena\/edycja-3\/edycja-3-walki\/edycja-3-cwiercfinaly\/runda-2-2-amaro-lineta-vs-noemie-elan\/\">[RUNDA 2-2] Amaro Lineta vs Noemie Elan<\/a><\/li>\n<li class=\"page_item page-item-2533\"><a href=\"https:\/\/kodlyoko.pl\/index.php\/artykuly\/tworczosc-niekonwencjonalna\/arena\/edycja-3\/edycja-3-walki\/edycja-3-cwiercfinaly\/runda-3-1-morrigan-lennox-vs-dorian-firns\/\">[RUNDA 3-1] Morrigan Lennox vs Dorian Firns<\/a><\/li>\n<li class=\"page_item page-item-2535\"><a href=\"https:\/\/kodlyoko.pl\/index.php\/artykuly\/tworczosc-niekonwencjonalna\/arena\/edycja-3\/edycja-3-walki\/edycja-3-cwiercfinaly\/runda-3-2-morrigan-lennox-vs-dorian-firns\/\">[RUNDA 3-2] Morrigan Lennox vs Dorian Firns<\/a><\/li>\n<li class=\"page_item page-item-2548\"><a href=\"https:\/\/kodlyoko.pl\/index.php\/artykuly\/tworczosc-niekonwencjonalna\/arena\/edycja-3\/edycja-3-walki\/edycja-3-cwiercfinaly\/runda-4-1-daniel-garcia-vs-alex-becket\/\">[RUNDA 4-1] Daniel Garcia vs Alex Becket<\/a><\/li>\n<li class=\"page_item page-item-2547\"><a href=\"https:\/\/kodlyoko.pl\/index.php\/artykuly\/tworczosc-niekonwencjonalna\/arena\/edycja-3\/edycja-3-walki\/edycja-3-cwiercfinaly\/runda-4-2-daniel-garcia-vs-alex-becket\/\">[RUNDA 4-2] Daniel Garcia vs Alex Becket<\/a><\/li>\n\n<\/ul>\n","protected":false},"excerpt":{"rendered":"","protected":false},"author":4,"featured_media":0,"parent":2504,"menu_order":0,"comment_status":"closed","ping_status":"closed","template":"","meta":{"footnotes":""},"categories":[20],"tags":[],"class_list":["post-2506","page","type-page","status-publish","hentry","category-artykuly-areny"],"_links":{"self":[{"href":"https:\/\/kodlyoko.pl\/index.php\/wp-json\/wp\/v2\/pages\/2506","targetHints":{"allow":["GET"]}}],"collection":[{"href":"https:\/\/kodlyoko.pl\/index.php\/wp-json\/wp\/v2\/pages"}],"about":[{"href":"https:\/\/kodlyoko.pl\/index.php\/wp-json\/wp\/v2\/types\/page"}],"author":[{"embeddable":true,"href":"https:\/\/kodlyoko.pl\/index.php\/wp-json\/wp\/v2\/users\/4"}],"replies":[{"embeddable":true,"href":"https:\/\/kodlyoko.pl\/index.php\/wp-json\/wp\/v2\/comments?post=2506"}],"version-history":[{"count":1,"href":"https:\/\/kodlyoko.pl\/index.php\/wp-json\/wp\/v2\/pages\/2506\/revisions"}],"predecessor-version":[{"id":2507,"href":"https:\/\/kodlyoko.pl\/index.php\/wp-json\/wp\/v2\/pages\/2506\/revisions\/2507"}],"up":[{"embeddable":true,"href":"https:\/\/kodlyoko.pl\/index.php\/wp-json\/wp\/v2\/pages\/2504"}],"wp:attachment":[{"href":"https:\/\/kodlyoko.pl\/index.php\/wp-json\/wp\/v2\/media?parent=2506"}],"wp:term":[{"taxonomy":"category","embeddable":true,"href":"https:\/\/kodlyoko.pl\/index.php\/wp-json\/wp\/v2\/categories?post=2506"},{"taxonomy":"post_tag","embeddable":true,"href":"https:\/\/kodlyoko.pl\/index.php\/wp-json\/wp\/v2\/tags?post=2506"}],"curies":[{"name":"wp","href":"https:\/\/api.w.org\/{rel}","templated":true}]}}