{"id":240,"date":"2021-04-13T10:40:25","date_gmt":"2021-04-13T10:40:25","guid":{"rendered":"http:\/\/kodlyoko.pl\/?page_id=240"},"modified":"2021-04-13T10:40:26","modified_gmt":"2021-04-13T10:40:26","slug":"rozdzial-15","status":"publish","type":"page","link":"https:\/\/kodlyoko.pl\/index.php\/artykuly\/opowiadania\/serie\/bez-lyoko-czyli-zycie-tylko-w-realu\/rozdzial-15\/","title":{"rendered":"Rozdzia\u0142 15"},"content":{"rendered":"\n<p class=\"has-drop-cap\">Wiem, gdzie mi sprzedadz\u0105 alkohol bez dowodu \u2013 zakomunikowa\u0142 William, siedz\u0105c na fotelu w pokoju Ulricha i Odda. Opr\u00f3cz nich byli tak\u017ce Yumi i Jeremie. Brakowa\u0142o natomiast Aelity, kt\u00f3ra przygotowywa\u0142a playlist\u0119 na dyskotek\u0119.<\/p>\n\n\n\n<p>&#8211; M\u00f3wisz powa\u017cnie? &#8211; spyta\u0142a Japonka \u2013 A nie b\u0119dzie z tego problem\u00f3w?<\/p>\n\n\n\n<p>&#8211; Jakich problem\u00f3w? &#8211; zdziwi\u0142 si\u0119 Dunbar \u2013 Nie robi\u0119 tego pierwszy raz, ju\u017c si\u0119 zdarza\u0142o kupi\u0107 sobie piwko, ale przecie\u017c nie jestem kretynem i nie b\u0119d\u0119 si\u0119 prezentowa\u0107 z browarem na szkolnym korytarzu, bo wtedy to od razu bym wylecia\u0142 na zbity ryj.<\/p>\n\n\n\n<p>&#8211; No, dobra\u2026 &#8211; powiedzia\u0142 Ulrich \u2013 Tylko ile tego chcesz kupi\u0107? Przecie\u017c nie chodzi o to, \u017ceby\u015bmy si\u0119 nachlali jak \u015bwinie, tylko kulturalnie popr\u00f3bowali.<\/p>\n\n\n\n<p>&#8211; Racja, dlatego my\u015bla\u0142em, \u017ceby kupi\u0107 osiem browar\u00f3w, to b\u0119dzie po jednym na g\u0142ow\u0119 i jeszcze dwa zostan\u0105 na za\u015b.<\/p>\n\n\n\n<p>&#8211; Kurcz\u0119, nie wiem czy to dobry pomys\u0142&#8230; \u2013 zawaha\u0142 si\u0119 Jeremie \u2013 Pi\u0107 na szkolnej imprezie, czy to tak wypada?<\/p>\n\n\n\n<p>&#8211; Ale co si\u0119 boisz, Einstein? \u2013 przerwa\u0142 mu Odd \u2013 Spr\u00f3bujemy sobie piwka, przynajmniej b\u0119dzie nieco ciekawiej i nie tak dr\u0119two.<\/p>\n\n\n\n<p>&#8211; A w og\u00f3le to jakim cudem sprzedaj\u0105 tobie ten alkohol, skoro wprowadzili ten ca\u0142y program profilaktyczny, by uchroni\u0107 m\u0142odzie\u017c przed pija\u0144stwem? \u2013 zapyta\u0142 okularnik.<\/p>\n\n\n\n<p>&#8211; Bo widzisz, Jeremie \u2013 zacz\u0105\u0142 William \u2013 Wygl\u0105dam na tyle dojrzale, \u017ce sprzedawca nie ma sumienia pyta\u0107 mnie o dow\u00f3d. A program profilaktyczny\u2026 phi, bo si\u0119 b\u0119d\u0105 przejmowa\u0107 pierdo\u0142ami. Kontroli nie ma, bo \u015brodki na to przeniesiono na walk\u0119 z terroryzmem. Jedyne, co by nas tu mog\u0142o wrobi\u0107, to to, \u017ce kto\u015b by pisn\u0105\u0142 cho\u0107 s\u0142\u00f3wko. Dlatego cicho sza! Nikomu nic nie m\u00f3wicie, zachowujecie dyskrecje i na dyskotece rozkoszujemy si\u0119 pysznym browarkiem.<\/p>\n\n\n\n<p>&#8211; William, ty nas chcesz uczy\u0107 dyskrecji? &#8211; odpowiedzia\u0142 Ulrich \u2013 My przez kilka lat kryli\u015bmy przed wszystkimi superkomputer z wirtualn\u0105 dziewczyn\u0105 i megagro\u017anym wirusem odpowiedzialnym za ca\u0142e z\u0142o tego \u015bwiata, do tego przez jaki\u015b czas uznawali\u015bmy, gdy by\u0142e\u015b wi\u0119\u017aniem Xany, \u017ce ten komputerowy klon g\u0142upi niczym policjant to w\u0142a\u015bnie ty we w\u0142asnej osobie, tylko nieco chory. Wi\u0119c o dyskrecji wiemy wi\u0119cej ni\u017c przeci\u0119ty ucze\u0144.<\/p>\n\n\n\n<p>&#8211; No to tym lepiej. To teraz kwestia najwa\u017cniejsza. Jakie piwo kupi\u0107?<\/p>\n\n\n\n<p><\/p>\n\n\n\n<p>Jim zajmowa\u0142 si\u0119 ostatnimi przygotowaniami do dyskoteki. Sprz\u0119t graj\u0105cy zosta\u0142 ju\u017c ustawiony na sali gimnastycznej, podobnie jak sto\u0142y, na kt\u00f3rych znajdowa\u0107 si\u0119 mia\u0142y przek\u0105ski. Teraz m\u00f3g\u0142 podej\u015b\u0107 bli\u017cej konsolety did\u017cejskiej, gdzie sta\u0142a Aelita, kt\u00f3ra by\u0142a odpowiedzialna za wyb\u00f3r muzyki.<\/p>\n\n\n\n<p>&#8211; No i co tam zagrasz? &#8211; zagada\u0142 wuefista \u2013 B\u0119dzie co\u015b normalnego do pos\u0142uchania i pota\u0144czenia, czy tylko ta wasza r\u0105banka?<\/p>\n\n\n\n<p>&#8211; Od razu r\u0105banka\u2026 &#8211; odpowiedzia\u0142a r\u00f3\u017cowow\u0142osa \u2013 Ludzie lubi\u0105 si\u0119 bawi\u0107 przy techno.<\/p>\n\n\n\n<p>&#8211; Od techno to mo\u017cna z nud\u00f3w zdechn\u0105\u0107!<\/p>\n\n\n\n<p>&#8211; Mo\u017ce i tak, ale wiesz, Jim, jacy s\u0105 ludzie\u2026 to jest dyskoteka, a nie bal w filharmonii wiede\u0144skiej, \u017ceby im walce gra\u0107.<\/p>\n\n\n\n<p>&#8211; A co to, \u017ale by by\u0142o, jakby uczniowie walca ta\u0144czyli?<\/p>\n\n\n\n<p>&#8211; No, niby nie, ale\u2026 najpierw musieliby go umie\u0107. A tego nie ucz\u0105.<\/p>\n\n\n\n<p>&#8211; Jak nie ucz\u0105? &#8211; \u017cachn\u0105\u0142 si\u0119 Jim \u2013 Ja na wuefie kiedy\u015b chcia\u0142em!<\/p>\n\n\n\n<p>&#8211; Chcia\u0142e\u015b, tylko \u017ce uczniowie nie chcieli. Ilu si\u0119 zg\u0142osi\u0142o, trzech?<\/p>\n\n\n\n<p>&#8211; Bo wy teraz to jeste\u015bcie zupe\u0142nie inni\u2026<\/p>\n\n\n\n<p>&#8211; Trudno si\u0119 nie zgodzi\u0107. Ale wiesz, pociesz\u0119 ci\u0119, Jim. B\u0119dzie tak\u017ce co\u015b bardziej klasycznego, bo m\u0142odzie\u017c lubi si\u0119 bawi\u0107 tak\u017ce przy kultowych kawa\u0142kach.<\/p>\n\n\n\n<p>&#8211; A co to b\u0119dzie? \u2013 zainteresowa\u0142 si\u0119 nauczyciel.<\/p>\n\n\n\n<p>&#8211; To niespodzianka, ale jak b\u0119dziesz, to si\u0119 dowiesz.<\/p>\n\n\n\n<p>&#8211; B\u0119d\u0119, bo przecie\u017c musz\u0119 was pilnowa\u0107, \u017ceby\u015bcie si\u0119 mi tutaj nie pozabijali albo sprz\u0119t\u00f3w nie poniszczyli.<\/p>\n\n\n\n<p>&#8211; Sprz\u0119t\u00f3w ci \u017cal? Ma to z pi\u0119tna\u015bcie lat, jak nie wi\u0119cej.<\/p>\n\n\n\n<p>&#8211; Jak si\u0119 nie podoba to mo\u017cecie wcale nie robi\u0107, jak sprz\u0119t dla was za stary.<\/p>\n\n\n\n<p>&#8211; Spokojnie, spokojnie\u2026 mog\u0119 ci jedn\u0105 rzecz powiedzie\u0107, \u017ce na imprezie jeszcze jedna osoba si\u0119 b\u0119dzie zajmowa\u0107 muzyk\u0105 i nie wiem co ten tajemniczy go\u015b\u0107 pu\u015bci, ale mo\u017ce by\u0107 ciekawie.<\/p>\n\n\n\n<p><\/p>\n\n\n\n<p>Listonosz nie przychodzi\u0142 zbyt cz\u0119sto do szko\u0142y, szczeg\u00f3lnie z przesy\u0142kami dla uczni\u00f3w. Z regu\u0142y pakunki przynosili kurierzy, bo by\u0142o szybciej, natomiast wszelka korespondencja listowna odbywa\u0142a si\u0119 drog\u0105 elektroniczn\u0105. Zdarza\u0142y si\u0119 jednak wyj\u0105tki, niekt\u00f3rzy wci\u0105\u017c korzystali z tradycyjnych form. W tej grupie by\u0142a babcia Ulricha, kt\u00f3ra napisa\u0142a do swojego wnuka list. Niemiec otrzyma\u0142 wiadomo\u015b\u0107, otworzy\u0142 kopert\u0119 i zacz\u0105\u0142 czyta\u0107:<\/p>\n\n\n\n<p><em>Kochany Ulrichu, Szwabie jeden!<\/em><\/p>\n\n\n\n<p><em>Dawno do ciebie nie pisa\u0142am, ale po prostu nie mia\u0142am czasu. Tyle si\u0119 u nas dzieje, jak nie jedne wybory to drugie, Kto\u015b to musi obserwowa\u0107. Ale wreszcie mam chwil\u0119, by napisa\u0107. U mnie wszystko dobrze, nawet nie choruj\u0119 od pewnego czasu, mo\u017ce to dlatego, \u017ce leki zdro\u017ca\u0142y i taniej jest nie chorowa\u0107. Ciep\u0142o w tej Polsce straszliwie, jakie\u015b 36 stopni, ale dobrze, \u017ce mam wentylator i zapas Pepsi.<\/em><\/p>\n\n\n\n<p><em>Tak w og\u00f3le to mam dla ciebie propozycj\u0119: wiem, \u017ce nied\u0142ugo macie jakie\u015b wolne (porobili wam tego od cholery, wi\u0119cej odpoczywacie ni\u017c si\u0119 uczycie, ale to mo\u017ce i lepiej\u2026 mo\u017ce tak lepiej potem wiedza wchodzi), mo\u017ce by\u015b przyjecha\u0142 ze swoimi przyjaci\u00f3\u0142mi do mnie na tydzie\u0144? Dom mam du\u017cy, wszyscy si\u0119 pomie\u015bcicie, zrobi\u0119 wam dobre jedzenie, takie nasze tradycyjne. Jak by\u015b by\u0142 zainteresowany to daj zna\u0107, zarezerwuj\u0119 wam poci\u0105gi, bo teraz to nawet to cholernie archaiczne PKP ma kursy na Pary\u017c i z powrotem, nawet mo\u017cna bilet przez internet kupi\u0107 (a wiesz, kiedy\u015b tak dobrze nie by\u0142o).<\/em><\/p>\n\n\n\n<p><em>Pozdr\u00f3w ode mnie ca\u0142\u0105 band\u0119, powiedz im \u017ce s\u0105 mile widziani, fajnie b\u0119dzie mi go\u015bci\u0107 obcokrajowc\u00f3w.<\/em><\/p>\n\n\n\n<p><em>Babcia<\/em><\/p>\n\n\n\n<p>Ulrich by\u0142 do\u015b\u0107 zaskoczony, nigdy jeszcze nie by\u0142 u babci w Polsce. Pomy\u015bla\u0142 jednak, \u017ce to jest do\u015b\u0107 kusz\u0105ca propozycja. Nie mia\u0142 \u017cadnych plan\u00f3w na ten wolny tydzie\u0144, a jak jeszcze mo\u017ce paczk\u0119 zabra\u0107\u2026 nie ma co si\u0119 zastanawia\u0107, tylko powiedzie\u0107 reszcie. Na pewno b\u0119d\u0105 chcieli.<\/p>\n","protected":false},"excerpt":{"rendered":"<p>Wiem, gdzie mi sprzedadz\u0105 alkohol bez dowodu \u2013 zakomunikowa\u0142 William, siedz\u0105c na fotelu w pokoju Ulricha i Odda. Opr\u00f3cz nich byli tak\u017ce Yumi i Jeremie. Brakowa\u0142o natomiast Aelity, kt\u00f3ra przygotowywa\u0142a playlist\u0119 na dyskotek\u0119. &#8211; M\u00f3wisz powa\u017cnie? &#8211; spyta\u0142a Japonka \u2013 A nie b\u0119dzie z tego problem\u00f3w? &#8211; Jakich problem\u00f3w? &#8211; zdziwi\u0142 si\u0119 Dunbar \u2013 Nie &hellip;<br \/><a href=\"https:\/\/kodlyoko.pl\/index.php\/artykuly\/opowiadania\/serie\/bez-lyoko-czyli-zycie-tylko-w-realu\/rozdzial-15\/\" class=\"more-link pen_button pen_element_default pen_icon_arrow_double\">Read more<\/a><\/p>\n","protected":false},"author":5,"featured_media":0,"parent":203,"menu_order":15,"comment_status":"open","ping_status":"closed","template":"","meta":{"footnotes":""},"categories":[22],"tags":[],"class_list":["post-240","page","type-page","status-publish","hentry","category-artykuly-bezlyoko"],"_links":{"self":[{"href":"https:\/\/kodlyoko.pl\/index.php\/wp-json\/wp\/v2\/pages\/240","targetHints":{"allow":["GET"]}}],"collection":[{"href":"https:\/\/kodlyoko.pl\/index.php\/wp-json\/wp\/v2\/pages"}],"about":[{"href":"https:\/\/kodlyoko.pl\/index.php\/wp-json\/wp\/v2\/types\/page"}],"author":[{"embeddable":true,"href":"https:\/\/kodlyoko.pl\/index.php\/wp-json\/wp\/v2\/users\/5"}],"replies":[{"embeddable":true,"href":"https:\/\/kodlyoko.pl\/index.php\/wp-json\/wp\/v2\/comments?post=240"}],"version-history":[{"count":1,"href":"https:\/\/kodlyoko.pl\/index.php\/wp-json\/wp\/v2\/pages\/240\/revisions"}],"predecessor-version":[{"id":241,"href":"https:\/\/kodlyoko.pl\/index.php\/wp-json\/wp\/v2\/pages\/240\/revisions\/241"}],"up":[{"embeddable":true,"href":"https:\/\/kodlyoko.pl\/index.php\/wp-json\/wp\/v2\/pages\/203"}],"wp:attachment":[{"href":"https:\/\/kodlyoko.pl\/index.php\/wp-json\/wp\/v2\/media?parent=240"}],"wp:term":[{"taxonomy":"category","embeddable":true,"href":"https:\/\/kodlyoko.pl\/index.php\/wp-json\/wp\/v2\/categories?post=240"},{"taxonomy":"post_tag","embeddable":true,"href":"https:\/\/kodlyoko.pl\/index.php\/wp-json\/wp\/v2\/tags?post=240"}],"curies":[{"name":"wp","href":"https:\/\/api.w.org\/{rel}","templated":true}]}}