{"id":2351,"date":"2020-09-15T00:00:00","date_gmt":"2020-09-14T22:00:00","guid":{"rendered":"http:\/\/kodlyoko.pl\/?page_id=2351"},"modified":"2021-05-05T01:45:58","modified_gmt":"2021-05-04T23:45:58","slug":"daniel-garcia","status":"publish","type":"page","link":"https:\/\/kodlyoko.pl\/index.php\/artykuly\/tworczosc-niekonwencjonalna\/arena\/edycja-2-5\/uczestnicy\/daniel-garcia\/","title":{"rendered":"Daniel Garcia"},"content":{"rendered":"\n<p>DANE PODSTAWOWE<\/p>\n\n\n\n<p>Imi\u0119: Daniel<br>Nazwisko: Garcia<br>Wiek: 18<br>Wzrost: oko\u0142o 170<br>Waga: &#8212;<br>Pow\u00f3d Startu: Gdy by\u0142 ma\u0142y, organizowano na niego du\u017c\u0105 zbi\u00f3rk\u0119. Teraz chce pom\u00f3c innym.<\/p>\n\n\n\n<p>DANE &#8220;Z LYOKO&#8221;<\/p>\n\n\n\n<p>Wygl\u0105d: W wirtualnym \u015bwiecie ukazuje si\u0119 jako szary ob\u0142ok, z wyra\u017anie zarysowanymi jedynie r\u0119koma.<br>Uzbrojenie: dwa miecze, kt\u00f3re mo\u017ce na kilkana\u015bcie sekund zmieni\u0107 w dym, je\u015bli si\u0119 ukrywa.<br>dwa g\u0142o\u015bniczki, z kt\u00f3rych mo\u017ce emitowa\u0107 sw\u00f3j g\u0142os- jeden zawsze ma przy sobie, drugiego u\u017cywa do zmylenia przeciwnika.<br>Moce: inspirowany Williamem Superdym;<br>Styl walki: skradankowy, bardzo polega na zmyleniu przeciwnika. Dobrze si\u0119 czuje w walce w zwarciu.<br>Dodatkowe informacje: ma wyrzuty sumienia, \u017ce organizowano na niego zbi\u00f3rk\u0119. Nie lubi o tym wspomina\u0107 i szczerze cieszy si\u0119, \u017ce nigdy nie udost\u0119pniono ani jego wizerunku ani choroby, z kt\u00f3r\u0105 si\u0119 zmaga\u0142.<br>Charakter: zamkni\u0119ty, nie lubi du\u017co m\u00f3wi\u0107- je\u015bli musi, u\u017cywa zniekszta\u0142caj\u0105cego g\u0142o\u015bniczka, ma\u0142o towarzyski, mrukliwy; szanuje przeciwnika i stara si\u0119 unika\u0107 niedoceniania go.<\/p>\n","protected":false},"excerpt":{"rendered":"<p>DANE PODSTAWOWE Imi\u0119: DanielNazwisko: GarciaWiek: 18Wzrost: oko\u0142o 170Waga: &#8212;Pow\u00f3d Startu: Gdy by\u0142 ma\u0142y, organizowano na niego du\u017c\u0105 zbi\u00f3rk\u0119. Teraz chce pom\u00f3c innym. DANE &#8220;Z LYOKO&#8221; Wygl\u0105d: W wirtualnym \u015bwiecie ukazuje si\u0119 jako szary ob\u0142ok, z wyra\u017anie zarysowanymi jedynie r\u0119koma.Uzbrojenie: dwa miecze, kt\u00f3re mo\u017ce na kilkana\u015bcie sekund zmieni\u0107 w dym, je\u015bli si\u0119 ukrywa.dwa g\u0142o\u015bniczki, z kt\u00f3rych &hellip;<br \/><a href=\"https:\/\/kodlyoko.pl\/index.php\/artykuly\/tworczosc-niekonwencjonalna\/arena\/edycja-2-5\/uczestnicy\/daniel-garcia\/\" class=\"more-link pen_button pen_element_default pen_icon_arrow_double\">Read more<\/a><\/p>\n","protected":false},"author":7,"featured_media":0,"parent":1318,"menu_order":2,"comment_status":"open","ping_status":"closed","template":"","meta":{"footnotes":""},"categories":[20],"tags":[],"class_list":["post-2351","page","type-page","status-publish","hentry","category-artykuly-areny"],"_links":{"self":[{"href":"https:\/\/kodlyoko.pl\/index.php\/wp-json\/wp\/v2\/pages\/2351","targetHints":{"allow":["GET"]}}],"collection":[{"href":"https:\/\/kodlyoko.pl\/index.php\/wp-json\/wp\/v2\/pages"}],"about":[{"href":"https:\/\/kodlyoko.pl\/index.php\/wp-json\/wp\/v2\/types\/page"}],"author":[{"embeddable":true,"href":"https:\/\/kodlyoko.pl\/index.php\/wp-json\/wp\/v2\/users\/7"}],"replies":[{"embeddable":true,"href":"https:\/\/kodlyoko.pl\/index.php\/wp-json\/wp\/v2\/comments?post=2351"}],"version-history":[{"count":1,"href":"https:\/\/kodlyoko.pl\/index.php\/wp-json\/wp\/v2\/pages\/2351\/revisions"}],"predecessor-version":[{"id":2352,"href":"https:\/\/kodlyoko.pl\/index.php\/wp-json\/wp\/v2\/pages\/2351\/revisions\/2352"}],"up":[{"embeddable":true,"href":"https:\/\/kodlyoko.pl\/index.php\/wp-json\/wp\/v2\/pages\/1318"}],"wp:attachment":[{"href":"https:\/\/kodlyoko.pl\/index.php\/wp-json\/wp\/v2\/media?parent=2351"}],"wp:term":[{"taxonomy":"category","embeddable":true,"href":"https:\/\/kodlyoko.pl\/index.php\/wp-json\/wp\/v2\/categories?post=2351"},{"taxonomy":"post_tag","embeddable":true,"href":"https:\/\/kodlyoko.pl\/index.php\/wp-json\/wp\/v2\/tags?post=2351"}],"curies":[{"name":"wp","href":"https:\/\/api.w.org\/{rel}","templated":true}]}}