{"id":1371,"date":"2019-09-15T12:56:00","date_gmt":"2019-09-15T10:56:00","guid":{"rendered":"http:\/\/kodlyoko.pl\/?page_id=1371"},"modified":"2021-06-13T19:18:25","modified_gmt":"2021-06-13T17:18:25","slug":"cwiercfinal-3-1-melanie-dunbar-vs-loyyd-sten","status":"publish","type":"page","link":"https:\/\/kodlyoko.pl\/index.php\/artykuly\/tworczosc-niekonwencjonalna\/arena\/edycja-1\/walki\/edycja-1-cwiercfinaly\/cwiercfinal-3-1-melanie-dunbar-vs-loyyd-sten\/","title":{"rendered":"[RUNDA 3-1] Melanie Dunbar vs Loyyd Sten"},"content":{"rendered":"\n<h3 class=\"wp-block-heading\">SEKTOR POLARNY<\/h3>\n\n\n\n<h3 class=\"wp-block-heading\">W miejscu, gdzie legendy kr\u0105\u017c\u0105 o pojawieniu si\u0119 chocia\u017c jednej gwiazdy na niebie, a lodu jest wi\u0119cej, ni\u017c na ca\u0142ym \u015bwiecie, pojawia si\u0119 dw\u00f3jka nastolatk\u00f3w.<\/h3>\n\n\n\n<h3 class=\"wp-block-heading\">W wie\u017cy przej\u015bcia l\u0105duje m\u0142oda dziewczyna. Zawsze by\u0142a kojarzona jako &#8220;ta wysoka&#8221;. Ma posrebrzane buty na obcasie si\u0119gaj\u0105ce za kolano. Ich prz\u00f3d ods\u0142ania zielona sp\u00f3dnica, kt\u00f3ra z przodu zakrywa uda, a jej ty\u0142 swobodnie wieje w r\u00f3\u017cne strony. Czarna g\u00f3ra stroju zlewa si\u0119 z d\u0142ugimi w\u0142osami. Jednak nie s\u0105 one w stanie ukry\u0107 szerokiego pasa, zdobionego przer\u00f3\u017cnymi szlachetnymi kamieniami oraz male\u0144kimi, okr\u0105g\u0142ymi lustrami. G\u0142ow\u0119 zdobi \u015bnie\u017cnobia\u0142y wianek. Jednak nie to by\u0142o najwa\u017cniejsze.<\/h3>\n\n\n\n<h3 class=\"wp-block-heading\">Najbardziej charakterystyczny ze wszystkiego by\u0142 granatowy sygnet, widniej\u0105cy na \u015brodkowym palcu lewej d\u0142oni. Dziewczyna przygl\u0105da si\u0119 mu uwa\u017cnie. Ruszaj\u0105c palcem, zauwa\u017ca dziwny znak. Ma on trzy okr\u0119gi, z czego ostatni posiada cztery kreski &#8211; jedn\u0105 na g\u00f3rze, trzy na dole.<\/h3>\n\n\n\n<h3 class=\"wp-block-heading\">&#8211; Czy to&#8230; naprawd\u0119? &#8211; pyta sam\u0105 siebie, nie mog\u0105c wyj\u015b\u0107 z zachwytu. Jest w Lyoko! Tutaj s\u0105 skrywane sekrety o Xanie. Ma ogromn\u0105 szans\u0119 pozna\u0107 wszystkie szczeg\u00f3\u0142y.<\/h3>\n\n\n\n<h3 class=\"wp-block-heading\">&#8211; Naznaczy\u0142 mnie tym pier\u015bcionkiem. Pomo\u017ce mi odkry\u0107 tajemnice. Z pewno\u015bci\u0105.<\/h3>\n\n\n\n<h3 class=\"wp-block-heading\">Rozgl\u0105da si\u0119 po okr\u0105g\u0142ym pomieszczeniu, kt\u00f3re ci\u0105gnie si\u0119 ci\u0105gle w d\u00f3\u0142. Widzi czarn\u0105 dziur\u0119. Spogl\u0105da pod swoje nogi i zauwa\u017ca znak &#8211; ten sam, kt\u00f3ry ma na palcu. Odwraca si\u0119. Przednia kreska kieruje na \u015bcian\u0119, kt\u00f3rej cyfry zmieniaj\u0105 si\u0119 szybciej, ni\u017c cz\u0142owiek mruga oczami.<\/h3>\n\n\n\n<h3 class=\"wp-block-heading\">&#8211; Czy to kierunek wyj\u015bcia?<\/h3>\n\n\n\n<h3 class=\"wp-block-heading\">Nikt jej nie odpowiada. Dziewczyna wzrusza ramionami i biegnie prosto na \u015bcian\u0119.<\/h3>\n\n\n\n<h3 class=\"wp-block-heading\">Po chwili w tej samej wie\u017cy pojawia si\u0119 druga osoba. Dwa lata m\u0142odszy ch\u0142opiec z gotowo\u015bci\u0105 do walki. Wyczekiwa\u0142 jej od d\u0142u\u017cszego czasu, jednak jego euforia miesza\u0142a si\u0119 z obaw\u0105. Nie wiedzia\u0142, na kogo mo\u017ce trafi\u0107. Czarne spodnie oraz buty popularnej marki Adidas s\u0105 niewiele ciemniejsze od jego kr\u0119conych w\u0142os\u00f3w, kt\u00f3re by\u0142y przewi\u0105zane niebiesk\u0105 Bandam\u0105. Kolor by\u0142 niemal identyczny, jak lodowce sektora, w kt\u00f3rym stoczy si\u0119 pojedynek. Granatowa bluza komponuje si\u0119 z klimatem panuj\u0105cym w wie\u017cy.<\/h3>\n\n\n\n<h3 class=\"wp-block-heading\">&#8211; Wyjd\u017a z wie\u017cy &#8211; odzywa si\u0119 mechaniczny, kobiecy g\u0142os.<\/h3>\n\n\n\n<h3 class=\"wp-block-heading\">Co ma zrobi\u0107? Jak ma st\u0105d wyj\u015b\u0107?<\/h3>\n\n\n\n<h3 class=\"wp-block-heading\">Rozgl\u0105da si\u0119 dooko\u0142a. Widzi mn\u00f3stwo cyferek zmieniaj\u0105cych si\u0119 z pr\u0119dko\u015bci\u0105 \u015bwiat\u0142a, kt\u00f3re lec\u0105 w d\u00f3\u0142. Spogl\u0105da ni\u017cej &#8211; czarna nico\u015b\u0107. To musi by\u0107 zmy\u0142ka, na pewno.<\/h3>\n\n\n\n<h3 class=\"wp-block-heading\">&#8211; Wyjd\u017a z wie\u017cy &#8211; dostaje ponowny komunikat. Wtem zauwa\u017ca wyj\u015bcie i od razu pojawia si\u0119 na miejscu swojej walki. Wie tylko, \u017ce dziewczyna jest wysoka i bardzo zdolna. Mo\u017ce zlituje si\u0119 nad nim?<\/h3>\n\n\n\n<h3 class=\"wp-block-heading\">Panienka kroczy po sektorze pewnym krokiem. Nie mo\u017ce przesta\u0107 zachwyca\u0107 pier\u015bcionkiem na palcu. Nigdy nie wierzy\u0142a w przypadki, to musi by\u0107 dar od losu. Wykorzysta go, na pewno.<\/h3>\n\n\n\n<h3 class=\"wp-block-heading\">Nagle zauwa\u017ca w otch\u0142ani jak\u0105\u015b posta\u0107. Przeciwnik. Wtem ozdoba zmienia kolor na czerwony. Czuje, jak piecze j\u0105 z ka\u017cd\u0105 mijaj\u0105c\u0105 sekund\u0105. Zauwa\u017ca prosty komunikat: &#8220;Zabi\u0107&#8221;.<\/h3>\n\n\n\n<h3 class=\"wp-block-heading\">Nieznajomy zauwa\u017ca j\u0105 i od razu wyci\u0105ga dwa bli\u017aniacze miecze. Patrz\u0105 sobie w oczy jeszcze kilka sekund, po czym dziewczyna atakuje. Nie mo\u017ce znie\u015b\u0107 uczucia pal\u0105cej si\u0119 sk\u00f3ry na jej palcu. Nie trafia.<\/h3>\n\n\n\n<h3 class=\"wp-block-heading\">&#8211; Czemu atakujesz? &#8211; pyta Loyyd. &#8211; Nie wygrasz z tymi sztyletami jak\u0105\u015b ro\u015blink\u0105.<\/h3>\n\n\n\n<h3 class=\"wp-block-heading\">&#8211; Zobaczymy, dzieciaku &#8211; odpowiada Melanie i atakuje ponownie drug\u0105 d\u0142oni\u0105, na kt\u00f3rej ma sygnet. Zauwa\u017ca, \u017ce pn\u0105cz jest du\u017co wi\u0119cej, jak w poprzednim.&nbsp;<em>Oby tego nie zauwa\u017cy\u0142<\/em>. Tym razem trafia w nog\u0119.<\/h3>\n\n\n\n<h3 class=\"wp-block-heading\">&#8211; Cwana jeste\u015b &#8211; komentuje ch\u0142opiec, po czym odpycha kolejne dwa ataki. Nagle rzuca jeden ze swoich mieczy. Melanie szybko odskakuje, tworz\u0105c jedn\u0105 platform\u0119, mniej wi\u0119cej na wysoko\u015bci przeciwnika. Leci drugi miecz &#8211; powstaje drugi schodek.<\/h3>\n\n\n\n<h3 class=\"wp-block-heading\">&#8211; Wysil si\u0119 tro&#8230;<\/h3>\n\n\n\n<h3 class=\"wp-block-heading\">Nie doka\u0144cza my\u015bli. Dwa miecze wracaj\u0105 i jeden z nich podcina dziewczynie nogi. Traci schodki i upada na ziemi\u0119. Ile mog\u0142a straci\u0107 punkt\u00f3w? Dwadzie\u015bcia? Sama nie wie.&nbsp;<em>Zabi\u0107<\/em><\/h3>\n\n\n\n<h3 class=\"wp-block-heading\">&#8211; Po prostu si\u0119 poddaj, dzieciaku &#8211; prowokuje Dunbar ch\u0142opca, podnosz\u0105c si\u0119 z ziemi. Rzuca kolejnymi atakami, zwyk\u0142ym i jego iluzj\u0105, kt\u00f3r\u0105 trafia. Loyyd \u015bmieje si\u0119 prosto w twarz.<\/h3>\n\n\n\n<h3 class=\"wp-block-heading\">&#8211; Z czego? Nic nie umiesz.<\/h3>\n\n\n\n<h3 class=\"wp-block-heading\">&#8211; Wyszczekany jeste\u015b &#8211; odpowiada z u\u015bmiechem.<\/h3>\n\n\n\n<h3 class=\"wp-block-heading\">Co\u015b tutaj nie gra, dlaczego ona si\u0119 tak \u015bmieje? Przecie\u017c jest s\u0142aba aktualnie. Sten ju\u017c sam nie wie, co ma zrobi\u0107. Rozgl\u0105da si\u0119 po sektorze. Zaczynaj\u0105 fruwa\u0107 dziwne kreatury. Jakby pojedyncze elementy dmuchawca pojawi\u0142y si\u0119 na Arenie. Czy one maj\u0105 znaczenie?<\/h3>\n\n\n\n<h3 class=\"wp-block-heading\">Wtem dostaje prosto w twarz kolcami. Upada na ziemi\u0119, a kurz z sektora powoli opada dooko\u0142a niego. Gdy wstaje, nie mo\u017ce nikogo zauwa\u017cy\u0107. Gdzie jego oprawczyni? Czy da\u0142a mu drug\u0105 szans\u0119?<\/h3>\n\n\n\n<h3 class=\"wp-block-heading\">Sygnet uspokoi\u0142 si\u0119 &#8211; zn\u00f3w jest granatowy. Dziewczyna oddycha z ulg\u0105. Nie znios\u0142aby tego po raz drugi. Nie mo\u017ce zrozumie\u0107 tego miejsca. Dlaczego nie ma \u017cadnych informacji o Xanie? To musia\u0142o by\u0107 gdzie\u015b tutaj by\u0107, pami\u0119ta to z notatek swojego ojca. Zauwa\u017ca p\u0142atki dmuchawca dooko\u0142a siebie. Chce dotkn\u0105\u0107 jeden, ale po male\u0144kim zetkni\u0119ciu z d\u0142oni\u0105 szybko j\u0105 zabiera. Czuje delikatnie kopni\u0119cie pr\u0105dem.<\/h3>\n\n\n\n<h3 class=\"wp-block-heading\">&#8211; Co to za dziwna kreatura? Ojciec o tym nie wspomina\u0142 w dzienniku&#8230;<\/h3>\n\n\n\n<h3 class=\"wp-block-heading\">Wtem s\u0142yszy przy prawym uchu \u015bwist miecza.&nbsp;<em>Cholera, znalaz\u0142 mnie.<\/em><\/h3>\n\n\n\n<h3 class=\"wp-block-heading\">&#8211; Ja te\u017c nie wiem. Niez\u0142ego z twojego ojca zi\u00f3\u0142ko, jak tu by\u0142. Mo\u017ce on odpowiada za ten ca\u0142y burdel, co?<\/h3>\n\n\n\n<h3 class=\"wp-block-heading\">&#8211; Milcz, g\u00f3wniarzu &#8211; odpowiada Melanie, zaciskaj\u0105c z\u0119by. Atakuje gar\u015bci\u0105 pn\u0105czy, kt\u00f3r\u0105 Loyyd perfekcyjnie tnie na p\u00f3\u0142.<\/h3>\n\n\n\n<h3 class=\"wp-block-heading\">&#8211; Mam racj\u0119. Do tego ma c\u00f3rk\u0119 wariatk\u0119.<\/h3>\n\n\n\n<h3 class=\"wp-block-heading\">Dziewczyna nie odpowiada, tylko rzuca kolejnymi atakami. Sten czuje dum\u0119 &#8211; chcia\u0142 j\u0105 sprowokowa\u0107. Nigdy tego nie robi, ale teraz musi jako\u015b j\u0105 pokona\u0107. Spogl\u0105da na ozdob\u0119 dziewczyny na lewej d\u0142oni. Musi to zniszczy\u0107. Bez niego nie b\u0119dzie sob\u0105. Ma tak\u0105 nadziej\u0119.<\/h3>\n\n\n\n<h3 class=\"wp-block-heading\">&#8211;&nbsp;<em>Nihil novi<sup>1<\/sup><\/em>, Loyyd.<\/h3>\n\n\n\n<h3 class=\"wp-block-heading\">&#8211;&nbsp;<em>Alea iacta est<\/em><sup>2<\/sup>, Melanie.<\/h3>\n\n\n\n<h3 class=\"wp-block-heading\">Dziewczyna atakuje jak leci swoj\u0105 broni\u0105, na przemian zmieniaj\u0105c tylko d\u0142o\u0144. Albo nie trafia, albo przeciwnik wszystko przecina. Robi pierwszy schodek &#8211; pr\u00f3buje zaatakowa\u0107 z g\u00f3ry. Zaczyna strzela\u0107 obydwoma d\u0142o\u0144mi naraz. Wytr\u0105ca jeden miecz z r\u0119ki.<\/h3>\n\n\n\n<h3 class=\"wp-block-heading\">Drugi schodek &#8211; Dunbar jest za jego plecami. Loyyd to przewiduje i rzuca drugi miecz, po czym p\u0119dzi po kolejny. Nagle znika.<\/h3>\n\n\n\n<h3 class=\"wp-block-heading\">&#8211; Co jest kur&#8230;<\/h3>\n\n\n\n<h3 class=\"wp-block-heading\">Wtem czuje miecz na swoich plecach i upada na ziemi\u0119. Kolejne dwadzie\u015bcia punkt\u00f3w, o ile nie trzydzie\u015bci. Pojawia si\u0119 przeciwnik.<\/h3>\n\n\n\n<h3 class=\"wp-block-heading\">&#8211; Nie uczyli ci\u0119, \u017ceby nie atakowa\u0107 zza plec\u00f3w?<\/h3>\n\n\n\n<h3 class=\"wp-block-heading\">&#8211;&nbsp;<em>Dura lex, sed lex<\/em>.<sup>3<\/sup><\/h3>\n\n\n\n<h3 class=\"wp-block-heading\">Nie mo\u017ce wsta\u0107. Upadek by\u0142 na tyle mocny, \u017ce nie wie, co mo\u017ce zrobi\u0107. Ch\u0142opiec do niej powoli podchodzi. Pr\u00f3buje si\u0119 podeprze\u0107 i przesun\u0105\u0107 kilka metr\u00f3w, ale on staje nog\u0105 na jej praw\u0105 d\u0142o\u0144. Patrzy jej g\u0142\u0119boko w oczy. Widzi w nich strach i wycie\u0144czenie. To ona zaliczy\u0142a dwa mocne spotkania z ziemi\u0105, nie on. Teraz mo\u017ce j\u0105 pokona\u0107.<\/h3>\n\n\n\n<h3 class=\"wp-block-heading\"><em>&#8211; Arrivederci, signorina.<\/em><\/h3>\n\n\n\n<h3 class=\"wp-block-heading\">Robi zamach mieczem na ni\u0105. Pr\u00f3buje os\u0142oni\u0107 si\u0119 lew\u0105 d\u0142oni\u0105. Zamyka oczy. Ju\u017c wie, \u017ce przegra\u0142a walk\u0119 przez w\u0142asn\u0105 g\u0142upot\u0119.<\/h3>\n\n\n\n<h3 class=\"wp-block-heading\">Nagle nast\u0119puje niewielki wybuch, kt\u00f3ry og\u0142usza Loyyda i odrzuca na kilka metr\u00f3w.<em>&nbsp;To niemo\u017cliwe.<\/em><\/h3>\n\n\n\n<h3 class=\"wp-block-heading\">Zaskoczona dziewczyna otwiera oczy. Dooko\u0142a siebie widzi bia\u0142\u0105 tarcz\u0119, wok\u00f3\u0142 kt\u00f3rej ta\u0144cz\u0105 k\u0142\u0119by czarnego dymu.<\/h3>\n\n\n\n<h3 class=\"wp-block-heading\">Prze\u017cy\u0142a. Dosta\u0142a drug\u0105 szans\u0119. Nie mo\u017ce jej zmarnowa\u0107.<\/h3>\n\n\n\n<h3 class=\"wp-block-heading\">Wstaje i skacze na pierwszy schodek. Dwa ataki, obydwa chybione.<\/h3>\n\n\n\n<h3 class=\"wp-block-heading\">Przeskakuje za przeciwnika, ko\u0142o Cyfrowego Morza. Trzy ataki, jeden obroniony, dwa o w\u0142os od trafienia.<\/h3>\n\n\n\n<h3 class=\"wp-block-heading\">Trzeci schodek, a szatynka znika z pola widzenia. Ch\u0142opiec nie wie, co si\u0119 sta\u0142o.<\/h3>\n\n\n\n<h3 class=\"wp-block-heading\">&#8211; Ona tam skoczy\u0142a? Wygra\u0142em?<\/h3>\n\n\n\n<h3 class=\"wp-block-heading\">Brak odpowiedzi.Chyba mu si\u0119 uda\u0142o. Ale co ma teraz zrobi\u0107? Dlaczego nikt si\u0119 nie odzywa?<\/h3>\n\n\n\n<h3 class=\"wp-block-heading\">Ko\u0142o Stena zn\u00f3w pojawiaj\u0105 si\u0119 dziwne p\u0142atki dmuchawca. Nie dotyka ich &#8211; przeczuwa, \u017ce to jest zmy\u0142ka. Zrzuca swoje miecze na ziemi\u0119 i pr\u00f3buje im si\u0119 przyjrze\u0107. Bia\u0142e, z dziwn\u0105 otoczk\u0105, pewnie niezwykle delikatne.<\/h3>\n\n\n\n<h3 class=\"wp-block-heading\">Nie zauwa\u017ca nawet, \u017ce wr\u00f3ci\u0142a jego przeciwniczka.<\/h3>\n\n\n\n<h3 class=\"wp-block-heading\">Melanie po cichu si\u0119 do niego zbli\u017ca.<\/h3>\n\n\n\n<h3 class=\"wp-block-heading\">Szykuje atak &#8211; pn\u0105cza z jednej i drugiej r\u0119ki. Jeszcze tylko kilka sekund.<\/h3>\n\n\n\n<h3 class=\"wp-block-heading\">Pi\u0119\u0107&#8230;<\/h3>\n\n\n\n<h3 class=\"wp-block-heading\">Cztery&#8230;<\/h3>\n\n\n\n<h3 class=\"wp-block-heading\">Trzy&#8230;<\/h3>\n\n\n\n<h3 class=\"wp-block-heading\">Dwa&#8230;<\/h3>\n\n\n\n<h3 class=\"wp-block-heading\">Jeden&#8230;<\/h3>\n\n\n\n<h3 class=\"wp-block-heading\">Ch\u0142opiec odwraca si\u0119, jednak jest ju\u017c za p\u00f3\u017ano. Dostaje fal\u0105 pn\u0105czy, kt\u00f3ra popycha go na dziwne dmuchawce. Czuje szczypanie po swoim stroju, po czym leci kilka metr\u00f3w do g\u00f3ry. Melanie doskakuje do niego i odwracaj\u0105c si\u0119, zadaje ostatnie dwa ataki. Koniec.<\/h3>\n\n\n\n<h3 class=\"wp-block-heading\">Loyyd upada na ziemi\u0119, powoli zmieniaj\u0105c si\u0119 w Cyfrowy Proch. Melanie nie patrzy na niego, tylko z gracj\u0105 wraca na lodowy grunt. Oddycha g\u0142\u0119boko z ulg\u0105, po czym m\u00f3wi:<\/h3>\n\n\n\n<h3 class=\"wp-block-heading\"><em>&#8211; Arrivederci.<\/em><\/h3>\n\n\n\n<h3 class=\"wp-block-heading\">Mija p\u00f3\u0142 godziny od walki. Zm\u0119czona dziewczyna idzie do karczmy napi\u0107 si\u0119 czego\u015b na odpr\u0119\u017cenie. Wie, \u017ce jest nieletnia, ale nie przeszkadza jej to. Zawsze dodawali do jej wieku co najmniej trzy cyfry wi\u0119cej.<\/h3>\n\n\n\n<h3 class=\"wp-block-heading\">&#8211; Co poda\u0107?<\/h3>\n\n\n\n<h3 class=\"wp-block-heading\">&#8211; Kamikaze z lodem.<\/h3>\n\n\n\n<h3 class=\"wp-block-heading\">&#8211; Poka\u017c dow\u00f3d &#8211; m\u00f3wi ch\u0142odnym tonem barman. Nie tego si\u0119 spodziewa\u0142a, id\u0105c do baru.<\/h3>\n\n\n\n<h3 class=\"wp-block-heading\">&#8211; Ona jest ze mn\u0105, r\u0119cz\u0119, \u017ce jest doros\u0142a. Nie wida\u0107 tego? Spogl\u0105da w lew\u0105 stron\u0119 i zauwa\u017ca wysokiego m\u0119\u017cczyzn\u0119. Chocia\u017c jeden jest od niej wy\u017cszy.<\/h3>\n\n\n\n<h3 class=\"wp-block-heading\">&#8211; Co dla ciebie?<\/h3>\n\n\n\n<h3 class=\"wp-block-heading\">&#8211; To samo. Na m\u00f3j koszt &#8211; po tych s\u0142owach u\u015bmiecha si\u0119 do dziewczyny. Odwzajemnia to. Barman odchodzi robi\u0107 zam\u00f3wienie.<\/h3>\n\n\n\n<h3 class=\"wp-block-heading\">&#8211; Widzia\u0142a\u015b t\u0119 walk\u0119 z dzisiaj? Dw\u00f3jka amator\u00f3w. Fartem wygra\u0142a dziewczyna.<\/h3>\n\n\n\n<h3 class=\"wp-block-heading\">&#8211; Masz racj\u0119.<\/h3>\n\n\n\n<h3 class=\"wp-block-heading\">&#8211; Nie tego si\u0119 spodziewa\u0142em si\u0119, zapisuj\u0105c tutaj.<\/h3>\n\n\n\n<h3 class=\"wp-block-heading\">&#8211; Walczy\u0142e\u015b ju\u017c?<\/h3>\n\n\n\n<h3 class=\"wp-block-heading\">&#8211; Jeszcze nie. Nied\u0142ugo b\u0119d\u0119 z jak\u0105\u015b dziewczynk\u0105.<\/h3>\n\n\n\n<h3 class=\"wp-block-heading\">Barman przynosi dwa drinki i stawia obok dw\u00f3jki rozmawiaj\u0105cym, mierz\u0105c wzrokiem dziewczyn\u0119. U\u015bmiecha si\u0119 zwyci\u0119sko. Drink za darmo po walce? Podw\u00f3jne zwyci\u0119stwo!<\/h3>\n\n\n\n<h3 class=\"wp-block-heading\">&#8211; Charles Soule.<\/h3>\n\n\n\n<h3 class=\"wp-block-heading\">&#8211; Melanie &#8211; odpowiada dziewczyna, podaj\u0105c d\u0142o\u0144, kt\u00f3r\u0105 m\u0119\u017cczyzna ca\u0142uje. Jaki nonszalancki, no prosz\u0119. Kultura jednak nie zanika.<\/h3>\n\n\n\n<h3 class=\"wp-block-heading\">&#8211; To ty walczy\u0142a\u015b? &#8211; pyta Charles.<\/h3>\n\n\n\n<h3 class=\"wp-block-heading\">&#8211; Nie. Zbie\u017cno\u015b\u0107 imion. To jest bardzo popularne imi\u0119 we Francji.<\/h3>\n\n\n\n<h3 class=\"wp-block-heading\">K\u0142amie jak leci, ale nieznajomy \u0142yka to. Chwali sam\u0105 siebie w duchu, \u017ce zafarbowa\u0142a i \u015bci\u0119\u0142a w\u0142osy.<\/h3>\n\n\n\n<h3 class=\"wp-block-heading\">&#8211; Masz racj\u0119. Twoje zdrowie, droga panno.<\/h3>\n\n\n\n<h3 class=\"wp-block-heading\">Stukaj\u0105 si\u0119 szklankami. Charles wypija ca\u0142o\u015b\u0107 jednym haustem i idzie dalej. Dunbar jeszcze przez chwil\u0119 wodzi za nim wzrokiem. Po chwili porusza brwiami z zaskoczenia. Musi po\u0107wiczy\u0107 celno\u015b\u0107. Ch\u0142opak mia\u0142 racj\u0119 &#8211; strzela\u0142a jak jaki\u015b amator. Gdyby nie dziwny wybuch z sygnetu, teraz by z pewno\u015bci\u0105 opija\u0142a z\u0142o\u015b\u0107 po przegranej i nie by\u0142oby tak mi\u0142o, jak przed chwil\u0105. Od jutra treningi. Obowi\u0105zkowo.<\/h3>\n\n\n\n<h3 class=\"wp-block-heading\">&#8211; Ale dzisiaj pe\u0142en luz &#8211; m\u00f3wi do samej siebie, po czym pije zdobytego przez przypadek drinka.<\/h3>\n\n\n\n<h3 class=\"wp-block-heading\">&#8212;&#8212;&#8212;&#8212;&#8212;&#8212;&#8212;&#8212;&#8212;&#8212;&#8212;&#8212;&#8212;&#8212;&#8212;&#8212;&#8212;&#8212;&#8212;&#8212;&#8212;&#8211;<\/h3>\n\n\n\n<h3 class=\"wp-block-heading\"><em>1 Nihil Novi -Nic nowegp<\/em><\/h3>\n\n\n\n<h3 class=\"wp-block-heading\"><em>2 Alea iacta Est &#8211; Ko\u015bci zosta\u0142y rzucone<\/em><\/h3>\n\n\n\n<h3 class=\"wp-block-heading\"><em>3 Dura lex, sed lex &#8211; Twarde prawo, ale prawo<\/em><\/h3>\n","protected":false},"excerpt":{"rendered":"<p>SEKTOR POLARNY W miejscu, gdzie legendy kr\u0105\u017c\u0105 o pojawieniu si\u0119 chocia\u017c jednej gwiazdy na niebie, a lodu jest wi\u0119cej, ni\u017c na ca\u0142ym \u015bwiecie, pojawia si\u0119 dw\u00f3jka nastolatk\u00f3w. W wie\u017cy przej\u015bcia l\u0105duje m\u0142oda dziewczyna. Zawsze by\u0142a kojarzona jako &#8220;ta wysoka&#8221;. Ma posrebrzane buty na obcasie si\u0119gaj\u0105ce za kolano. Ich prz\u00f3d ods\u0142ania zielona sp\u00f3dnica, kt\u00f3ra z przodu &hellip;<br \/><a href=\"https:\/\/kodlyoko.pl\/index.php\/artykuly\/tworczosc-niekonwencjonalna\/arena\/edycja-1\/walki\/edycja-1-cwiercfinaly\/cwiercfinal-3-1-melanie-dunbar-vs-loyyd-sten\/\" class=\"more-link pen_button pen_element_default pen_icon_arrow_double\">Read more<\/a><\/p>\n","protected":false},"author":7,"featured_media":0,"parent":2451,"menu_order":4,"comment_status":"open","ping_status":"closed","template":"","meta":{"footnotes":""},"categories":[20],"tags":[],"class_list":["post-1371","page","type-page","status-publish","hentry","category-artykuly-areny"],"_links":{"self":[{"href":"https:\/\/kodlyoko.pl\/index.php\/wp-json\/wp\/v2\/pages\/1371","targetHints":{"allow":["GET"]}}],"collection":[{"href":"https:\/\/kodlyoko.pl\/index.php\/wp-json\/wp\/v2\/pages"}],"about":[{"href":"https:\/\/kodlyoko.pl\/index.php\/wp-json\/wp\/v2\/types\/page"}],"author":[{"embeddable":true,"href":"https:\/\/kodlyoko.pl\/index.php\/wp-json\/wp\/v2\/users\/7"}],"replies":[{"embeddable":true,"href":"https:\/\/kodlyoko.pl\/index.php\/wp-json\/wp\/v2\/comments?post=1371"}],"version-history":[{"count":2,"href":"https:\/\/kodlyoko.pl\/index.php\/wp-json\/wp\/v2\/pages\/1371\/revisions"}],"predecessor-version":[{"id":2472,"href":"https:\/\/kodlyoko.pl\/index.php\/wp-json\/wp\/v2\/pages\/1371\/revisions\/2472"}],"up":[{"embeddable":true,"href":"https:\/\/kodlyoko.pl\/index.php\/wp-json\/wp\/v2\/pages\/2451"}],"wp:attachment":[{"href":"https:\/\/kodlyoko.pl\/index.php\/wp-json\/wp\/v2\/media?parent=1371"}],"wp:term":[{"taxonomy":"category","embeddable":true,"href":"https:\/\/kodlyoko.pl\/index.php\/wp-json\/wp\/v2\/categories?post=1371"},{"taxonomy":"post_tag","embeddable":true,"href":"https:\/\/kodlyoko.pl\/index.php\/wp-json\/wp\/v2\/tags?post=1371"}],"curies":[{"name":"wp","href":"https:\/\/api.w.org\/{rel}","templated":true}]}}