{"id":1359,"date":"2019-08-13T23:07:00","date_gmt":"2019-08-13T21:07:00","guid":{"rendered":"http:\/\/kodlyoko.pl\/?page_id=1359"},"modified":"2021-05-02T02:07:04","modified_gmt":"2021-05-02T00:07:04","slug":"tadeusz-rozan","status":"publish","type":"page","link":"https:\/\/kodlyoko.pl\/index.php\/artykuly\/tworczosc-niekonwencjonalna\/arena\/edycja-1\/uczestnicy\/tadeusz-rozan\/","title":{"rendered":"Tadeusz R\u00f3\u017can"},"content":{"rendered":"\n<p><strong>__ | TADEUSZ R\u00d3\u017bAN | __<\/strong><\/p>\n\n\n\n<p><strong>DANE PODSTAWOWE:<\/strong><\/p>\n\n\n\n<p><strong>Imi\u0119:<\/strong>&nbsp;Tadeusz<\/p>\n\n\n\n<p><strong>Nazwisko:<\/strong>&nbsp;R\u00f3\u017can<\/p>\n\n\n\n<p><strong>Pseudonim:<\/strong>&nbsp;&#8220;Bestia z Xan Guldur&#8221;<\/p>\n\n\n\n<p><strong>Wiek:<\/strong>&nbsp;17<\/p>\n\n\n\n<p><strong>Wzrost:<\/strong>&nbsp;??<\/p>\n\n\n\n<p><strong>Waga:<\/strong>&nbsp;Taka \u017ce chudy<\/p>\n\n\n\n<p><strong>Strona konfliktu:<\/strong>&nbsp;Xan Guldur<\/p>\n\n\n\n<p><strong>DANE &#8220;Z LYOKO&#8221;:<\/strong><\/p>\n\n\n\n<p><strong>Wygl\u0105d:<\/strong>&nbsp;Czterono\u017cna, umi\u0119\u015bniona czarna pantera z z\u0119bami niczym szpile, tak koszmarnymi jak te z horror\u00f3w. Nie posiada ogona. Z grzbietu i pyska opancerzona. Spod oczu ukazuj\u0105 si\u0119 bia\u0142e, l\u015bni\u0105ce \u015blepia.<\/p>\n\n\n\n<p><strong>Uzbrojenie:<\/strong>&nbsp;Twarde jak stal z\u0119by niczym szpile i szpony.<\/p>\n\n\n\n<p><strong>Moce:<\/strong>&nbsp;BRAK<\/p>\n\n\n\n<p><strong>Styl walki:<\/strong>&nbsp;Zawsze atakuje bezpo\u015brednio, nie posiada mo\u017cliwo\u015bci do wykonania atak\u00f3w dystansowych. Opiera si\u0119 na niemo\u017cliwej wr\u0119cz pr\u0119dko\u015bci, dopada swoj\u0105 ofiar\u0119 rozszarpuj\u0105c j\u0105 na kawa\u0142ki. Jest bardzo zwinny i silny. Mo\u017ce u\u017cy\u0107 szpon\u00f3w do walki, lecz woli za ich pomoc\u0105 wspina\u0107 si\u0119 po ska\u0142ach. Ze wzgl\u0119du na swoj\u0105 posta\u0107, nie mo\u017ce w\u0142ada\u0107 \u017cadn\u0105 broni\u0105. Nie poradzi sobie r\u00f3wnie\u017c z \u017cadnymi specjalnymi umiej\u0119tno\u015bciami defensywnymi lub ofensywnymi. Mo\u017ce zachodzi\u0107 w interakcj\u0119 z otoczeniem na zasadzie telekinezy (korzystanie z interfejsu, wciskanie guzik\u00f3w), ale jest to bardziej korzystanie z przedmiot\u00f3w na odleg\u0142o\u015b\u0107 p\u00f3\u0142 metra lub metr.<\/p>\n\n\n\n<p><strong>Ulubione strategie:<\/strong>&nbsp;Niespodziewany atak z ukrycia utrudniaj\u0105cy przeciwnikowi przedsi\u0119wzi\u0119cie skutecznej obrony. O ile spotka pozosta\u0142e bestie jego gatunku, przebywa chwil\u0119 z nimi pod p\u0142aszczykiem zwyk\u0142ego wroga NPC. Zmyla w ten spos\u00f3b oponent\u00f3w albo zapewniaj\u0105c sobie bezpiecze\u0144stwo (samotni gracze zdecydowanie wol\u0105 unika\u0107 walki), albo wprowadzaj\u0105c chaos w szeregach graczy przygotowanych na konkretne zachowanie pozosta\u0142ych panter.<\/p>\n\n\n\n<p><strong>Dodatkowe informacje:<\/strong><\/p>\n\n\n\n<p><strong>Minusy:<\/strong><\/p>\n\n\n\n<p>&#8211; Ze wzgl\u0119du na mobilno\u015b\u0107 brzuch jest ca\u0142kowicie odkryty. Sk\u00f3ra dalej jest twarda i &#8220;jako takie&#8221; ci\u0119cie na niewiele si\u0119 zda, ale te porz\u0105dniejsze powinno ju\u017c znacznie zabole\u0107 Tadeusza.<\/p>\n\n\n\n<p>&#8211; Jego jedyna odpowied\u017a na ataki dystansowe to albo chowanie si\u0119 za przeszkodami (i bawienie si\u0119 w partyzantk\u0119), albo galop na ca\u0142ego w kierunku swojego oponenta. Je\u017celi masz nie tak\u0105 z\u0142\u0105 giwer\u0119 i dobry cel: jest tw\u00f3j. Je\u017celi nie: zazwyczaj ko\u0144czysz rozerwany na strz\u0119py.<\/p>\n\n\n\n<p>&#8211; Nie u\u017cyje \u017cadnej specjalnej umiej\u0119tno\u015bci.<\/p>\n\n\n\n<p><strong>Plusy:<\/strong><\/p>\n\n\n\n<p>&#8211; Posiada tward\u0105 sk\u00f3r\u0119. Zwyk\u0142e ci\u0119cie go nie za\u0142atwi.<\/p>\n\n\n\n<p>&#8211; Z wierzchu okryty jest pancerzem. O ile nie masz naprawd\u0119 bardzo pot\u0119\u017cnej krzepy w \u0142apach to raczej s\u0142abym pomys\u0142em jest pr\u00f3bowa\u0107 si\u0119 przez niego przebi\u0107.<\/p>\n\n\n\n<p><strong>Dodatkowe informacje fabularne:<\/strong>&nbsp;Pocz\u0105tkowo Tadeusz nie przybiera\u0142 postaci bezwzgl\u0119dnego, czterono\u017cnego drapie\u017ccy. Biega\u0142 w zielonym ubranku, z jednym \u015bredniej wielko\u015bci mieczem i sztyletem. Spotkawszy si\u0119 z do\u015b\u0107 niemi\u0142ym towarzystwem postanowi\u0142 spr\u00f3bowa\u0107 \u017cycia jako Czerwony Gracz (Player Killer), pierwiej poluj\u0105c na wredne klany by potem przej\u015b\u0107 do bardziej powa\u017cnych zlece\u0144. W pewnym momencie swojej kariery, na jego drodze stan\u0119\u0142a jedna z najczarniejszych zmor wszystkich mo\u017cliwych graczy. Czarna Pantera. Przeciwnik piekielnie rzadki i potwornie niebezpieczny. Tadeusz zosta\u0142 zmasakrowany w kilka minut, trac\u0105c punkty do\u015bwiadczenia oraz wiele cennych rzeczy. Od tamtej pory zainteresowa\u0142 si\u0119 owym stworzeniem. Pocz\u0105\u0142 go szuka\u0107 przemierzaj\u0105c najr\u00f3\u017cniejsze mo\u017cliwe l\u0105dy, repliki, g\u0142\u0119biny cyfrowego morza. I znalaz\u0142. Potwora, oraz mroczn\u0105 fortec\u0119 Xan Guldur. Nikt nie wie co si\u0119 wydarzy\u0142o w tym opuszczonym bastionie. Forteca ta jest jedn\u0105 najwi\u0119kszych tajemnic gry. Stale zmienia swoje po\u0142o\u017cenie, nigdy w tym samym miejscu. Z jej odm\u0119t\u00f3w wype\u0142zaj\u0105 abominacje, do kt\u00f3rych zbli\u017cy\u0107 si\u0119 nie chce \u017caden normalny gracz. \u015amier\u0107 bowiem z ich udzia\u0142u jest powszechna, o ile masz to szcz\u0119\u015bcie by je spotka\u0107. A punkty do\u015bwiadczenia oraz przedmioty nie s\u0105 rzecz\u0105 \u0142atw\u0105 do odzyskania. Cokolwiek si\u0119 tam zdarzy\u0142o, bardzo niewiele os\u00f3b widzia\u0142o Tomasza w swojej zielonej tunice. Od tamtej pory zawsze widziano go, jako mroczn\u0105, czarn\u0105 panter\u0119. Besti\u0119 z Xan Guldur. Czarna Pantera to bardzo rzadki i wyj\u0105tkowo agresywny przeciwnik. Pod warunkiem \u017ce nie wyczu\u0142 swojego wroga da si\u0119 go jeszcze przy pomocy umiej\u0119tno\u015bci podej\u015b\u0107, ale je\u017celi zorientuje si\u0119 o sytuacji nim ty zareagujesz pierwszy: rzuci si\u0119 na ciebie bez najmniejszego opami\u0119tania. Czas reakcji tych bestii jest szybki, jego mo\u017cliwo\u015b\u0107 do unik\u00f3w dziesi\u0105tkuj\u0119 normalnych graczy.<\/p>\n","protected":false},"excerpt":{"rendered":"<p>__ | TADEUSZ R\u00d3\u017bAN | __ DANE PODSTAWOWE: Imi\u0119:&nbsp;Tadeusz Nazwisko:&nbsp;R\u00f3\u017can Pseudonim:&nbsp;&#8220;Bestia z Xan Guldur&#8221; Wiek:&nbsp;17 Wzrost:&nbsp;?? Waga:&nbsp;Taka \u017ce chudy Strona konfliktu:&nbsp;Xan Guldur DANE &#8220;Z LYOKO&#8221;: Wygl\u0105d:&nbsp;Czterono\u017cna, umi\u0119\u015bniona czarna pantera z z\u0119bami niczym szpile, tak koszmarnymi jak te z horror\u00f3w. Nie posiada ogona. Z grzbietu i pyska opancerzona. Spod oczu ukazuj\u0105 si\u0119 bia\u0142e, l\u015bni\u0105ce \u015blepia. Uzbrojenie:&nbsp;Twarde &hellip;<br \/><a href=\"https:\/\/kodlyoko.pl\/index.php\/artykuly\/tworczosc-niekonwencjonalna\/arena\/edycja-1\/uczestnicy\/tadeusz-rozan\/\" class=\"more-link pen_button pen_element_default pen_icon_arrow_double\">Read more<\/a><\/p>\n","protected":false},"author":7,"featured_media":0,"parent":1277,"menu_order":6,"comment_status":"open","ping_status":"closed","template":"","meta":{"footnotes":""},"categories":[20],"tags":[],"class_list":["post-1359","page","type-page","status-publish","hentry","category-artykuly-areny"],"_links":{"self":[{"href":"https:\/\/kodlyoko.pl\/index.php\/wp-json\/wp\/v2\/pages\/1359","targetHints":{"allow":["GET"]}}],"collection":[{"href":"https:\/\/kodlyoko.pl\/index.php\/wp-json\/wp\/v2\/pages"}],"about":[{"href":"https:\/\/kodlyoko.pl\/index.php\/wp-json\/wp\/v2\/types\/page"}],"author":[{"embeddable":true,"href":"https:\/\/kodlyoko.pl\/index.php\/wp-json\/wp\/v2\/users\/7"}],"replies":[{"embeddable":true,"href":"https:\/\/kodlyoko.pl\/index.php\/wp-json\/wp\/v2\/comments?post=1359"}],"version-history":[{"count":1,"href":"https:\/\/kodlyoko.pl\/index.php\/wp-json\/wp\/v2\/pages\/1359\/revisions"}],"predecessor-version":[{"id":1360,"href":"https:\/\/kodlyoko.pl\/index.php\/wp-json\/wp\/v2\/pages\/1359\/revisions\/1360"}],"up":[{"embeddable":true,"href":"https:\/\/kodlyoko.pl\/index.php\/wp-json\/wp\/v2\/pages\/1277"}],"wp:attachment":[{"href":"https:\/\/kodlyoko.pl\/index.php\/wp-json\/wp\/v2\/media?parent=1359"}],"wp:term":[{"taxonomy":"category","embeddable":true,"href":"https:\/\/kodlyoko.pl\/index.php\/wp-json\/wp\/v2\/categories?post=1359"},{"taxonomy":"post_tag","embeddable":true,"href":"https:\/\/kodlyoko.pl\/index.php\/wp-json\/wp\/v2\/tags?post=1359"}],"curies":[{"name":"wp","href":"https:\/\/api.w.org\/{rel}","templated":true}]}}