{"id":1351,"date":"2019-08-13T23:07:00","date_gmt":"2019-08-13T21:07:00","guid":{"rendered":"http:\/\/kodlyoko.pl\/?page_id=1351"},"modified":"2021-05-02T02:07:04","modified_gmt":"2021-05-02T00:07:04","slug":"klara-andrycz","status":"publish","type":"page","link":"https:\/\/kodlyoko.pl\/index.php\/artykuly\/tworczosc-niekonwencjonalna\/arena\/edycja-1\/uczestnicy\/klara-andrycz\/","title":{"rendered":"Klara Andrycz"},"content":{"rendered":"\n<p><strong>__ | KLARA ANDRYCZ | __<\/strong><\/p>\n\n\n\n<p><strong>DANE PODSTAWOWE:<\/strong><\/p>\n\n\n\n<p><strong>Imi\u0119:<\/strong>&nbsp;Klara<\/p>\n\n\n\n<p><strong>Nazwisko:<\/strong>&nbsp;Andrycz<\/p>\n\n\n\n<p><strong>Wiek:<\/strong>&nbsp;13 lat<\/p>\n\n\n\n<p><strong>Wzrost:<\/strong>&nbsp;1,65<\/p>\n\n\n\n<p><strong>Waga:<\/strong>&nbsp;50kg<\/p>\n\n\n\n<p><strong>Strona Konfliktu:<\/strong>&nbsp;Wojownik Lyoko<\/p>\n\n\n\n<p><strong>DANE &#8220;Z LYOKO&#8221;:<\/strong><\/p>\n\n\n\n<p><strong>Wygl\u0105d:<\/strong>&nbsp;Klara ma uszy jak elf, d\u0142ugie w\u0142osy ko\u0144c\u00f3wki (w\u0142os\u00f3w) ma w kolorze mi\u0119towym. Oczy ma koloru niebieskiego, na swoich uszach ma kolczyki koloru zielonego.<\/p>\n\n\n\n<p><strong>Uzbrojenie:<\/strong>&nbsp;Taka sama jak zbroja kirys tylko bez he\u0142mu i innych rzeczy rycerza. Klara posiada \u0142uk.<\/p>\n\n\n\n<p><strong>Moce:<\/strong>&nbsp;\u0141uk Klary moze wystrzeli\u0107 5 strza\u0142 ktore o\u015blepi\u0105 przeciwnika.<\/p>\n\n\n\n<p><strong>Styl Walki:<\/strong>&nbsp;mieszana.<\/p>\n\n\n\n<p><strong>Ulubione Strategie:<\/strong>&nbsp;Klara jest bardzo elastyczna co pozwala jej np. wzi\u0105\u0107 sw\u00f3j luk nogami itp.<\/p>\n\n\n\n<p><strong>Dodatkowe informacje:<\/strong>&nbsp;Klara ma klaustrofobie ale zna dwa jezyki rosyjski i niemiecki.<\/p>\n","protected":false},"excerpt":{"rendered":"<p>__ | KLARA ANDRYCZ | __ DANE PODSTAWOWE: Imi\u0119:&nbsp;Klara Nazwisko:&nbsp;Andrycz Wiek:&nbsp;13 lat Wzrost:&nbsp;1,65 Waga:&nbsp;50kg Strona Konfliktu:&nbsp;Wojownik Lyoko DANE &#8220;Z LYOKO&#8221;: Wygl\u0105d:&nbsp;Klara ma uszy jak elf, d\u0142ugie w\u0142osy ko\u0144c\u00f3wki (w\u0142os\u00f3w) ma w kolorze mi\u0119towym. Oczy ma koloru niebieskiego, na swoich uszach ma kolczyki koloru zielonego. Uzbrojenie:&nbsp;Taka sama jak zbroja kirys tylko bez he\u0142mu i innych rzeczy &hellip;<br \/><a href=\"https:\/\/kodlyoko.pl\/index.php\/artykuly\/tworczosc-niekonwencjonalna\/arena\/edycja-1\/uczestnicy\/klara-andrycz\/\" class=\"more-link pen_button pen_element_default pen_icon_arrow_double\">Read more<\/a><\/p>\n","protected":false},"author":7,"featured_media":0,"parent":1277,"menu_order":2,"comment_status":"open","ping_status":"closed","template":"","meta":{"footnotes":""},"categories":[20],"tags":[],"class_list":["post-1351","page","type-page","status-publish","hentry","category-artykuly-areny"],"_links":{"self":[{"href":"https:\/\/kodlyoko.pl\/index.php\/wp-json\/wp\/v2\/pages\/1351","targetHints":{"allow":["GET"]}}],"collection":[{"href":"https:\/\/kodlyoko.pl\/index.php\/wp-json\/wp\/v2\/pages"}],"about":[{"href":"https:\/\/kodlyoko.pl\/index.php\/wp-json\/wp\/v2\/types\/page"}],"author":[{"embeddable":true,"href":"https:\/\/kodlyoko.pl\/index.php\/wp-json\/wp\/v2\/users\/7"}],"replies":[{"embeddable":true,"href":"https:\/\/kodlyoko.pl\/index.php\/wp-json\/wp\/v2\/comments?post=1351"}],"version-history":[{"count":1,"href":"https:\/\/kodlyoko.pl\/index.php\/wp-json\/wp\/v2\/pages\/1351\/revisions"}],"predecessor-version":[{"id":1352,"href":"https:\/\/kodlyoko.pl\/index.php\/wp-json\/wp\/v2\/pages\/1351\/revisions\/1352"}],"up":[{"embeddable":true,"href":"https:\/\/kodlyoko.pl\/index.php\/wp-json\/wp\/v2\/pages\/1277"}],"wp:attachment":[{"href":"https:\/\/kodlyoko.pl\/index.php\/wp-json\/wp\/v2\/media?parent=1351"}],"wp:term":[{"taxonomy":"category","embeddable":true,"href":"https:\/\/kodlyoko.pl\/index.php\/wp-json\/wp\/v2\/categories?post=1351"},{"taxonomy":"post_tag","embeddable":true,"href":"https:\/\/kodlyoko.pl\/index.php\/wp-json\/wp\/v2\/tags?post=1351"}],"curies":[{"name":"wp","href":"https:\/\/api.w.org\/{rel}","templated":true}]}}

<p><strong>__ | KLARA ANDRYCZ | __</strong></p>



<p><strong>DANE PODSTAWOWE:</strong></p>



<p><strong>Imię:</strong>&nbsp;Klara</p>



<p><strong>Nazwisko:</strong>&nbsp;Andrycz</p>



<p><strong>Wiek:</strong>&nbsp;13 lat</p>



<p><strong>Wzrost:</strong>&nbsp;1,65</p>



<p><strong>Waga:</strong>&nbsp;50kg</p>



<p><strong>Strona Konfliktu:</strong>&nbsp;Wojownik Lyoko</p>



<p><strong>DANE &#8220;Z LYOKO&#8221;:</strong></p>



<p><strong>Wygląd:</strong>&nbsp;Klara ma uszy jak elf, długie włosy końcówki (włosów) ma w kolorze miętowym. Oczy ma koloru niebieskiego, na swoich uszach ma kolczyki koloru zielonego.</p>



<p><strong>Uzbrojenie:</strong>&nbsp;Taka sama jak zbroja kirys tylko bez hełmu i innych rzeczy rycerza. Klara posiada łuk.</p>



<p><strong>Moce:</strong>&nbsp;Łuk Klary moze wystrzelić 5 strzał ktore oślepią przeciwnika.</p>



<p><strong>Styl Walki:</strong>&nbsp;mieszana.</p>



<p><strong>Ulubione Strategie:</strong>&nbsp;Klara jest bardzo elastyczna co pozwala jej np. wziąć swój luk nogami itp.</p>



<p><strong>Dodatkowe informacje:</strong>&nbsp;Klara ma klaustrofobie ale zna dwa jezyki rosyjski i niemiecki.</p>

<p>__ | KLARA ANDRYCZ | __ DANE PODSTAWOWE: Imię:&nbsp;Klara Nazwisko:&nbsp;Andrycz Wiek:&nbsp;13 lat Wzrost:&nbsp;1,65 Waga:&nbsp;50kg Strona Konfliktu:&nbsp;Wojownik Lyoko DANE &#8220;Z LYOKO&#8221;: Wygląd:&nbsp;Klara ma uszy jak elf, długie włosy końcówki (włosów) ma w kolorze miętowym. Oczy ma koloru niebieskiego, na swoich uszach ma kolczyki koloru zielonego. Uzbrojenie:&nbsp;Taka sama jak zbroja kirys tylko bez hełmu i innych rzeczy &hellip;<br /><a href="https://kodlyoko.pl/index.php/artykuly/tworczosc-niekonwencjonalna/arena/edycja-1/uczestnicy/klara-andrycz/" class="more-link pen_button pen_element_default pen_icon_arrow_double">Read more</a></p>
